65.55.210.59 - - [10/Jun/2009:02:16:28 -0700] "GET /~t290/twllpicts/loonlake1/source/10.htm HTTP/1.1" 304 - /home/users/t/t290/public_html/twllpicts/loonlake1/source/10.htm "-" "msnbot/1.1 (+http://search.msn.com/msnbot.htm)" 0 web.hypersurf.com
66.249.68.34 - - [10/Jun/2009:09:31:49 -0700] "GET /~t290/twllpicts/loonlake1/source/24.htm HTTP/1.1" 200 664 /home/users/t/t290/public_html/twllpicts/loonlake1/source/24.htm "-" "Mozilla/5.0 (compatible; Googlebot/2.1; +http://www.google.com/bot.html)" 0 web.hypersurf.com
74.6.8.123 - - [10/Jun/2009:12:39:04 -0700] "GET /~t290/logs/Aug03.html HTTP/1.0" 200 12524 /home/users/t/t290/public_html/logs/Aug03.html "-" "Mozilla/5.0 (compatible; Yahoo! Slurp/3.0; http://help.yahoo.com/help/us/ysearch/slurp)" 0 web.hypersurf.com
74.6.8.123 - - [10/Jun/2009:13:28:52 -0700] "GET /~t290/twllpicts/island/source/22.htm HTTP/1.0" 200 594 /home/users/t/t290/public_html/twllpicts/island/source/22.htm "-" "Mozilla/5.0 (compatible; Yahoo! Slurp/3.0; http://help.yahoo.com/help/us/ysearch/slurp)" 0 web.hypersurf.com
74.6.8.123 - - [10/Jun/2009:13:49:12 -0700] "GET /~t290/twllpicts/loonlake1/source/19.htm HTTP/1.0" 200 646 /home/users/t/t290/public_html/twllpicts/loonlake1/source/19.htm "-" "Mozilla/5.0 (compatible; Yahoo! Slurp/3.0; http://help.yahoo.com/help/us/ysearch/slurp)" 0 web.hypersurf.com
65.55.230.226 - - [10/Jun/2009:16:14:13 -0700] "GET /~t290/twllpicts/island/source/19.htm HTTP/1.1" 200 663 /home/users/t/t290/public_html/twllpicts/island/source/19.htm "-" "msnbot-media/1.1 (+http://search.msn.com/msnbot.htm)" 0 web.hypersurf.com
65.55.231.112 - - [10/Jun/2009:18:51:03 -0700] "GET /~t290/twllpicts/island/image/main_camp3.jpg HTTP/1.1" 200 45035 /home/users/t/t290/public_html/twllpicts/island/image/main_camp3.jpg "-" "msnbot-media/1.1 (+http://search.msn.com/msnbot.htm)" 0 web.hypersurf.com
74.6.8.123 - - [10/Jun/2009:19:50:46 -0700] "GET /~t290/logs/Jun03.html HTTP/1.0" 200 19572 /home/users/t/t290/public_html/logs/Jun03.html "-" "Mozilla/5.0 (compatible; Yahoo! Slurp/3.0; http://help.yahoo.com/help/us/ysearch/slurp)" 0 web.hypersurf.com
74.6.8.123 - - [10/Jun/2009:20:24:22 -0700] "GET /~t290/logs/Jul02.html HTTP/1.0" 200 15431 /home/users/t/t290/public_html/logs/Jul02.html "-" "Mozilla/5.0 (compatible; Yahoo! Slurp/3.0; http://help.yahoo.com/help/us/ysearch/slurp)" 0 web.hypersurf.com
74.6.8.123 - - [10/Jun/2009:20:55:40 -0700] "GET /~t290/logs/Jul03.html HTTP/1.0" 200 16827 /home/users/t/t290/public_html/logs/Jul03.html "-" "Mozilla/5.0 (compatible; Yahoo! Slurp/3.0; http://help.yahoo.com/help/us/ysearch/slurp)" 0 web.hypersurf.com
66.249.68.116 - - [11/Jun/2009:00:03:30 -0700] "GET /~t290/twllpicts/island/source/8.htm HTTP/1.1" 200 672 /home/users/t/t290/public_html/twllpicts/island/source/8.htm "-" "Mozilla/5.0 (compatible; Googlebot/2.1; +http://www.google.com/bot.html)" 0 web.hypersurf.com
74.6.8.123 - - [11/Jun/2009:01:08:58 -0700] "GET /~t290/logs/?M=A HTTP/1.0" 200 12360 /home/users/t/t290/public_html/logs/ "-" "Mozilla/5.0 (compatible; Yahoo! Slurp/3.0; http://help.yahoo.com/help/us/ysearch/slurp)" 0 web.hypersurf.com
74.6.8.123 - - [11/Jun/2009:01:10:08 -0700] "GET /~t290/logs/?N=A HTTP/1.0" 200 12360 /home/users/t/t290/public_html/logs/ "-" "Mozilla/5.0 (compatible; Yahoo! Slurp/3.0; http://help.yahoo.com/help/us/ysearch/slurp)" 0 web.hypersurf.com
74.6.8.123 - - [11/Jun/2009:01:22:31 -0700] "GET /~t290/logs/Jan02.html HTTP/1.0" 200 16186 /home/users/t/t290/public_html/logs/Jan02.html "-" "Mozilla/5.0 (compatible; Yahoo! Slurp/3.0; http://help.yahoo.com/help/us/ysearch/slurp)" 0 web.hypersurf.com
66.249.68.34 - - [11/Jun/2009:01:35:34 -0700] "GET /~t290/twllpicts/island/source/8.htm HTTP/1.1" 200 672 /home/users/t/t290/public_html/twllpicts/island/source/8.htm "-" "Mozilla/5.0 (compatible; Googlebot/2.1; +http://www.google.com/bot.html)" 0 web.hypersurf.com
123.143.98.5 - - [11/Jun/2009:01:57:33 -0700] "GET /~t290/logs/access.log//PhpLinkExchange/bits_listings.php?svr_rootPhpStart=http://dmpacking.com/bbs/data/main/mawar.txt?? HTTP/1.1" 404 336 /home/users/t/t290/public_html/logs/access.log "-" "Mozilla/5.0" 0 web.hypersurf.com
123.143.98.5 - - [11/Jun/2009:01:57:33 -0700] "GET /~t290/logs//PhpLinkExchange/bits_listings.php?svr_rootPhpStart=http://dmpacking.com/bbs/data/main/mawar.txt?? HTTP/1.1" 404 325 /home/users/t/t290/public_html/logs//PhpLinkExchange "-" "Mozilla/5.0" 0 web.hypersurf.com
123.143.98.5 - - [11/Jun/2009:01:57:33 -0700] "GET /~t290//PhpLinkExchange/bits_listings.php?svr_rootPhpStart=http://dmpacking.com/bbs/data/main/mawar.txt?? HTTP/1.1" 404 320 /home/users/t/t290/public_html/PhpLinkExchange "-" "Mozilla/5.0" 0 web.hypersurf.com
123.143.98.5 - - [11/Jun/2009:01:57:39 -0700] "GET /~t290//PhpLinkExchange/bits_listings.php?svr_rootPhpStart=http://dmpacking.com/bbs/data/main/mawar.txt?? HTTP/1.1" 404 320 /home/users/t/t290/public_html/PhpLinkExchange "-" "Mozilla/5.0" 0 web.hypersurf.com
123.143.98.5 - - [11/Jun/2009:01:57:39 -0700] "GET /~t290/logs//PhpLinkExchange/bits_listings.php?svr_rootPhpStart=http://dmpacking.com/bbs/data/main/mawar.txt?? HTTP/1.1" 404 325 /home/users/t/t290/public_html/logs//PhpLinkExchange "-" "Mozilla/5.0" 0 web.hypersurf.com
123.143.98.5 - - [11/Jun/2009:01:57:39 -0700] "GET /~t290/logs/access.log//PhpLinkExchange/bits_listings.php?svr_rootPhpStart=http://dmpacking.com/bbs/data/main/mawar.txt?? HTTP/1.1" 404 336 /home/users/t/t290/public_html/logs/access.log "-" "Mozilla/5.0" 0 web.hypersurf.com
123.143.98.5 - - [11/Jun/2009:01:59:12 -0700] "GET /~t290/logs/access.log%20%20//PhpLinkExchange/bits_listings.php?svr_rootPhpStart=http://dmpacking.com/bbs/data/main/mawar.txt?? HTTP/1.1" 404 338 /home/users/t/t290/public_html/logs/access.log "-" "Mozilla/5.0" 0 web.hypersurf.com
123.143.98.5 - - [11/Jun/2009:01:59:16 -0700] "GET /~t290/logs/access.log%20%20//PhpLinkExchange/bits_listings.php?svr_rootPhpStart=http://dmpacking.com/bbs/data/main/mawar.txt?? HTTP/1.1" 404 338 /home/users/t/t290/public_html/logs/access.log "-" "Mozilla/5.0" 0 web.hypersurf.com
74.6.8.123 - - [11/Jun/2009:02:27:03 -0700] "GET /~t290/logs/Jul03.html HTTP/1.0" 304 - /home/users/t/t290/public_html/logs/Jul03.html "-" "Mozilla/5.0 (compatible; Yahoo! Slurp/3.0; http://help.yahoo.com/help/us/ysearch/slurp)" 0 web.hypersurf.com
66.249.68.34 - - [11/Jun/2009:02:31:35 -0700] "GET /~t290/twllpicts/island/source/2.htm HTTP/1.1" 200 651 /home/users/t/t290/public_html/twllpicts/island/source/2.htm "-" "Mozilla/5.0 (compatible; Googlebot/2.1; +http://www.google.com/bot.html)" 0 web.hypersurf.com
66.249.68.116 - - [11/Jun/2009:03:16:01 -0700] "GET /~t290/twllpicts/island/index.htm HTTP/1.1" 200 5109 /home/users/t/t290/public_html/twllpicts/island/index.htm "-" "Mozilla/5.0 (compatible; Googlebot/2.1; +http://www.google.com/bot.html)" 0 web.hypersurf.com
74.6.8.123 - - [11/Jun/2009:03:19:04 -0700] "GET /~t290/logs/Mar03.html HTTP/1.0" 200 14116 /home/users/t/t290/public_html/logs/Mar03.html "-" "Mozilla/5.0 (compatible; Yahoo! Slurp/3.0; http://help.yahoo.com/help/us/ysearch/slurp)" 0 web.hypersurf.com
66.249.68.34 - - [11/Jun/2009:05:07:41 -0700] "GET /~t290/twllpicts/loonlake1/source/15.htm HTTP/1.1" 200 643 /home/users/t/t290/public_html/twllpicts/loonlake1/source/15.htm "-" "Mozilla/5.0 (compatible; Googlebot/2.1; +http://www.google.com/bot.html)" 0 web.hypersurf.com
66.249.68.34 - - [11/Jun/2009:05:11:41 -0700] "GET /~t290/twllpicts/loonlake1/source/14.htm HTTP/1.1" 200 646 /home/users/t/t290/public_html/twllpicts/loonlake1/source/14.htm "-" "Mozilla/5.0 (compatible; Googlebot/2.1; +http://www.google.com/bot.html)" 0 web.hypersurf.com
74.6.8.123 - - [11/Jun/2009:05:26:56 -0700] "GET /~t290/logs/access.log HTTP/1.0" 200 157365 /home/users/t/t290/public_html/logs/access.log "-" "Mozilla/5.0 (compatible; Yahoo! Slurp/3.0; http://help.yahoo.com/help/us/ysearch/slurp)" 1 web.hypersurf.com
66.249.68.116 - - [11/Jun/2009:05:40:08 -0700] "GET /~t290/twllpicts/island/source/14.htm HTTP/1.1" 200 681 /home/users/t/t290/public_html/twllpicts/island/source/14.htm "-" "Mozilla/5.0 (compatible; Googlebot/2.1; +http://www.google.com/bot.html)" 0 web.hypersurf.com
74.6.8.123 - - [11/Jun/2009:05:41:01 -0700] "GET /~t290/logs/Jan02.html HTTP/1.0" 304 - /home/users/t/t290/public_html/logs/Jan02.html "-" "Mozilla/5.0 (compatible; Yahoo! Slurp/3.0; http://help.yahoo.com/help/us/ysearch/slurp)" 0 web.hypersurf.com
66.249.68.116 - - [11/Jun/2009:05:57:06 -0700] "GET /~t290/twllpicts/island/source/5.htm HTTP/1.1" 200 645 /home/users/t/t290/public_html/twllpicts/island/source/5.htm "-" "Mozilla/5.0 (compatible; Googlebot/2.1; +http://www.google.com/bot.html)" 0 web.hypersurf.com
66.249.68.116 - - [11/Jun/2009:06:10:41 -0700] "GET /~t290/twllpicts/island/source/15.htm HTTP/1.1" 200 645 /home/users/t/t290/public_html/twllpicts/island/source/15.htm "-" "Mozilla/5.0 (compatible; Googlebot/2.1; +http://www.google.com/bot.html)" 0 web.hypersurf.com
66.249.68.116 - - [11/Jun/2009:06:10:41 -0700] "GET /~t290/twllpicts/island/source/16.htm HTTP/1.1" 200 648 /home/users/t/t290/public_html/twllpicts/island/source/16.htm "-" "Mozilla/5.0 (compatible; Googlebot/2.1; +http://www.google.com/bot.html)" 0 web.hypersurf.com
66.249.68.34 - - [11/Jun/2009:06:11:44 -0700] "GET /~t290/twllpicts/loonlake2/source/15.htm HTTP/1.1" 200 604 /home/users/t/t290/public_html/twllpicts/loonlake2/source/15.htm "-" "Mozilla/5.0 (compatible; Googlebot/2.1; +http://www.google.com/bot.html)" 0 web.hypersurf.com
66.249.68.116 - - [11/Jun/2009:06:15:50 -0700] "GET /~t290/twllpicts/island/source/18.htm HTTP/1.1" 200 663 /home/users/t/t290/public_html/twllpicts/island/source/18.htm "-" "Mozilla/5.0 (compatible; Googlebot/2.1; +http://www.google.com/bot.html)" 0 web.hypersurf.com
66.249.68.34 - - [11/Jun/2009:06:39:45 -0700] "GET /~t290/twllpicts/loonlake2/source/12.htm HTTP/1.1" 200 655 /home/users/t/t290/public_html/twllpicts/loonlake2/source/12.htm "-" "Mozilla/5.0 (compatible; Googlebot/2.1; +http://www.google.com/bot.html)" 0 web.hypersurf.com
66.249.68.116 - - [11/Jun/2009:06:39:49 -0700] "GET /~t290/twllpicts/island/source/10.htm HTTP/1.1" 200 668 /home/users/t/t290/public_html/twllpicts/island/source/10.htm "-" "Mozilla/5.0 (compatible; Googlebot/2.1; +http://www.google.com/bot.html)" 0 web.hypersurf.com
66.249.68.34 - - [11/Jun/2009:08:43:51 -0700] "GET /~t290/twllpicts/loonlake1/source/17.htm HTTP/1.1" 200 652 /home/users/t/t290/public_html/twllpicts/loonlake1/source/17.htm "-" "Mozilla/5.0 (compatible; Googlebot/2.1; +http://www.google.com/bot.html)" 0 web.hypersurf.com
74.6.8.123 - - [11/Jun/2009:08:59:08 -0700] "GET /~t290/logs/ HTTP/1.0" 200 12360 /home/users/t/t290/public_html/logs/ "-" "Mozilla/5.0 (compatible; Yahoo! Slurp/3.0; http://help.yahoo.com/help/us/ysearch/slurp)" 0 web.hypersurf.com
66.249.68.34 - - [11/Jun/2009:09:11:52 -0700] "GET /~t290/twllpicts/loonlake1/source/10.htm HTTP/1.1" 200 654 /home/users/t/t290/public_html/twllpicts/loonlake1/source/10.htm "-" "Mozilla/5.0 (compatible; Googlebot/2.1; +http://www.google.com/bot.html)" 0 web.hypersurf.com
66.249.68.34 - - [11/Jun/2009:09:31:52 -0700] "GET /~t290/twllpicts/island/source/18.htm HTTP/1.1" 200 663 /home/users/t/t290/public_html/twllpicts/island/source/18.htm "-" "Mozilla/5.0 (compatible; Googlebot/2.1; +http://www.google.com/bot.html)" 0 web.hypersurf.com
66.249.68.34 - - [11/Jun/2009:09:47:53 -0700] "GET /~t290/twllpicts/loonlake1/source/13.htm HTTP/1.1" 200 646 /home/users/t/t290/public_html/twllpicts/loonlake1/source/13.htm "-" "Mozilla/5.0 (compatible; Googlebot/2.1; +http://www.google.com/bot.html)" 0 web.hypersurf.com
74.6.22.152 - - [11/Jun/2009:10:17:26 -0700] "GET /~t290/logs/ HTTP/1.0" 200 12360 /home/users/t/t290/public_html/logs/ "-" "Mozilla/5.0 (compatible; Yahoo! Slurp/3.0; http://help.yahoo.com/help/us/ysearch/slurp)" 0 web.hypersurf.com
66.249.68.34 - - [11/Jun/2009:11:48:35 -0700] "GET /~t290/twllpicts/loonlake1/source/13.htm HTTP/1.1" 200 646 /home/users/t/t290/public_html/twllpicts/loonlake1/source/13.htm "-" "Mozilla/5.0 (compatible; Googlebot/2.1; +http://www.google.com/bot.html)" 0 web.hypersurf.com
65.55.210.47 - - [11/Jun/2009:12:30:38 -0700] "GET /~t290/twllpicts/loonlake1/source/2.htm HTTP/1.1" 304 - /home/users/t/t290/public_html/twllpicts/loonlake1/source/2.htm "-" "msnbot/1.1 (+http://search.msn.com/msnbot.htm)" 0 web.hypersurf.com
74.6.8.123 - - [11/Jun/2009:12:36:07 -0700] "GET /~t290/logs/May03.html HTTP/1.0" 200 9947 /home/users/t/t290/public_html/logs/May03.html "-" "Mozilla/5.0 (compatible; Yahoo! Slurp/3.0; http://help.yahoo.com/help/us/ysearch/slurp)" 0 web.hypersurf.com
65.55.230.227 - - [11/Jun/2009:13:14:06 -0700] "GET /~t290/twllpicts/island/source/18.htm HTTP/1.1" 200 663 /home/users/t/t290/public_html/twllpicts/island/source/18.htm "-" "msnbot-media/1.1 (+http://search.msn.com/msnbot.htm)" 0 web.hypersurf.com
65.55.230.227 - - [11/Jun/2009:14:42:22 -0700] "GET /~t290/twllpicts/island/index.htm HTTP/1.1" 200 5109 /home/users/t/t290/public_html/twllpicts/island/index.htm "-" "msnbot-media/1.1 (+http://search.msn.com/msnbot.htm)" 0 web.hypersurf.com
74.6.8.123 - - [11/Jun/2009:16:06:44 -0700] "GET /~t290/logs/Jun02.html HTTP/1.0" 200 8761 /home/users/t/t290/public_html/logs/Jun02.html "-" "Mozilla/5.0 (compatible; Yahoo! Slurp/3.0; http://help.yahoo.com/help/us/ysearch/slurp)" 0 web.hypersurf.com
66.249.68.34 - - [11/Jun/2009:18:02:42 -0700] "GET /~t290/twllpicts/loonlake1/source/7.htm HTTP/1.1" 200 640 /home/users/t/t290/public_html/twllpicts/loonlake1/source/7.htm "-" "Mozilla/5.0 (compatible; Googlebot/2.1; +http://www.google.com/bot.html)" 0 web.hypersurf.com
74.6.8.123 - - [11/Jun/2009:18:54:42 -0700] "GET /~t290/?M=A HTTP/1.0" 200 885 /home/users/t/t290/public_html/ "-" "Mozilla/5.0 (compatible; Yahoo! Slurp/3.0; http://help.yahoo.com/help/us/ysearch/slurp)" 0 web.hypersurf.com
65.55.210.48 - - [11/Jun/2009:19:22:28 -0700] "GET /~t290/twllpicts/island/source/11.htm HTTP/1.1" 304 - /home/users/t/t290/public_html/twllpicts/island/source/11.htm "-" "msnbot/1.1 (+http://search.msn.com/msnbot.htm)" 0 web.hypersurf.com
74.6.8.123 - - [11/Jun/2009:19:34:21 -0700] "GET /~t290/?M=D HTTP/1.0" 200 885 /home/users/t/t290/public_html/ "-" "Mozilla/5.0 (compatible; Yahoo! Slurp/3.0; http://help.yahoo.com/help/us/ysearch/slurp)" 0 web.hypersurf.com
74.6.8.123 - - [11/Jun/2009:20:47:39 -0700] "GET /~t290/logs/Mar02.html HTTP/1.0" 200 9008 /home/users/t/t290/public_html/logs/Mar02.html "-" "Mozilla/5.0 (compatible; Yahoo! Slurp/3.0; http://help.yahoo.com/help/us/ysearch/slurp)" 0 web.hypersurf.com
65.55.210.58 - - [11/Jun/2009:20:52:49 -0700] "GET /~t290/twllpicts/island/source/10.htm HTTP/1.1" 304 - /home/users/t/t290/public_html/twllpicts/island/source/10.htm "-" "msnbot/1.1 (+http://search.msn.com/msnbot.htm)" 0 web.hypersurf.com
99.13.229.46 - - [11/Jun/2009:22:56:42 -0700] "GET /~t290/twllpicts/ HTTP/1.1" 200 1046 /home/users/t/t290/public_html/twllpicts/index.htm "http://www.troop290.org/links.aspx" "Mozilla/5.0 (Macintosh; U; PPC Mac OS X 10_4_11; en) AppleWebKit/525.27.1 (KHTML, like Gecko) Version/3.2.1 Safari/525.27.1" 0 web.hypersurf.com
99.13.229.46 - - [11/Jun/2009:22:56:42 -0700] "GET /~t290/twllpicts/loonlake1/preview/waterfront.jpg HTTP/1.1" 200 6824 /home/users/t/t290/public_html/twllpicts/loonlake1/preview/waterfront.jpg "http://www.hypersurf.com/~t290/twllpicts/" "Mozilla/5.0 (Macintosh; U; PPC Mac OS X 10_4_11; en) AppleWebKit/525.27.1 (KHTML, like Gecko) Version/3.2.1 Safari/525.27.1" 0 web.hypersurf.com
99.13.229.46 - - [11/Jun/2009:22:56:42 -0700] "GET /~t290/twllpicts/island/preview/swimmming.jpg HTTP/1.1" 200 7487 /home/users/t/t290/public_html/twllpicts/island/preview/swimmming.jpg "http://www.hypersurf.com/~t290/twllpicts/" "Mozilla/5.0 (Macintosh; U; PPC Mac OS X 10_4_11; en) AppleWebKit/525.27.1 (KHTML, like Gecko) Version/3.2.1 Safari/525.27.1" 0 web.hypersurf.com
99.13.229.46 - - [11/Jun/2009:22:56:42 -0700] "GET /~t290/twllpicts/loonlake2/preview/assembly2.jpg HTTP/1.1" 200 9385 /home/users/t/t290/public_html/twllpicts/loonlake2/preview/assembly2.jpg "http://www.hypersurf.com/~t290/twllpicts/" "Mozilla/5.0 (Macintosh; U; PPC Mac OS X 10_4_11; en) AppleWebKit/525.27.1 (KHTML, like Gecko) Version/3.2.1 Safari/525.27.1" 0 web.hypersurf.com
99.13.229.46 - - [11/Jun/2009:22:56:45 -0700] "GET /~t290/twllpicts/loonlake1/ HTTP/1.1" 200 5600 /home/users/t/t290/public_html/twllpicts/loonlake1/index.htm "http://www.hypersurf.com/~t290/twllpicts/" "Mozilla/5.0 (Macintosh; U; PPC Mac OS X 10_4_11; en) AppleWebKit/525.27.1 (KHTML, like Gecko) Version/3.2.1 Safari/525.27.1" 0 web.hypersurf.com
99.13.229.46 - - [11/Jun/2009:22:56:45 -0700] "GET /~t290/twllpicts/loonlake1/preview/arrival.jpg HTTP/1.1" 200 7586 /home/users/t/t290/public_html/twllpicts/loonlake1/preview/arrival.jpg "http://www.hypersurf.com/~t290/twllpicts/loonlake1/" "Mozilla/5.0 (Macintosh; U; PPC Mac OS X 10_4_11; en) AppleWebKit/525.27.1 (KHTML, like Gecko) Version/3.2.1 Safari/525.27.1" 0 web.hypersurf.com
99.13.229.46 - - [11/Jun/2009:22:56:45 -0700] "GET /~t290/twllpicts/loonlake1/preview/view1.jpg HTTP/1.1" 200 6470 /home/users/t/t290/public_html/twllpicts/loonlake1/preview/view1.jpg "http://www.hypersurf.com/~t290/twllpicts/loonlake1/" "Mozilla/5.0 (Macintosh; U; PPC Mac OS X 10_4_11; en) AppleWebKit/525.27.1 (KHTML, like Gecko) Version/3.2.1 Safari/525.27.1" 0 web.hypersurf.com
99.13.229.46 - - [11/Jun/2009:22:56:45 -0700] "GET /~t290/twllpicts/loonlake1/preview/tents1.jpg HTTP/1.1" 200 7317 /home/users/t/t290/public_html/twllpicts/loonlake1/preview/tents1.jpg "http://www.hypersurf.com/~t290/twllpicts/loonlake1/" "Mozilla/5.0 (Macintosh; U; PPC Mac OS X 10_4_11; en) AppleWebKit/525.27.1 (KHTML, like Gecko) Version/3.2.1 Safari/525.27.1" 0 web.hypersurf.com
99.13.229.46 - - [11/Jun/2009:22:56:46 -0700] "GET /~t290/twllpicts/loonlake1/preview/view2.jpg HTTP/1.1" 200 7103 /home/users/t/t290/public_html/twllpicts/loonlake1/preview/view2.jpg "http://www.hypersurf.com/~t290/twllpicts/loonlake1/" "Mozilla/5.0 (Macintosh; U; PPC Mac OS X 10_4_11; en) AppleWebKit/525.27.1 (KHTML, like Gecko) Version/3.2.1 Safari/525.27.1" 1 web.hypersurf.com /home/users/s/shv/public_html/images/subpagenav/3_on.gif67
99.13.229.46 - - [11/Jun/2009:22:56:46 -0700] "GET /~t290/twllpicts/loonlake1/preview/cards1.jpg HTTP/1.1" 200 9150 /home/users/t/t290/public_html/twllpicts/loonlake1/preview/cards1.jpg "http://www.hypersurf.com/~t290/twllpicts/loonlake1/" "Mozilla/5.0 (Macintosh; U; PPC Mac OS X 10_4_11; en) AppleWebKit/525.27.1 (KHTML, like Gecko) Version/3.2.1 Safari/525.27.1" 0 web.hypersurf.com
99.13.229.46 - - [11/Jun/2009:22:56:46 -0700] "GET /~t290/twllpicts/loonlake1/preview/view3.jpg HTTP/1.1" 200 8751 /home/users/t/t290/public_html/twllpicts/loonlake1/preview/view3.jpg "http://www.hypersurf.com/~t290/twllpicts/loonlake1/" "Mozilla/5.0 (Macintosh; U; PPC Mac OS X 10_4_11; en) AppleWebKit/525.27.1 (KHTML, like Gecko) Version/3.2.1 Safari/525.27.1" 0 web.hypersurf.com
99.13.229.46 - - [11/Jun/2009:22:56:46 -0700] "GET /~t290/twllpicts/loonlake1/preview/cards2.jpg HTTP/1.1" 200 9155 /home/users/t/t290/public_html/twllpicts/loonlake1/preview/cards2.jpg "http://www.hypersurf.com/~t290/twllpicts/loonlake1/" "Mozilla/5.0 (Macintosh; U; PPC Mac OS X 10_4_11; en) AppleWebKit/525.27.1 (KHTML, like Gecko) Version/3.2.1 Safari/525.27.1" 0 web.hypersurf.com
99.13.229.46 - - [11/Jun/2009:22:56:46 -0700] "GET /~t290/twllpicts/loonlake1/preview/swamped2.jpg HTTP/1.1" 200 6459 /home/users/t/t290/public_html/twllpicts/loonlake1/preview/swamped2.jpg "http://www.hypersurf.com/~t290/twllpicts/loonlake1/" "Mozilla/5.0 (Macintosh; U; PPC Mac OS X 10_4_11; en) AppleWebKit/525.27.1 (KHTML, like Gecko) Version/3.2.1 Safari/525.27.1" 0 web.hypersurf.com
99.13.229.46 - - [11/Jun/2009:22:56:46 -0700] "GET /~t290/twllpicts/loonlake1/preview/swamped1.jpg HTTP/1.1" 200 5319 /home/users/t/t290/public_html/twllpicts/loonlake1/preview/swamped1.jpg "http://www.hypersurf.com/~t290/twllpicts/loonlake1/" "Mozilla/5.0 (Macintosh; U; PPC Mac OS X 10_4_11; en) AppleWebKit/525.27.1 (KHTML, like Gecko) Version/3.2.1 Safari/525.27.1" 0 web.hypersurf.com
99.13.229.46 - - [11/Jun/2009:22:56:46 -0700] "GET /~t290/twllpicts/loonlake1/preview/unswamped.jpg HTTP/1.1" 200 7171 /home/users/t/t290/public_html/twllpicts/loonlake1/preview/unswamped.jpg "http://www.hypersurf.com/~t290/twllpicts/loonlake1/" "Mozilla/5.0 (Macintosh; U; PPC Mac OS X 10_4_11; en) AppleWebKit/525.27.1 (KHTML, like Gecko) Version/3.2.1 Safari/525.27.1" 0 web.hypersurf.com
99.13.229.46 - - [11/Jun/2009:22:56:46 -0700] "GET /~t290/twllpicts/loonlake1/preview/swamped3.jpg HTTP/1.1" 200 6856 /home/users/t/t290/public_html/twllpicts/loonlake1/preview/swamped3.jpg "http://www.hypersurf.com/~t290/twllpicts/loonlake1/" "Mozilla/5.0 (Macintosh; U; PPC Mac OS X 10_4_11; en) AppleWebKit/525.27.1 (KHTML, like Gecko) Version/3.2.1 Safari/525.27.1" 0 web.hypersurf.com
99.13.229.46 - - [11/Jun/2009:22:56:46 -0700] "GET /~t290/twllpicts/loonlake1/preview/cards4.jpg HTTP/1.1" 200 8960 /home/users/t/t290/public_html/twllpicts/loonlake1/preview/cards4.jpg "http://www.hypersurf.com/~t290/twllpicts/loonlake1/" "Mozilla/5.0 (Macintosh; U; PPC Mac OS X 10_4_11; en) AppleWebKit/525.27.1 (KHTML, like Gecko) Version/3.2.1 Safari/525.27.1" 0 web.hypersurf.com
99.13.229.46 - - [11/Jun/2009:22:56:46 -0700] "GET /~t290/twllpicts/loonlake1/preview/cards3.jpg HTTP/1.1" 200 8504 /home/users/t/t290/public_html/twllpicts/loonlake1/preview/cards3.jpg "http://www.hypersurf.com/~t290/twllpicts/loonlake1/" "Mozilla/5.0 (Macintosh; U; PPC Mac OS X 10_4_11; en) AppleWebKit/525.27.1 (KHTML, like Gecko) Version/3.2.1 Safari/525.27.1" 0 web.hypersurf.com
99.13.229.46 - - [11/Jun/2009:22:56:46 -0700] "GET /~t290/twllpicts/loonlake1/preview/camp1.jpg HTTP/1.1" 200 9087 /home/users/t/t290/public_html/twllpicts/loonlake1/preview/camp1.jpg "http://www.hypersurf.com/~t290/twllpicts/loonlake1/" "Mozilla/5.0 (Macintosh; U; PPC Mac OS X 10_4_11; en) AppleWebKit/525.27.1 (KHTML, like Gecko) Version/3.2.1 Safari/525.27.1" 0 web.hypersurf.com
99.13.229.46 - - [11/Jun/2009:22:56:46 -0700] "GET /~t290/twllpicts/loonlake1/preview/prep_time.jpg HTTP/1.1" 200 9754 /home/users/t/t290/public_html/twllpicts/loonlake1/preview/prep_time.jpg "http://www.hypersurf.com/~t290/twllpicts/loonlake1/" "Mozilla/5.0 (Macintosh; U; PPC Mac OS X 10_4_11; en) AppleWebKit/525.27.1 (KHTML, like Gecko) Version/3.2.1 Safari/525.27.1" 0 web.hypersurf.com
99.13.229.46 - - [11/Jun/2009:22:56:46 -0700] "GET /~t290/twllpicts/loonlake1/preview/kitchen.jpg HTTP/1.1" 200 10178 /home/users/t/t290/public_html/twllpicts/loonlake1/preview/kitchen.jpg "http://www.hypersurf.com/~t290/twllpicts/loonlake1/" "Mozilla/5.0 (Macintosh; U; PPC Mac OS X 10_4_11; en) AppleWebKit/525.27.1 (KHTML, like Gecko) Version/3.2.1 Safari/525.27.1" 0 web.hypersurf.com
99.13.229.46 - - [11/Jun/2009:22:56:46 -0700] "GET /~t290/twllpicts/loonlake1/preview/cards5.jpg HTTP/1.1" 200 9750 /home/users/t/t290/public_html/twllpicts/loonlake1/preview/cards5.jpg "http://www.hypersurf.com/~t290/twllpicts/loonlake1/" "Mozilla/5.0 (Macintosh; U; PPC Mac OS X 10_4_11; en) AppleWebKit/525.27.1 (KHTML, like Gecko) Version/3.2.1 Safari/525.27.1" 0 web.hypersurf.com
99.13.229.46 - - [11/Jun/2009:22:56:46 -0700] "GET /~t290/twllpicts/loonlake1/preview/view4.jpg HTTP/1.1" 200 7412 /home/users/t/t290/public_html/twllpicts/loonlake1/preview/view4.jpg "http://www.hypersurf.com/~t290/twllpicts/loonlake1/" "Mozilla/5.0 (Macintosh; U; PPC Mac OS X 10_4_11; en) AppleWebKit/525.27.1 (KHTML, like Gecko) Version/3.2.1 Safari/525.27.1" 0 web.hypersurf.com
99.13.229.46 - - [11/Jun/2009:22:56:46 -0700] "GET /~t290/twllpicts/loonlake1/preview/cleanup1.jpg HTTP/1.1" 200 10303 /home/users/t/t290/public_html/twllpicts/loonlake1/preview/cleanup1.jpg "http://www.hypersurf.com/~t290/twllpicts/loonlake1/" "Mozilla/5.0 (Macintosh; U; PPC Mac OS X 10_4_11; en) AppleWebKit/525.27.1 (KHTML, like Gecko) Version/3.2.1 Safari/525.27.1" 0 web.hypersurf.com
99.13.229.46 - - [11/Jun/2009:22:56:46 -0700] "GET /~t290/twllpicts/loonlake1/preview/cards6.jpg HTTP/1.1" 200 6560 /home/users/t/t290/public_html/twllpicts/loonlake1/preview/cards6.jpg "http://www.hypersurf.com/~t290/twllpicts/loonlake1/" "Mozilla/5.0 (Macintosh; U; PPC Mac OS X 10_4_11; en) AppleWebKit/525.27.1 (KHTML, like Gecko) Version/3.2.1 Safari/525.27.1" 0 web.hypersurf.com
99.13.229.46 - - [11/Jun/2009:22:56:46 -0700] "GET /~t290/twllpicts/loonlake1/preview/cleanup2.jpg HTTP/1.1" 200 8645 /home/users/t/t290/public_html/twllpicts/loonlake1/preview/cleanup2.jpg "http://www.hypersurf.com/~t290/twllpicts/loonlake1/" "Mozilla/5.0 (Macintosh; U; PPC Mac OS X 10_4_11; en) AppleWebKit/525.27.1 (KHTML, like Gecko) Version/3.2.1 Safari/525.27.1" 0 web.hypersurf.com
99.13.229.46 - - [11/Jun/2009:22:56:46 -0700] "GET /~t290/twllpicts/loonlake1/preview/evening_view.jpg HTTP/1.1" 200 7113 /home/users/t/t290/public_html/twllpicts/loonlake1/preview/evening_view.jpg "http://www.hypersurf.com/~t290/twllpicts/loonlake1/" "Mozilla/5.0 (Macintosh; U; PPC Mac OS X 10_4_11; en) AppleWebKit/525.27.1 (KHTML, like Gecko) Version/3.2.1 Safari/525.27.1" 0 web.hypersurf.com
99.13.229.46 - - [11/Jun/2009:22:56:46 -0700] "GET /~t290/twllpicts/loonlake1/preview/tents2.jpg HTTP/1.1" 200 7813 /home/users/t/t290/public_html/twllpicts/loonlake1/preview/tents2.jpg "http://www.hypersurf.com/~t290/twllpicts/loonlake1/" "Mozilla/5.0 (Macintosh; U; PPC Mac OS X 10_4_11; en) AppleWebKit/525.27.1 (KHTML, like Gecko) Version/3.2.1 Safari/525.27.1" 0 web.hypersurf.com
99.13.229.46 - - [11/Jun/2009:22:56:46 -0700] "GET /~t290/twllpicts/loonlake1/preview/view5.jpg HTTP/1.1" 200 6058 /home/users/t/t290/public_html/twllpicts/loonlake1/preview/view5.jpg "http://www.hypersurf.com/~t290/twllpicts/loonlake1/" "Mozilla/5.0 (Macintosh; U; PPC Mac OS X 10_4_11; en) AppleWebKit/525.27.1 (KHTML, like Gecko) Version/3.2.1 Safari/525.27.1" 0 web.hypersurf.com
99.13.229.46 - - [11/Jun/2009:22:56:48 -0700] "GET /~t290/twllpicts/loonlake1/source/1.htm HTTP/1.1" 200 581 /home/users/t/t290/public_html/twllpicts/loonlake1/source/1.htm "http://www.hypersurf.com/~t290/twllpicts/loonlake1/" "Mozilla/5.0 (Macintosh; U; PPC Mac OS X 10_4_11; en) AppleWebKit/525.27.1 (KHTML, like Gecko) Version/3.2.1 Safari/525.27.1" 0 web.hypersurf.com
99.13.229.46 - - [11/Jun/2009:22:56:48 -0700] "GET /~t290/twllpicts/loonlake1/image/arrival.jpg HTTP/1.1" 200 90458 /home/users/t/t290/public_html/twllpicts/loonlake1/image/arrival.jpg "http://www.hypersurf.com/~t290/twllpicts/loonlake1/source/1.htm" "Mozilla/5.0 (Macintosh; U; PPC Mac OS X 10_4_11; en) AppleWebKit/525.27.1 (KHTML, like Gecko) Version/3.2.1 Safari/525.27.1" 0 web.hypersurf.com
99.13.229.46 - - [11/Jun/2009:22:56:52 -0700] "GET /~t290/twllpicts/loonlake1/source/2.htm HTTP/1.1" 200 643 /home/users/t/t290/public_html/twllpicts/loonlake1/source/2.htm "http://www.hypersurf.com/~t290/twllpicts/loonlake1/source/1.htm" "Mozilla/5.0 (Macintosh; U; PPC Mac OS X 10_4_11; en) AppleWebKit/525.27.1 (KHTML, like Gecko) Version/3.2.1 Safari/525.27.1" 0 web.hypersurf.com
99.13.229.46 - - [11/Jun/2009:22:56:52 -0700] "GET /~t290/twllpicts/loonlake1/image/tents1.jpg HTTP/1.1" 200 60059 /home/users/t/t290/public_html/twllpicts/loonlake1/image/tents1.jpg "http://www.hypersurf.com/~t290/twllpicts/loonlake1/source/2.htm" "Mozilla/5.0 (Macintosh; U; PPC Mac OS X 10_4_11; en) AppleWebKit/525.27.1 (KHTML, like Gecko) Version/3.2.1 Safari/525.27.1" 0 web.hypersurf.com
99.13.229.46 - - [11/Jun/2009:22:56:53 -0700] "GET /~t290/twllpicts/loonlake1/source/3.htm HTTP/1.1" 200 640 /home/users/t/t290/public_html/twllpicts/loonlake1/source/3.htm "http://www.hypersurf.com/~t290/twllpicts/loonlake1/source/2.htm" "Mozilla/5.0 (Macintosh; U; PPC Mac OS X 10_4_11; en) AppleWebKit/525.27.1 (KHTML, like Gecko) Version/3.2.1 Safari/525.27.1" 0 web.hypersurf.com
99.13.229.46 - - [11/Jun/2009:22:56:53 -0700] "GET /~t290/twllpicts/loonlake1/image/view1.jpg HTTP/1.1" 200 58026 /home/users/t/t290/public_html/twllpicts/loonlake1/image/view1.jpg "http://www.hypersurf.com/~t290/twllpicts/loonlake1/source/3.htm" "Mozilla/5.0 (Macintosh; U; PPC Mac OS X 10_4_11; en) AppleWebKit/525.27.1 (KHTML, like Gecko) Version/3.2.1 Safari/525.27.1" 0 web.hypersurf.com
99.13.229.46 - - [11/Jun/2009:22:56:55 -0700] "GET /~t290/twllpicts/loonlake1/source/4.htm HTTP/1.1" 200 640 /home/users/t/t290/public_html/twllpicts/loonlake1/source/4.htm "http://www.hypersurf.com/~t290/twllpicts/loonlake1/source/3.htm" "Mozilla/5.0 (Macintosh; U; PPC Mac OS X 10_4_11; en) AppleWebKit/525.27.1 (KHTML, like Gecko) Version/3.2.1 Safari/525.27.1" 0 web.hypersurf.com
99.13.229.46 - - [11/Jun/2009:22:56:55 -0700] "GET /~t290/twllpicts/loonlake1/image/view2.jpg HTTP/1.1" 200 67944 /home/users/t/t290/public_html/twllpicts/loonlake1/image/view2.jpg "http://www.hypersurf.com/~t290/twllpicts/loonlake1/source/4.htm" "Mozilla/5.0 (Macintosh; U; PPC Mac OS X 10_4_11; en) AppleWebKit/525.27.1 (KHTML, like Gecko) Version/3.2.1 Safari/525.27.1" 0 web.hypersurf.com
99.13.229.46 - - [11/Jun/2009:22:56:57 -0700] "GET /~t290/twllpicts/loonlake1/source/5.htm HTTP/1.1" 200 643 /home/users/t/t290/public_html/twllpicts/loonlake1/source/5.htm "http://www.hypersurf.com/~t290/twllpicts/loonlake1/source/4.htm" "Mozilla/5.0 (Macintosh; U; PPC Mac OS X 10_4_11; en) AppleWebKit/525.27.1 (KHTML, like Gecko) Version/3.2.1 Safari/525.27.1" 0 web.hypersurf.com
99.13.229.46 - - [11/Jun/2009:22:56:57 -0700] "GET /~t290/twllpicts/loonlake1/image/cards1.jpg HTTP/1.1" 200 83252 /home/users/t/t290/public_html/twllpicts/loonlake1/image/cards1.jpg "http://www.hypersurf.com/~t290/twllpicts/loonlake1/source/5.htm" "Mozilla/5.0 (Macintosh; U; PPC Mac OS X 10_4_11; en) AppleWebKit/525.27.1 (KHTML, like Gecko) Version/3.2.1 Safari/525.27.1" 0 web.hypersurf.com
99.13.229.46 - - [11/Jun/2009:22:57:00 -0700] "GET /~t290/twllpicts/loonlake1/source/6.htm HTTP/1.1" 200 643 /home/users/t/t290/public_html/twllpicts/loonlake1/source/6.htm "http://www.hypersurf.com/~t290/twllpicts/loonlake1/source/5.htm" "Mozilla/5.0 (Macintosh; U; PPC Mac OS X 10_4_11; en) AppleWebKit/525.27.1 (KHTML, like Gecko) Version/3.2.1 Safari/525.27.1" 0 web.hypersurf.com
99.13.229.46 - - [11/Jun/2009:22:57:00 -0700] "GET /~t290/twllpicts/loonlake1/image/cards2.jpg HTTP/1.1" 200 77020 /home/users/t/t290/public_html/twllpicts/loonlake1/image/cards2.jpg "http://www.hypersurf.com/~t290/twllpicts/loonlake1/source/6.htm" "Mozilla/5.0 (Macintosh; U; PPC Mac OS X 10_4_11; en) AppleWebKit/525.27.1 (KHTML, like Gecko) Version/3.2.1 Safari/525.27.1" 0 web.hypersurf.com
99.13.229.46 - - [11/Jun/2009:22:57:03 -0700] "GET /~t290/twllpicts/loonlake1/source/7.htm HTTP/1.1" 200 640 /home/users/t/t290/public_html/twllpicts/loonlake1/source/7.htm "http://www.hypersurf.com/~t290/twllpicts/loonlake1/source/6.htm" "Mozilla/5.0 (Macintosh; U; PPC Mac OS X 10_4_11; en) AppleWebKit/525.27.1 (KHTML, like Gecko) Version/3.2.1 Safari/525.27.1" 0 web.hypersurf.com
99.13.229.46 - - [11/Jun/2009:22:57:03 -0700] "GET /~t290/twllpicts/loonlake1/image/view3.jpg HTTP/1.1" 200 108908 /home/users/t/t290/public_html/twllpicts/loonlake1/image/view3.jpg "http://www.hypersurf.com/~t290/twllpicts/loonlake1/source/7.htm" "Mozilla/5.0 (Macintosh; U; PPC Mac OS X 10_4_11; en) AppleWebKit/525.27.1 (KHTML, like Gecko) Version/3.2.1 Safari/525.27.1" 0 web.hypersurf.com
99.13.229.46 - - [11/Jun/2009:22:57:04 -0700] "GET /~t290/twllpicts/loonlake1/source/8.htm HTTP/1.1" 200 649 /home/users/t/t290/public_html/twllpicts/loonlake1/source/8.htm "http://www.hypersurf.com/~t290/twllpicts/loonlake1/source/7.htm" "Mozilla/5.0 (Macintosh; U; PPC Mac OS X 10_4_11; en) AppleWebKit/525.27.1 (KHTML, like Gecko) Version/3.2.1 Safari/525.27.1" 0 web.hypersurf.com
99.13.229.46 - - [11/Jun/2009:22:57:04 -0700] "GET /~t290/twllpicts/loonlake1/image/swamped1.jpg HTTP/1.1" 200 52339 /home/users/t/t290/public_html/twllpicts/loonlake1/image/swamped1.jpg "http://www.hypersurf.com/~t290/twllpicts/loonlake1/source/8.htm" "Mozilla/5.0 (Macintosh; U; PPC Mac OS X 10_4_11; en) AppleWebKit/525.27.1 (KHTML, like Gecko) Version/3.2.1 Safari/525.27.1" 0 web.hypersurf.com
99.13.229.46 - - [11/Jun/2009:22:57:06 -0700] "GET /~t290/twllpicts/loonlake1/source/9.htm HTTP/1.1" 200 650 /home/users/t/t290/public_html/twllpicts/loonlake1/source/9.htm "http://www.hypersurf.com/~t290/twllpicts/loonlake1/source/8.htm" "Mozilla/5.0 (Macintosh; U; PPC Mac OS X 10_4_11; en) AppleWebKit/525.27.1 (KHTML, like Gecko) Version/3.2.1 Safari/525.27.1" 0 web.hypersurf.com
99.13.229.46 - - [11/Jun/2009:22:57:06 -0700] "GET /~t290/twllpicts/loonlake1/image/swamped2.jpg HTTP/1.1" 200 63658 /home/users/t/t290/public_html/twllpicts/loonlake1/image/swamped2.jpg "http://www.hypersurf.com/~t290/twllpicts/loonlake1/source/9.htm" "Mozilla/5.0 (Macintosh; U; PPC Mac OS X 10_4_11; en) AppleWebKit/525.27.1 (KHTML, like Gecko) Version/3.2.1 Safari/525.27.1" 0 web.hypersurf.com
99.13.229.46 - - [11/Jun/2009:22:57:07 -0700] "GET /~t290/twllpicts/loonlake1/source/10.htm HTTP/1.1" 200 654 /home/users/t/t290/public_html/twllpicts/loonlake1/source/10.htm "http://www.hypersurf.com/~t290/twllpicts/loonlake1/source/9.htm" "Mozilla/5.0 (Macintosh; U; PPC Mac OS X 10_4_11; en) AppleWebKit/525.27.1 (KHTML, like Gecko) Version/3.2.1 Safari/525.27.1" 0 web.hypersurf.com
99.13.229.46 - - [11/Jun/2009:22:57:07 -0700] "GET /~t290/twllpicts/loonlake1/image/unswamped.jpg HTTP/1.1" 200 73712 /home/users/t/t290/public_html/twllpicts/loonlake1/image/unswamped.jpg "http://www.hypersurf.com/~t290/twllpicts/loonlake1/source/10.htm" "Mozilla/5.0 (Macintosh; U; PPC Mac OS X 10_4_11; en) AppleWebKit/525.27.1 (KHTML, like Gecko) Version/3.2.1 Safari/525.27.1" 0 web.hypersurf.com
99.13.229.46 - - [11/Jun/2009:22:57:08 -0700] "GET /~t290/twllpicts/loonlake1/source/11.htm HTTP/1.1" 200 839 /home/users/t/t290/public_html/twllpicts/loonlake1/source/11.htm "http://www.hypersurf.com/~t290/twllpicts/loonlake1/source/10.htm" "Mozilla/5.0 (Macintosh; U; PPC Mac OS X 10_4_11; en) AppleWebKit/525.27.1 (KHTML, like Gecko) Version/3.2.1 Safari/525.27.1" 0 web.hypersurf.com
99.13.229.46 - - [11/Jun/2009:22:57:08 -0700] "GET /~t290/twllpicts/loonlake1/image/swamped3.jpg HTTP/1.1" 200 71399 /home/users/t/t290/public_html/twllpicts/loonlake1/image/swamped3.jpg "http://www.hypersurf.com/~t290/twllpicts/loonlake1/source/11.htm" "Mozilla/5.0 (Macintosh; U; PPC Mac OS X 10_4_11; en) AppleWebKit/525.27.1 (KHTML, like Gecko) Version/3.2.1 Safari/525.27.1" 0 web.hypersurf.com
99.13.229.46 - - [11/Jun/2009:22:57:09 -0700] "GET /~t290/twllpicts/loonlake1/source/12.htm HTTP/1.1" 200 658 /home/users/t/t290/public_html/twllpicts/loonlake1/source/12.htm "http://www.hypersurf.com/~t290/twllpicts/loonlake1/source/11.htm" "Mozilla/5.0 (Macintosh; U; PPC Mac OS X 10_4_11; en) AppleWebKit/525.27.1 (KHTML, like Gecko) Version/3.2.1 Safari/525.27.1" 0 web.hypersurf.com
99.13.229.46 - - [11/Jun/2009:22:57:09 -0700] "GET /~t290/twllpicts/loonlake1/image/waterfront.jpg HTTP/1.1" 200 65334 /home/users/t/t290/public_html/twllpicts/loonlake1/image/waterfront.jpg "http://www.hypersurf.com/~t290/twllpicts/loonlake1/source/12.htm" "Mozilla/5.0 (Macintosh; U; PPC Mac OS X 10_4_11; en) AppleWebKit/525.27.1 (KHTML, like Gecko) Version/3.2.1 Safari/525.27.1" 0 web.hypersurf.com
99.13.229.46 - - [11/Jun/2009:22:57:10 -0700] "GET /~t290/twllpicts/loonlake1/source/13.htm HTTP/1.1" 200 646 /home/users/t/t290/public_html/twllpicts/loonlake1/source/13.htm "http://www.hypersurf.com/~t290/twllpicts/loonlake1/source/12.htm" "Mozilla/5.0 (Macintosh; U; PPC Mac OS X 10_4_11; en) AppleWebKit/525.27.1 (KHTML, like Gecko) Version/3.2.1 Safari/525.27.1" 0 web.hypersurf.com
99.13.229.46 - - [11/Jun/2009:22:57:10 -0700] "GET /~t290/twllpicts/loonlake1/image/cards3.jpg HTTP/1.1" 200 76342 /home/users/t/t290/public_html/twllpicts/loonlake1/image/cards3.jpg "http://www.hypersurf.com/~t290/twllpicts/loonlake1/source/13.htm" "Mozilla/5.0 (Macintosh; U; PPC Mac OS X 10_4_11; en) AppleWebKit/525.27.1 (KHTML, like Gecko) Version/3.2.1 Safari/525.27.1" 0 web.hypersurf.com
99.13.229.46 - - [11/Jun/2009:22:57:11 -0700] "GET /~t290/twllpicts/loonlake1/source/14.htm HTTP/1.1" 200 646 /home/users/t/t290/public_html/twllpicts/loonlake1/source/14.htm "http://www.hypersurf.com/~t290/twllpicts/loonlake1/source/13.htm" "Mozilla/5.0 (Macintosh; U; PPC Mac OS X 10_4_11; en) AppleWebKit/525.27.1 (KHTML, like Gecko) Version/3.2.1 Safari/525.27.1" 0 web.hypersurf.com
99.13.229.46 - - [11/Jun/2009:22:57:11 -0700] "GET /~t290/twllpicts/loonlake1/image/cards4.jpg HTTP/1.1" 200 100260 /home/users/t/t290/public_html/twllpicts/loonlake1/image/cards4.jpg "http://www.hypersurf.com/~t290/twllpicts/loonlake1/source/14.htm" "Mozilla/5.0 (Macintosh; U; PPC Mac OS X 10_4_11; en) AppleWebKit/525.27.1 (KHTML, like Gecko) Version/3.2.1 Safari/525.27.1" 0 web.hypersurf.com
99.13.229.46 - - [11/Jun/2009:22:57:12 -0700] "GET /~t290/twllpicts/loonlake1/source/15.htm HTTP/1.1" 200 643 /home/users/t/t290/public_html/twllpicts/loonlake1/source/15.htm "http://www.hypersurf.com/~t290/twllpicts/loonlake1/source/14.htm" "Mozilla/5.0 (Macintosh; U; PPC Mac OS X 10_4_11; en) AppleWebKit/525.27.1 (KHTML, like Gecko) Version/3.2.1 Safari/525.27.1" 0 web.hypersurf.com
99.13.229.46 - - [11/Jun/2009:22:57:13 -0700] "GET /~t290/twllpicts/loonlake1/image/camp1.jpg HTTP/1.1" 200 98922 /home/users/t/t290/public_html/twllpicts/loonlake1/image/camp1.jpg "http://www.hypersurf.com/~t290/twllpicts/loonlake1/source/15.htm" "Mozilla/5.0 (Macintosh; U; PPC Mac OS X 10_4_11; en) AppleWebKit/525.27.1 (KHTML, like Gecko) Version/3.2.1 Safari/525.27.1" 0 web.hypersurf.com
99.13.229.46 - - [11/Jun/2009:22:57:14 -0700] "GET /~t290/twllpicts/loonlake1/source/16.htm HTTP/1.1" 200 655 /home/users/t/t290/public_html/twllpicts/loonlake1/source/16.htm "http://www.hypersurf.com/~t290/twllpicts/loonlake1/source/15.htm" "Mozilla/5.0 (Macintosh; U; PPC Mac OS X 10_4_11; en) AppleWebKit/525.27.1 (KHTML, like Gecko) Version/3.2.1 Safari/525.27.1" 0 web.hypersurf.com
99.13.229.46 - - [11/Jun/2009:22:57:14 -0700] "GET /~t290/twllpicts/loonlake1/image/prep_time.jpg HTTP/1.1" 200 91064 /home/users/t/t290/public_html/twllpicts/loonlake1/image/prep_time.jpg "http://www.hypersurf.com/~t290/twllpicts/loonlake1/source/16.htm" "Mozilla/5.0 (Macintosh; U; PPC Mac OS X 10_4_11; en) AppleWebKit/525.27.1 (KHTML, like Gecko) Version/3.2.1 Safari/525.27.1" 0 web.hypersurf.com
99.13.229.46 - - [11/Jun/2009:22:57:15 -0700] "GET /~t290/twllpicts/loonlake1/source/17.htm HTTP/1.1" 200 652 /home/users/t/t290/public_html/twllpicts/loonlake1/source/17.htm "http://www.hypersurf.com/~t290/twllpicts/loonlake1/source/16.htm" "Mozilla/5.0 (Macintosh; U; PPC Mac OS X 10_4_11; en) AppleWebKit/525.27.1 (KHTML, like Gecko) Version/3.2.1 Safari/525.27.1" 0 web.hypersurf.com
99.13.229.46 - - [11/Jun/2009:22:57:16 -0700] "GET /~t290/twllpicts/loonlake1/image/cleanup1.jpg HTTP/1.1" 200 116719 /home/users/t/t290/public_html/twllpicts/loonlake1/image/cleanup1.jpg "http://www.hypersurf.com/~t290/twllpicts/loonlake1/source/17.htm" "Mozilla/5.0 (Macintosh; U; PPC Mac OS X 10_4_11; en) AppleWebKit/525.27.1 (KHTML, like Gecko) Version/3.2.1 Safari/525.27.1" 1 web.hypersurf.com
74.6.8.123 - - [11/Jun/2009:22:58:14 -0700] "GET /~t290/logs/awstats.t290.urldetail.html HTTP/1.0" 404 306 /home/users/t/t290/public_html/logs/awstats.t290.urldetail.html "-" "Mozilla/5.0 (compatible; Yahoo! Slurp/3.0; http://help.yahoo.com/help/us/ysearch/slurp)" 0 web.hypersurf.com
65.55.231.33 - - [12/Jun/2009:00:55:52 -0700] "GET /~t290/twllpicts/island/image/main_camp2.jpg HTTP/1.1" 200 47626 /home/users/t/t290/public_html/twllpicts/island/image/main_camp2.jpg "-" "msnbot-media/1.1 (+http://search.msn.com/msnbot.htm)" 1 web.hypersurf.com
74.6.8.123 - - [12/Jun/2009:01:14:49 -0700] "GET /~t290/logs/Sep02.html HTTP/1.0" 200 17769 /home/users/t/t290/public_html/logs/Sep02.html "-" "Mozilla/5.0 (compatible; Yahoo! Slurp/3.0; http://help.yahoo.com/help/us/ysearch/slurp)" 0 web.hypersurf.com
74.6.8.123 - - [12/Jun/2009:01:16:14 -0700] "GET /~t290/ HTTP/1.0" 200 885 /home/users/t/t290/public_html/ "-" "Mozilla/5.0 (compatible; Yahoo! Slurp/3.0; http://help.yahoo.com/help/us/ysearch/slurp)" 0 web.hypersurf.com
74.6.8.123 - - [12/Jun/2009:01:32:05 -0700] "GET /~t290/logs/Nov02.html HTTP/1.0" 200 14631 /home/users/t/t290/public_html/logs/Nov02.html "-" "Mozilla/5.0 (compatible; Yahoo! Slurp/3.0; http://help.yahoo.com/help/us/ysearch/slurp)" 0 web.hypersurf.com
74.6.8.123 - - [12/Jun/2009:01:36:18 -0700] "GET /~t290/twllpicts/loonlake1/source/20.htm HTTP/1.0" 200 643 /home/users/t/t290/public_html/twllpicts/loonlake1/source/20.htm "-" "Mozilla/5.0 (compatible; Yahoo! Slurp/3.0; http://help.yahoo.com/help/us/ysearch/slurp)" 0 web.hypersurf.com
66.249.68.116 - - [12/Jun/2009:01:44:26 -0700] "GET /~t290/twllpicts/loonlake1/source/5.htm HTTP/1.1" 200 643 /home/users/t/t290/public_html/twllpicts/loonlake1/source/5.htm "-" "Mozilla/5.0 (compatible; Googlebot/2.1; +http://www.google.com/bot.html)" 0 web.hypersurf.com
66.249.68.34 - - [12/Jun/2009:02:17:30 -0700] "GET /~t290/twllpicts/loonlake1/source/22.htm HTTP/1.1" 200 646 /home/users/t/t290/public_html/twllpicts/loonlake1/source/22.htm "-" "Mozilla/5.0 (compatible; Googlebot/2.1; +http://www.google.com/bot.html)" 0 web.hypersurf.com
66.249.68.34 - - [12/Jun/2009:02:29:31 -0700] "GET /~t290/twllpicts/loonlake2/source/11.htm HTTP/1.1" 200 646 /home/users/t/t290/public_html/twllpicts/loonlake2/source/11.htm "-" "Mozilla/5.0 (compatible; Googlebot/2.1; +http://www.google.com/bot.html)" 0 web.hypersurf.com
66.249.68.116 - - [12/Jun/2009:02:32:32 -0700] "GET /~t290/twllpicts/loonlake2/source/5.htm HTTP/1.1" 200 643 /home/users/t/t290/public_html/twllpicts/loonlake2/source/5.htm "-" "Mozilla/5.0 (compatible; Googlebot/2.1; +http://www.google.com/bot.html)" 0 web.hypersurf.com
66.249.68.116 - - [12/Jun/2009:04:56:52 -0700] "GET /~t290/twllpicts/loonlake1/source/22.htm HTTP/1.1" 200 646 /home/users/t/t290/public_html/twllpicts/loonlake1/source/22.htm "-" "Mozilla/5.0 (compatible; Googlebot/2.1; +http://www.google.com/bot.html)" 0 web.hypersurf.com
74.6.8.123 - - [12/Jun/2009:05:13:47 -0700] "GET /~t290/logs/stats-2002/May.wwwstats.html.gz HTTP/1.0" 404 310 /home/users/t/t290/public_html/logs/stats-2002 "-" "Mozilla/5.0 (compatible; Yahoo! Slurp/3.0; http://help.yahoo.com/help/us/ysearch/slurp)" 0 web.hypersurf.com
66.249.68.34 - - [12/Jun/2009:06:15:22 -0700] "GET /~t290/twllpicts/island/source/22.htm HTTP/1.1" 200 594 /home/users/t/t290/public_html/twllpicts/island/source/22.htm "-" "Mozilla/5.0 (compatible; Googlebot/2.1; +http://www.google.com/bot.html)" 0 web.hypersurf.com
66.249.68.34 - - [12/Jun/2009:06:36:30 -0700] "GET /~t290/twllpicts/loonlake1/source/5.htm HTTP/1.1" 200 643 /home/users/t/t290/public_html/twllpicts/loonlake1/source/5.htm "-" "Mozilla/5.0 (compatible; Googlebot/2.1; +http://www.google.com/bot.html)" 0 web.hypersurf.com
66.249.68.34 - - [12/Jun/2009:07:03:41 -0700] "GET /~t290/twllpicts/island/source/12.htm HTTP/1.1" 200 669 /home/users/t/t290/public_html/twllpicts/island/source/12.htm "-" "Mozilla/5.0 (compatible; Googlebot/2.1; +http://www.google.com/bot.html)" 0 web.hypersurf.com
66.249.68.34 - - [12/Jun/2009:07:33:52 -0700] "GET /~t290/twllpicts/loonlake2/source/5.htm HTTP/1.1" 200 643 /home/users/t/t290/public_html/twllpicts/loonlake2/source/5.htm "-" "Mozilla/5.0 (compatible; Googlebot/2.1; +http://www.google.com/bot.html)" 0 web.hypersurf.com
66.249.68.34 - - [12/Jun/2009:08:22:11 -0700] "GET /~t290/twllpicts/island/source/7.htm HTTP/1.1" 200 666 /home/users/t/t290/public_html/twllpicts/island/source/7.htm "-" "Mozilla/5.0 (compatible; Googlebot/2.1; +http://www.google.com/bot.html)" 0 web.hypersurf.com
66.249.68.34 - - [12/Jun/2009:08:34:21 -0700] "GET /~t290/twllpicts/island/source/13.htm HTTP/1.1" 200 675 /home/users/t/t290/public_html/twllpicts/island/source/13.htm "-" "Mozilla/5.0 (compatible; Googlebot/2.1; +http://www.google.com/bot.html)" 0 web.hypersurf.com
74.6.8.123 - - [12/Jun/2009:11:32:27 -0700] "GET /~t290/logs/access.log HTTP/1.0" 200 193857 /home/users/t/t290/public_html/logs/access.log "-" "Mozilla/5.0 (compatible; Yahoo! Slurp/3.0; http://help.yahoo.com/help/us/ysearch/slurp)" 1 web.hypersurf.com
74.6.8.123 - - [12/Jun/2009:11:32:30 -0700] "GET /~t290/twllpicts/loonlake1/source/?N=D HTTP/1.0" 200 3408 /home/users/t/t290/public_html/twllpicts/loonlake1/source/ "-" "Mozilla/5.0 (compatible; Yahoo! Slurp/3.0; http://help.yahoo.com/help/us/ysearch/slurp)" 0 web.hypersurf.com
65.55.230.227 - - [12/Jun/2009:11:32:44 -0700] "GET /~t290/twllpicts/island/source/21.htm HTTP/1.1" 200 648 /home/users/t/t290/public_html/twllpicts/island/source/21.htm "-" "msnbot-media/1.1 (+http://search.msn.com/msnbot.htm)" 0 web.hypersurf.com
65.55.230.227 - - [12/Jun/2009:11:50:48 -0700] "GET /~t290/twllpicts/island/source/15.htm HTTP/1.1" 200 645 /home/users/t/t290/public_html/twllpicts/island/source/15.htm "-" "msnbot-media/1.1 (+http://search.msn.com/msnbot.htm)" 0 web.hypersurf.com
74.6.8.123 - - [12/Jun/2009:12:29:52 -0700] "GET /~t290/logs/Sep03.html HTTP/1.0" 200 14949 /home/users/t/t290/public_html/logs/Sep03.html "-" "Mozilla/5.0 (compatible; Yahoo! Slurp/3.0; http://help.yahoo.com/help/us/ysearch/slurp)" 0 web.hypersurf.com
65.55.230.227 - - [12/Jun/2009:13:09:14 -0700] "GET /~t290/twllpicts/island/source/4.htm HTTP/1.1" 200 645 /home/users/t/t290/public_html/twllpicts/island/source/4.htm "-" "msnbot-media/1.1 (+http://search.msn.com/msnbot.htm)" 0 web.hypersurf.com
65.55.230.227 - - [12/Jun/2009:13:09:19 -0700] "GET /~t290/twllpicts/island/source/10.htm HTTP/1.1" 200 668 /home/users/t/t290/public_html/twllpicts/island/source/10.htm "-" "msnbot-media/1.1 (+http://search.msn.com/msnbot.htm)" 0 web.hypersurf.com
65.55.230.227 - - [12/Jun/2009:13:09:23 -0700] "GET /~t290/twllpicts/island/source/22.htm HTTP/1.1" 200 594 /home/users/t/t290/public_html/twllpicts/island/source/22.htm "-" "msnbot-media/1.1 (+http://search.msn.com/msnbot.htm)" 0 web.hypersurf.com
65.55.230.227 - - [12/Jun/2009:13:09:24 -0700] "GET /~t290/twllpicts/island/source/9.htm HTTP/1.1" 200 646 /home/users/t/t290/public_html/twllpicts/island/source/9.htm "-" "msnbot-media/1.1 (+http://search.msn.com/msnbot.htm)" 0 web.hypersurf.com
65.55.230.227 - - [12/Jun/2009:13:58:05 -0700] "GET /~t290/twllpicts/island/source/13.htm HTTP/1.1" 200 675 /home/users/t/t290/public_html/twllpicts/island/source/13.htm "-" "msnbot-media/1.1 (+http://search.msn.com/msnbot.htm)" 0 web.hypersurf.com
65.55.230.227 - - [12/Jun/2009:13:58:06 -0700] "GET /~t290/twllpicts/island/source/1.htm HTTP/1.1" 200 607 /home/users/t/t290/public_html/twllpicts/island/source/1.htm "-" "msnbot-media/1.1 (+http://search.msn.com/msnbot.htm)" 0 web.hypersurf.com
65.55.230.226 - - [12/Jun/2009:14:34:59 -0700] "GET /~t290/twllpicts/island/source/5.htm HTTP/1.1" 200 645 /home/users/t/t290/public_html/twllpicts/island/source/5.htm "-" "msnbot-media/1.1 (+http://search.msn.com/msnbot.htm)" 0 web.hypersurf.com
65.55.230.226 - - [12/Jun/2009:14:37:38 -0700] "GET /~t290/twllpicts/island/source/12.htm HTTP/1.1" 200 669 /home/users/t/t290/public_html/twllpicts/island/source/12.htm "-" "msnbot-media/1.1 (+http://search.msn.com/msnbot.htm)" 1 web.hypersurf.com
65.55.230.226 - - [12/Jun/2009:14:37:39 -0700] "GET /~t290/twllpicts/island/source/3.htm HTTP/1.1" 200 884 /home/users/t/t290/public_html/twllpicts/island/source/3.htm "-" "msnbot-media/1.1 (+http://search.msn.com/msnbot.htm)" 0 web.hypersurf.com
65.55.230.226 - - [12/Jun/2009:14:37:40 -0700] "GET /~t290/twllpicts/island/source/11.htm HTTP/1.1" 200 654 /home/users/t/t290/public_html/twllpicts/island/source/11.htm "-" "msnbot-media/1.1 (+http://search.msn.com/msnbot.htm)" 0 web.hypersurf.com
38.99.44.101 - - [12/Jun/2009:16:05:03 -0700] "GET /~t290/twllpicts/loonlake1/source/5.htm HTTP/1.0" 200 643 /home/users/t/t290/public_html/twllpicts/loonlake1/source/5.htm "-" "Mozilla/5.0 (Twiceler-0.9 http://www.cuil.com/twiceler/robot.html)" 0 web.hypersurf.com
74.6.8.123 - - [12/Jun/2009:16:10:33 -0700] "GET /~t290/logs/stats-2003/Sep.wwwstats.html.gz HTTP/1.0" 404 310 /home/users/t/t290/public_html/logs/stats-2003 "-" "Mozilla/5.0 (compatible; Yahoo! Slurp/3.0; http://help.yahoo.com/help/us/ysearch/slurp)" 0 web.hypersurf.com
65.55.231.50 - - [12/Jun/2009:16:38:41 -0700] "GET /~t290/twllpicts/island/image/island_arrival.jpg HTTP/1.1" 200 75469 /home/users/t/t290/public_html/twllpicts/island/image/island_arrival.jpg "-" "msnbot-media/1.1 (+http://search.msn.com/msnbot.htm)" 0 web.hypersurf.com
74.6.8.123 - - [12/Jun/2009:18:43:15 -0700] "GET /~t290/logs/stats-2002/Jun.wwwstats.html.gz HTTP/1.0" 404 310 /home/users/t/t290/public_html/logs/stats-2002 "-" "Mozilla/5.0 (compatible; Yahoo! Slurp/3.0; http://help.yahoo.com/help/us/ysearch/slurp)" 0 web.hypersurf.com
74.6.8.123 - - [12/Jun/2009:18:54:38 -0700] "GET /~t290/logs/?D=D HTTP/1.0" 200 12360 /home/users/t/t290/public_html/logs/ "-" "Mozilla/5.0 (compatible; Yahoo! Slurp/3.0; http://help.yahoo.com/help/us/ysearch/slurp)" 0 web.hypersurf.com
65.55.210.58 - - [12/Jun/2009:20:34:52 -0700] "GET /~t290/hisierra/index.html HTTP/1.1" 304 - /home/users/t/t290/public_html/hisierra/index.html "-" "msnbot/1.1 (+http://search.msn.com/msnbot.htm)" 0 web.hypersurf.com
65.55.220.213 - - [12/Jun/2009:21:33:50 -0700] "GET /~t290/twllpicts/island/image/jump1.jpg HTTP/1.1" 200 53921 /home/users/t/t290/public_html/twllpicts/island/image/jump1.jpg "-" "msnbot-media/1.1 (+http://search.msn.com/msnbot.htm)" 1 web.hypersurf.com
74.6.8.123 - - [12/Jun/2009:22:20:57 -0700] "GET /~t290/twllpicts/loonlake2/source/3.htm HTTP/1.0" 200 643 /home/users/t/t290/public_html/twllpicts/loonlake2/source/3.htm "-" "Mozilla/5.0 (compatible; Yahoo! Slurp/3.0; http://help.yahoo.com/help/us/ysearch/slurp)" 0 web.hypersurf.com
