38.99.44.101 - - [17/Jun/2009:18:17:11 -0700] "GET /~t290/twllpicts/loonlake2/source/5.htm HTTP/1.0" 200 643 /home/users/t/t290/public_html/twllpicts/loonlake2/source/5.htm "-" "Mozilla/5.0 (Twiceler-0.9 http://www.cuil.com/twiceler/robot.html)" 0 web.hypersurf.com
66.249.68.34 - - [17/Jun/2009:18:27:05 -0700] "GET /~t290/twllpicts/island/source/3.htm HTTP/1.1" 200 884 /home/users/t/t290/public_html/twllpicts/island/source/3.htm "-" "Mozilla/5.0 (compatible; Googlebot/2.1; +http://www.google.com/bot.html)" 0 web.hypersurf.com
72.30.142.234 - - [17/Jun/2009:18:38:31 -0700] "GET /~t290/twllpicts/loonlake1/source/3.htm HTTP/1.0" 200 640 /home/users/t/t290/public_html/twllpicts/loonlake1/source/3.htm "-" "Mozilla/5.0 (compatible; Yahoo! Slurp/3.0; http://help.yahoo.com/help/us/ysearch/slurp)" 0 web.hypersurf.com
66.249.68.34 - - [17/Jun/2009:19:10:24 -0700] "GET /~t290/twllpicts/loonlake1/source/1.htm HTTP/1.1" 200 581 /home/users/t/t290/public_html/twllpicts/loonlake1/source/1.htm "-" "Mozilla/5.0 (compatible; Googlebot/2.1; +http://www.google.com/bot.html)" 0 web.hypersurf.com
72.30.142.234 - - [17/Jun/2009:19:16:45 -0700] "GET /~t290/logs/?D=D HTTP/1.0" 200 12360 /home/users/t/t290/public_html/logs/ "-" "Mozilla/5.0 (compatible; Yahoo! Slurp/3.0; http://help.yahoo.com/help/us/ysearch/slurp)" 0 web.hypersurf.com
66.249.68.34 - - [17/Jun/2009:20:19:00 -0700] "GET /~t290/twllpicts/loonlake1/ HTTP/1.1" 200 5600 /home/users/t/t290/public_html/twllpicts/loonlake1/index.htm "-" "Mozilla/5.0 (compatible; Googlebot/2.1; +http://www.google.com/bot.html)" 0 web.hypersurf.com
66.249.68.34 - - [17/Jun/2009:21:00:35 -0700] "GET /~t290/twllpicts/loonlake2/image/sunset_over_the_island.jpg HTTP/1.1" 304 - /home/users/t/t290/public_html/twllpicts/loonlake2/image/sunset_over_the_island.jpg "-" "Googlebot-Image/1.0" 0 web.hypersurf.com
72.30.142.234 - - [17/Jun/2009:21:50:03 -0700] "GET /~t290/twllpicts/loonlake2/source/3.htm HTTP/1.0" 200 643 /home/users/t/t290/public_html/twllpicts/loonlake2/source/3.htm "-" "Mozilla/5.0 (compatible; Yahoo! Slurp/3.0; http://help.yahoo.com/help/us/ysearch/slurp)" 0 web.hypersurf.com
72.30.142.234 - - [17/Jun/2009:22:02:39 -0700] "GET /~t290/twllpicts/island/source/8.htm HTTP/1.0" 200 672 /home/users/t/t290/public_html/twllpicts/island/source/8.htm "-" "Mozilla/5.0 (compatible; Yahoo! Slurp/3.0; http://help.yahoo.com/help/us/ysearch/slurp)" 0 web.hypersurf.com
72.30.142.234 - - [17/Jun/2009:22:29:31 -0700] "GET /~t290/logs/stats-2002/Feb.wwwstats.html.gz HTTP/1.0" 404 310 /home/users/t/t290/public_html/logs/stats-2002 "-" "Mozilla/5.0 (compatible; Yahoo! Slurp/3.0; http://help.yahoo.com/help/us/ysearch/slurp)" 0 web.hypersurf.com
38.99.44.101 - - [17/Jun/2009:22:31:50 -0700] "GET /~t290/logs/awstats.t290.unknownbrowser.html HTTP/1.0" 404 311 /home/users/t/t290/public_html/logs/awstats.t290.unknownbrowser.html "-" "Mozilla/5.0 (Twiceler-0.9 http://www.cuil.com/twiceler/robot.html)" 0 web.hypersurf.com
38.99.44.101 - - [17/Jun/2009:22:54:06 -0700] "GET /~t290/logs/awstats.t290.lastrobots.html HTTP/1.0" 404 307 /home/users/t/t290/public_html/logs/awstats.t290.lastrobots.html "-" "Mozilla/5.0 (Twiceler-0.9 http://www.cuil.com/twiceler/robot.html)" 0 web.hypersurf.com
66.249.68.34 - - [17/Jun/2009:23:20:44 -0700] "GET /~t290/twllpicts/loonlake1/image/cards4.jpg HTTP/1.1" 304 - /home/users/t/t290/public_html/twllpicts/loonlake1/image/cards4.jpg "-" "Googlebot-Image/1.0" 0 web.hypersurf.com
38.99.44.101 - - [17/Jun/2009:23:31:24 -0700] "GET /~t290/twllpicts/loonlake1/source/12.htm HTTP/1.0" 200 658 /home/users/t/t290/public_html/twllpicts/loonlake1/source/12.htm "-" "Mozilla/5.0 (Twiceler-0.9 http://www.cuil.com/twiceler/robot.html)" 0 web.hypersurf.com
72.30.142.234 - - [18/Jun/2009:01:14:51 -0700] "GET /~t290/twllpicts/island/source/8.htm HTTP/1.0" 304 - /home/users/t/t290/public_html/twllpicts/island/source/8.htm "-" "Mozilla/5.0 (compatible; Yahoo! Slurp/3.0; http://help.yahoo.com/help/us/ysearch/slurp)" 0 web.hypersurf.com
72.30.142.234 - - [18/Jun/2009:01:51:50 -0700] "GET /~t290/logs/Oct02.html HTTP/1.0" 200 13159 /home/users/t/t290/public_html/logs/Oct02.html "-" "Mozilla/5.0 (compatible; Yahoo! Slurp/3.0; http://help.yahoo.com/help/us/ysearch/slurp)" 0 web.hypersurf.com
66.249.68.34 - - [18/Jun/2009:02:22:18 -0700] "GET /~t290/logs/Feb02.html HTTP/1.1" 200 11523 /home/users/t/t290/public_html/logs/Feb02.html "-" "Mozilla/5.0 (compatible; Googlebot/2.1; +http://www.google.com/bot.html)" 0 web.hypersurf.com
72.30.142.234 - - [18/Jun/2009:02:40:24 -0700] "GET /~t290/logs/stats-2002/Sep.wwwstats.html.gz HTTP/1.0" 404 310 /home/users/t/t290/public_html/logs/stats-2002 "-" "Mozilla/5.0 (compatible; Yahoo! Slurp/3.0; http://help.yahoo.com/help/us/ysearch/slurp)" 0 web.hypersurf.com
121.189.59.237 - - [18/Jun/2009:03:33:11 -0700] "GET /~t290/logs//PhpLinkExchange/bits_listings.php?svr_rootPhpStart=http://125.163.251.219/har/fx29id1.txt? HTTP/1.1" 404 325 /home/users/t/t290/public_html/logs//PhpLinkExchange "-" "Mozilla/5.0" 0 web.hypersurf.com
121.189.59.237 - - [18/Jun/2009:03:33:11 -0700] "GET /~t290/logs/access.log//PhpLinkExchange/bits_listings.php?svr_rootPhpStart=http://125.163.251.219/har/fx29id1.txt? HTTP/1.1" 404 336 /home/users/t/t290/public_html/logs/access.log "-" "Mozilla/5.0" 0 web.hypersurf.com
121.189.59.237 - - [18/Jun/2009:03:33:11 -0700] "GET /~t290//PhpLinkExchange/bits_listings.php?svr_rootPhpStart=http://125.163.251.219/har/fx29id1.txt? HTTP/1.1" 404 320 /home/users/t/t290/public_html/PhpLinkExchange "-" "Mozilla/5.0" 0 web.hypersurf.com
38.99.44.101 - - [18/Jun/2009:03:33:39 -0700] "GET /~t290/logs/awstats.t290.keyphrases.html HTTP/1.0" 404 307 /home/users/t/t290/public_html/logs/awstats.t290.keyphrases.html "-" "Mozilla/5.0 (Twiceler-0.9 http://www.cuil.com/twiceler/robot.html)" 0 web.hypersurf.com
121.189.59.237 - - [18/Jun/2009:03:38:13 -0700] "GET /~t290//PhpLinkExchange/bits_listings.php?svr_rootPhpStart=http://125.163.251.219/har/fx29id1.txt? HTTP/1.1" 404 320 /home/users/t/t290/public_html/PhpLinkExchange "-" "Mozilla/5.0" 0 web.hypersurf.com
121.189.59.237 - - [18/Jun/2009:03:38:14 -0700] "GET /~t290/logs/access.log//PhpLinkExchange/bits_listings.php?svr_rootPhpStart=http://125.163.251.219/har/fx29id1.txt? HTTP/1.1" 404 336 /home/users/t/t290/public_html/logs/access.log "-" "Mozilla/5.0" 0 web.hypersurf.com
121.189.59.237 - - [18/Jun/2009:03:38:14 -0700] "GET /~t290/logs//PhpLinkExchange/bits_listings.php?svr_rootPhpStart=http://125.163.251.219/har/fx29id1.txt? HTTP/1.1" 404 325 /home/users/t/t290/public_html/logs//PhpLinkExchange "-" "Mozilla/5.0" 0 web.hypersurf.com
38.99.44.101 - - [18/Jun/2009:03:41:18 -0700] "GET /~t290/twllpicts/loonlake2/source/11.htm HTTP/1.0" 200 646 /home/users/t/t290/public_html/twllpicts/loonlake2/source/11.htm "-" "Mozilla/5.0 (Twiceler-0.9 http://www.cuil.com/twiceler/robot.html)" 0 web.hypersurf.com
72.30.142.234 - - [18/Jun/2009:05:13:10 -0700] "GET /~t290/logs/Jul02.html HTTP/1.0" 200 15431 /home/users/t/t290/public_html/logs/Jul02.html "-" "Mozilla/5.0 (compatible; Yahoo! Slurp/3.0; http://help.yahoo.com/help/us/ysearch/slurp)" 0 web.hypersurf.com
66.249.68.34 - - [18/Jun/2009:05:19:50 -0700] "GET /~t290/logs/stats-2002/Jan.wwwstats.html.gz HTTP/1.1" 404 322 /home/users/t/t290/public_html/logs/stats-2002 "-" "Mozilla/5.0 (compatible; Googlebot/2.1; +http://www.google.com/bot.html)" 0 web.hypersurf.com
124.0.146.100 - - [18/Jun/2009:06:05:30 -0700] "GET /~t290/logs//PhpLinkExchange/bits_listings.php?svr_rootPhpStart=http://food114.tv/banner/shirohige/fxid.txt?? HTTP/1.1" 404 325 /home/users/t/t290/public_html/logs//PhpLinkExchange "-" "Mozilla/5.0" 0 web.hypersurf.com
124.138.156.3 - - [18/Jun/2009:06:08:30 -0700] "GET /~t290//PhpLinkExchange/bits_listings.php?svr_rootPhpStart=http://food114.tv/banner/shirohige/fxid.txt?? HTTP/1.1" 404 320 /home/users/t/t290/public_html/PhpLinkExchange "-" "Mozilla/5.0" 0 web.hypersurf.com
124.138.156.3 - - [18/Jun/2009:06:08:30 -0700] "GET /~t290/logs//PhpLinkExchange/bits_listings.php?svr_rootPhpStart=http://food114.tv/banner/shirohige/fxid.txt?? HTTP/1.1" 404 325 /home/users/t/t290/public_html/logs//PhpLinkExchange "-" "Mozilla/5.0" 0 web.hypersurf.com
124.138.156.3 - - [18/Jun/2009:06:08:30 -0700] "GET /~t290/logs/access.log//PhpLinkExchange/bits_listings.php?svr_rootPhpStart=http://food114.tv/banner/shirohige/fxid.txt?? HTTP/1.1" 404 336 /home/users/t/t290/public_html/logs/access.log "-" "Mozilla/5.0" 0 web.hypersurf.com
38.99.44.101 - - [18/Jun/2009:06:11:48 -0700] "GET /~t290/logs/awstats.t290.refererpages.html HTTP/1.0" 404 309 /home/users/t/t290/public_html/logs/awstats.t290.refererpages.html "-" "Mozilla/5.0 (Twiceler-0.9 http://www.cuil.com/twiceler/robot.html)" 0 web.hypersurf.com
72.30.142.234 - - [18/Jun/2009:07:21:32 -0700] "GET /~t290/logs/Feb02.html HTTP/1.0" 200 11523 /home/users/t/t290/public_html/logs/Feb02.html "-" "Mozilla/5.0 (compatible; Yahoo! Slurp/3.0; http://help.yahoo.com/help/us/ysearch/slurp)" 0 web.hypersurf.com
65.55.106.116 - - [18/Jun/2009:07:48:45 -0700] "GET /~t290/twllpicts/loonlake1/source/11.htm HTTP/1.1" 200 839 /home/users/t/t290/public_html/twllpicts/loonlake1/source/11.htm "-" "msnbot/2.0b (+http://search.msn.com/msnbot.htm)" 0 web.hypersurf.com
65.55.106.182 - - [18/Jun/2009:08:27:17 -0700] "GET /~t290/twllpicts/loonlake1/source/7.htm HTTP/1.1" 304 - /home/users/t/t290/public_html/twllpicts/loonlake1/source/7.htm "-" "msnbot/2.0b (+http://search.msn.com/msnbot.htm)" 0 web.hypersurf.com
65.55.230.230 - - [18/Jun/2009:08:40:43 -0700] "GET /~t290/hisierra/index.html HTTP/1.1" 200 3139 /home/users/t/t290/public_html/hisierra/index.html "-" "msnbot-media/1.1 (+http://search.msn.com/msnbot.htm)" 0 web.hypersurf.com
72.30.142.234 - - [18/Jun/2009:08:43:35 -0700] "GET /~t290/twllpicts/loonlake1/source/18.htm HTTP/1.0" 200 649 /home/users/t/t290/public_html/twllpicts/loonlake1/source/18.htm "-" "Mozilla/5.0 (compatible; Yahoo! Slurp/3.0; http://help.yahoo.com/help/us/ysearch/slurp)" 0 web.hypersurf.com
65.55.220.145 - - [18/Jun/2009:08:51:18 -0700] "GET /~t290/hisierra/03-horseshoes.mov HTTP/1.1" 200 12163084 /home/users/t/t290/public_html/hisierra/03-horseshoes.mov "-" "msnbot-media/1.1 (+http://search.msn.com/msnbot.htm)" 14 web.hypersurf.com
65.55.220.20 - - [18/Jun/2009:09:22:47 -0700] "GET /~t290/hisierra/10-obstacle.mov HTTP/1.1" 200 7045476 /home/users/t/t290/public_html/hisierra/10-obstacle.mov "-" "msnbot-media/1.1 (+http://search.msn.com/msnbot.htm)" 12 web.hypersurf.com
65.55.220.97 - - [18/Jun/2009:09:26:51 -0700] "GET /~t290/hisierra/08-saw.mov HTTP/1.1" 200 9912656 /home/users/t/t290/public_html/hisierra/08-saw.mov "-" "msnbot-media/1.1 (+http://search.msn.com/msnbot.htm)" 15 web.hypersurf.com
65.55.108.83 - - [18/Jun/2009:09:36:27 -0700] "GET /~t290/hisierra/09-waterbucket.mov HTTP/1.1" 200 24617448 /home/users/t/t290/public_html/hisierra/09-waterbucket.mov "-" "msnbot-media/1.1 (+http://search.msn.com/msnbot.htm)" 31 web.hypersurf.com
65.55.220.124 - - [18/Jun/2009:10:07:20 -0700] "GET /~t290/hisierra/02-climingwall.mov HTTP/1.1" 200 22563588 /home/users/t/t290/public_html/hisierra/02-climingwall.mov "-" "msnbot-media/1.1 (+http://search.msn.com/msnbot.htm)" 26 web.hypersurf.com
72.30.142.234 - - [18/Jun/2009:10:21:54 -0700] "GET /~t290/logs/ HTTP/1.0" 200 12360 /home/users/t/t290/public_html/logs/ "-" "Mozilla/5.0 (compatible; Yahoo! Slurp/3.0; http://help.yahoo.com/help/us/ysearch/slurp)" 1 web.hypersurf.com
65.55.231.113 - - [18/Jun/2009:10:22:03 -0700] "GET /~t290/hisierra/02-climbingwall.gif HTTP/1.1" 200 26822 /home/users/t/t290/public_html/hisierra/02-climbingwall.gif "-" "msnbot-media/1.1 (+http://search.msn.com/msnbot.htm)" 0 web.hypersurf.com
65.55.220.10 - - [18/Jun/2009:10:24:07 -0700] "GET /~t290/hisierra/05-tripod.mov HTTP/1.1" 200 14396928 /home/users/t/t290/public_html/hisierra/05-tripod.mov "-" "msnbot-media/1.1 (+http://search.msn.com/msnbot.htm)" 16 web.hypersurf.com
65.55.220.133 - - [18/Jun/2009:10:49:28 -0700] "GET /~t290/hisierra/01-tugowar.mov HTTP/1.1" 200 17722624 /home/users/t/t290/public_html/hisierra/01-tugowar.mov "-" "msnbot-media/1.1 (+http://search.msn.com/msnbot.htm)" 25 web.hypersurf.com
65.55.220.85 - - [18/Jun/2009:11:47:32 -0700] "GET /~t290/hisierra/07-nature-memory.mov HTTP/1.1" 200 13373344 /home/users/t/t290/public_html/hisierra/07-nature-memory.mov "-" "msnbot-media/1.1 (+http://search.msn.com/msnbot.htm)" 16 web.hypersurf.com
72.30.142.234 - - [18/Jun/2009:12:25:55 -0700] "GET /~t290/hisierra/index.html HTTP/1.0" 200 3139 /home/users/t/t290/public_html/hisierra/index.html "-" "Mozilla/5.0 (compatible; Yahoo! Slurp/3.0; http://help.yahoo.com/help/us/ysearch/slurp)" 0 web.hypersurf.com
38.99.44.101 - - [18/Jun/2009:13:20:47 -0700] "GET /~t290/logs/awstats.t290.lastrobo HTTP/1.0" 404 300 /home/users/t/t290/public_html/logs/awstats.t290.lastrobo "-" "Mozilla/5.0 (Twiceler-0.9 http://www.cuil.com/twiceler/robot.html)" 0 web.hypersurf.com
65.55.108.156 - - [18/Jun/2009:15:05:01 -0700] "GET /~t290/hisierra/10-obstacle.gif HTTP/1.1" 200 26904 /home/users/t/t290/public_html/hisierra/10-obstacle.gif "-" "msnbot-media/1.1 (+http://search.msn.com/msnbot.htm)" 0 web.hypersurf.com
72.30.142.234 - - [18/Jun/2009:16:19:22 -0700] "GET /~t290/logs/stats-2003/Oct.wwwstats.html.gz HTTP/1.0" 404 310 /home/users/t/t290/public_html/logs/stats-2003 "-" "Mozilla/5.0 (compatible; Yahoo! Slurp/3.0; http://help.yahoo.com/help/us/ysearch/slurp)" 0 web.hypersurf.com
38.99.44.101 - - [18/Jun/2009:16:21:07 -0700] "GET /~t290/twllpicts/loonlake1/source/22.htm HTTP/1.0" 200 646 /home/users/t/t290/public_html/twllpicts/loonlake1/source/22.htm "-" "Mozilla/5.0 (Twiceler-0.9 http://www.cuil.com/twiceler/robot.html)" 0 web.hypersurf.com
65.55.210.56 - - [18/Jun/2009:16:30:49 -0700] "GET /~t290/twllpicts/loonlake1/source/6.htm HTTP/1.1" 304 - /home/users/t/t290/public_html/twllpicts/loonlake1/source/6.htm "-" "msnbot/1.1 (+http://search.msn.com/msnbot.htm)" 0 web.hypersurf.com
72.30.142.234 - - [18/Jun/2009:16:41:55 -0700] "GET /~t290/logs/awstats.t290.keyphrases.html HTTP/1.0" 404 307 /home/users/t/t290/public_html/logs/awstats.t290.keyphrases.html "-" "Mozilla/5.0 (compatible; Yahoo! Slurp/3.0; http://help.yahoo.com/help/us/ysearch/slurp)" 0 web.hypersurf.com
38.99.44.101 - - [18/Jun/2009:17:47:56 -0700] "GET /~t290/twllpicts/loonlake1/source/15.htm HTTP/1.0" 200 643 /home/users/t/t290/public_html/twllpicts/loonlake1/source/15.htm "-" "Mozilla/5.0 (Twiceler-0.9 http://www.cuil.com/twiceler/robot.html)" 0 web.hypersurf.com
72.30.142.234 - - [18/Jun/2009:17:57:47 -0700] "GET /~t290/logs/access.log.0 HTTP/1.0" 200 7336282 /home/users/t/t290/public_html/logs/access.log.0 "-" "Mozilla/5.0 (compatible; Yahoo! Slurp/3.0; http://help.yahoo.com/help/us/ysearch/slurp)" 9 web.hypersurf.com
72.30.142.234 - - [18/Jun/2009:18:59:26 -0700] "GET /~t290/?M=A HTTP/1.0" 200 885 /home/users/t/t290/public_html/ "-" "Mozilla/5.0 (compatible; Yahoo! Slurp/3.0; http://help.yahoo.com/help/us/ysearch/slurp)" 0 web.hypersurf.com
72.30.142.234 - - [18/Jun/2009:19:11:21 -0700] "GET /~t290/twllpicts/loonlake2/ HTTP/1.0" 200 3544 /home/users/t/t290/public_html/twllpicts/loonlake2/index.htm "-" "Mozilla/5.0 (compatible; Yahoo! Slurp/3.0; http://help.yahoo.com/help/us/ysearch/slurp)" 0 web.hypersurf.com
72.30.142.234 - - [18/Jun/2009:19:26:45 -0700] "GET /~t290/logs/?D=D HTTP/1.0" 200 12360 /home/users/t/t290/public_html/logs/ "-" "Mozilla/5.0 (compatible; Yahoo! Slurp/3.0; http://help.yahoo.com/help/us/ysearch/slurp)" 0 web.hypersurf.com
87.230.22.39 - - [18/Jun/2009:20:23:26 -0700] "GET /~t290/logs/access.log//PhpLinkExchange/bits_listings.php?svr_rootP=http://kotz.org/images/extras/id.txt??? HTTP/1.1" 404 336 /home/users/t/t290/public_html/logs/access.log "-" "Mozilla/5.0" 0 web.hypersurf.com
87.230.22.39 - - [18/Jun/2009:20:23:26 -0700] "GET /~t290//PhpLinkExchange/bits_listings.php?svr_rootP=http://kotz.org/images/extras/id.txt??? HTTP/1.1" 404 320 /home/users/t/t290/public_html/PhpLinkExchange "-" "Mozilla/5.0" 0 web.hypersurf.com
87.230.22.39 - - [18/Jun/2009:20:23:26 -0700] "GET /~t290/logs//PhpLinkExchange/bits_listings.php?svr_rootP=http://kotz.org/images/extras/id.txt??? HTTP/1.1" 404 325 /home/users/t/t290/public_html/logs//PhpLinkExchange "-" "Mozilla/5.0" 0 web.hypersurf.com
65.55.231.115 - - [18/Jun/2009:21:32:50 -0700] "GET /~t290/hisierra/07-nature-memory.gif HTTP/1.1" 200 24522 /home/users/t/t290/public_html/hisierra/07-nature-memory.gif "-" "msnbot-media/1.1 (+http://search.msn.com/msnbot.htm)" 0 web.hypersurf.com
66.249.67.116 - - [18/Jun/2009:21:40:06 -0700] "GET /~t290/twllpicts/loonlake1/source/10.htm HTTP/1.1" 200 654 /home/users/t/t290/public_html/twllpicts/loonlake1/source/10.htm "-" "Mozilla/5.0 (compatible; Googlebot/2.1; +http://www.google.com/bot.html)" 0 web.hypersurf.com
72.30.142.234 - - [18/Jun/2009:21:47:58 -0700] "GET /~t290/logs/stats-2002/Jul.wwwstats.html.gz HTTP/1.0" 404 310 /home/users/t/t290/public_html/logs/stats-2002 "-" "Mozilla/5.0 (compatible; Yahoo! Slurp/3.0; http://help.yahoo.com/help/us/ysearch/slurp)" 0 web.hypersurf.com
208.115.111.250 - - [18/Jun/2009:22:06:34 -0700] "GET /~t290/twllpicts/island/ HTTP/1.1" 200 5109 /home/users/t/t290/public_html/twllpicts/island/index.htm "-" "Mozilla/5.0 (compatible; DotBot/1.1; http://www.dotnetdotcom.org/, crawler@dotnetdotcom.org)" 0 web.hypersurf.com
208.115.111.250 - - [18/Jun/2009:22:06:39 -0700] "GET /~t290/twllpicts/loonlake1/ HTTP/1.1" 200 5600 /home/users/t/t290/public_html/twllpicts/loonlake1/index.htm "-" "Mozilla/5.0 (compatible; DotBot/1.1; http://www.dotnetdotcom.org/, crawler@dotnetdotcom.org)" 0 web.hypersurf.com
208.115.111.250 - - [18/Jun/2009:22:06:45 -0700] "GET /~t290/twllpicts/loonlake2/ HTTP/1.1" 200 3544 /home/users/t/t290/public_html/twllpicts/loonlake2/index.htm "-" "Mozilla/5.0 (compatible; DotBot/1.1; http://www.dotnetdotcom.org/, crawler@dotnetdotcom.org)" 0 web.hypersurf.com
72.30.142.234 - - [18/Jun/2009:22:16:04 -0700] "GET /~t290/?M=D HTTP/1.0" 200 885 /home/users/t/t290/public_html/ "-" "Mozilla/5.0 (compatible; Yahoo! Slurp/3.0; http://help.yahoo.com/help/us/ysearch/slurp)" 0 web.hypersurf.com
72.30.142.234 - - [18/Jun/2009:22:28:17 -0700] "GET /~t290/logs/Nov03.html HTTP/1.0" 200 18966 /home/users/t/t290/public_html/logs/Nov03.html "-" "Mozilla/5.0 (compatible; Yahoo! Slurp/3.0; http://help.yahoo.com/help/us/ysearch/slurp)" 0 web.hypersurf.com
66.249.67.116 - - [18/Jun/2009:23:23:32 -0700] "GET /~t290/twllpicts/loonlake1/source/13.htm HTTP/1.1" 200 646 /home/users/t/t290/public_html/twllpicts/loonlake1/source/13.htm "-" "Mozilla/5.0 (compatible; Googlebot/2.1; +http://www.google.com/bot.html)" 0 web.hypersurf.com
66.249.67.116 - - [18/Jun/2009:23:51:33 -0700] "GET /~t290/twllpicts/loonlake1/source/16.htm HTTP/1.1" 200 655 /home/users/t/t290/public_html/twllpicts/loonlake1/source/16.htm "-" "Mozilla/5.0 (compatible; Googlebot/2.1; +http://www.google.com/bot.html)" 0 web.hypersurf.com
65.55.210.59 - - [19/Jun/2009:00:53:43 -0700] "GET /~t290/twllpicts/island/index.htm HTTP/1.1" 304 - /home/users/t/t290/public_html/twllpicts/island/index.htm "-" "msnbot/1.1 (+http://search.msn.com/msnbot.htm)" 0 web.hypersurf.com
72.30.142.234 - - [19/Jun/2009:02:05:37 -0700] "GET /~t290/logs/awstats.t290.urlexit.html HTTP/1.0" 404 304 /home/users/t/t290/public_html/logs/awstats.t290.urlexit.html "-" "Mozilla/5.0 (compatible; Yahoo! Slurp/3.0; http://help.yahoo.com/help/us/ysearch/slurp)" 0 web.hypersurf.com
72.30.142.234 - - [19/Jun/2009:02:17:30 -0700] "GET /~t290/twllpicts/loonlake1/index.htm HTTP/1.0" 200 5600 /home/users/t/t290/public_html/twllpicts/loonlake1/index.htm "-" "Mozilla/5.0 (compatible; Yahoo! Slurp/3.0; http://help.yahoo.com/help/us/ysearch/slurp)" 0 web.hypersurf.com
72.30.142.234 - - [19/Jun/2009:02:38:56 -0700] "GET /~t290/logs/Jun03.html HTTP/1.0" 200 19572 /home/users/t/t290/public_html/logs/Jun03.html "-" "Mozilla/5.0 (compatible; Yahoo! Slurp/3.0; http://help.yahoo.com/help/us/ysearch/slurp)" 1 web.hypersurf.com
66.249.67.34 - - [19/Jun/2009:03:13:46 -0700] "GET /~t290/twllpicts/loonlake2/ HTTP/1.1" 200 3544 /home/users/t/t290/public_html/twllpicts/loonlake2/index.htm "-" "Mozilla/5.0 (compatible; Googlebot/2.1; +http://www.google.com/bot.html)" 0 web.hypersurf.com
65.55.210.54 - - [19/Jun/2009:03:18:01 -0700] "GET /~t290/twllpicts/island/source/16.htm HTTP/1.1" 200 648 /home/users/t/t290/public_html/twllpicts/island/source/16.htm "-" "msnbot/1.1 (+http://search.msn.com/msnbot.htm)" 0 web.hypersurf.com
66.249.67.34 - - [19/Jun/2009:03:48:39 -0700] "GET /~t290/twllpicts/loonlake2/source/7.htm HTTP/1.1" 200 646 /home/users/t/t290/public_html/twllpicts/loonlake2/source/7.htm "-" "Mozilla/5.0 (compatible; Googlebot/2.1; +http://www.google.com/bot.html)" 0 web.hypersurf.com
65.55.108.161 - - [19/Jun/2009:04:02:48 -0700] "GET /~t290/hisierra/05-tripod.gif HTTP/1.1" 200 27208 /home/users/t/t290/public_html/hisierra/05-tripod.gif "-" "msnbot-media/1.1 (+http://search.msn.com/msnbot.htm)" 0 web.hypersurf.com
72.30.142.234 - - [19/Jun/2009:04:04:39 -0700] "GET /~t290/logs/Mar02.html HTTP/1.0" 200 9008 /home/users/t/t290/public_html/logs/Mar02.html "-" "Mozilla/5.0 (compatible; Yahoo! Slurp/3.0; http://help.yahoo.com/help/us/ysearch/slurp)" 0 web.hypersurf.com
72.30.142.234 - - [19/Jun/2009:04:27:48 -0700] "GET /~t290/logs/May02.html HTTP/1.0" 200 18335 /home/users/t/t290/public_html/logs/May02.html "-" "Mozilla/5.0 (compatible; Yahoo! Slurp/3.0; http://help.yahoo.com/help/us/ysearch/slurp)" 0 web.hypersurf.com
66.249.67.34 - - [19/Jun/2009:05:23:25 -0700] "GET /~t290/twllpicts/loonlake1/source/25.htm HTTP/1.1" 200 577 /home/users/t/t290/public_html/twllpicts/loonlake1/source/25.htm "-" "Mozilla/5.0 (compatible; Googlebot/2.1; +http://www.google.com/bot.html)" 0 web.hypersurf.com
72.30.142.234 - - [19/Jun/2009:05:39:43 -0700] "GET /~t290/logs/Aug03.html HTTP/1.0" 200 12524 /home/users/t/t290/public_html/logs/Aug03.html "-" "Mozilla/5.0 (compatible; Yahoo! Slurp/3.0; http://help.yahoo.com/help/us/ysearch/slurp)" 0 web.hypersurf.com
72.30.142.234 - - [19/Jun/2009:06:37:12 -0700] "GET /~t290/logs/Nov02.html HTTP/1.0" 200 14631 /home/users/t/t290/public_html/logs/Nov02.html "-" "Mozilla/5.0 (compatible; Yahoo! Slurp/3.0; http://help.yahoo.com/help/us/ysearch/slurp)" 0 web.hypersurf.com
72.30.142.234 - - [19/Jun/2009:06:46:53 -0700] "GET /~t290/logs/?N=A HTTP/1.0" 200 12360 /home/users/t/t290/public_html/logs/ "-" "Mozilla/5.0 (compatible; Yahoo! Slurp/3.0; http://help.yahoo.com/help/us/ysearch/slurp)" 0 web.hypersurf.com
65.55.231.65 - - [19/Jun/2009:08:23:46 -0700] "GET /~t290/hisierra/11-matchsplit.gif HTTP/1.1" 200 24937 /home/users/t/t290/public_html/hisierra/11-matchsplit.gif "-" "msnbot-media/1.1 (+http://search.msn.com/msnbot.htm)" 0 web.hypersurf.com
65.55.231.104 - - [19/Jun/2009:08:37:24 -0700] "GET /~t290/hisierra/08-saw.gif HTTP/1.1" 200 22597 /home/users/t/t290/public_html/hisierra/08-saw.gif "-" "msnbot-media/1.1 (+http://search.msn.com/msnbot.htm)" 0 web.hypersurf.com
65.55.231.66 - - [19/Jun/2009:08:55:27 -0700] "GET /~t290/hisierra/04-natureQ.gif HTTP/1.1" 200 22999 /home/users/t/t290/public_html/hisierra/04-natureQ.gif "-" "msnbot-media/1.1 (+http://search.msn.com/msnbot.htm)" 0 web.hypersurf.com
83.167.62.182 - - [19/Jun/2009:09:34:21 -0700] "GET /~t290/hisierra/07-nature-memory.gif HTTP/1.1" 200 24522 /home/users/t/t290/public_html/hisierra/07-nature-memory.gif "http://www.exalead.com/" "Mozilla/5.0 (compatible; Exabot-Images/3.0; +http://www.exabot.com/go/robot)" 0 web.hypersurf.com
72.30.142.234 - - [19/Jun/2009:10:17:00 -0700] "GET /~t290/logs/stats-2003/Jul.wwwstats.html.gz HTTP/1.0" 404 310 /home/users/t/t290/public_html/logs/stats-2003 "-" "Mozilla/5.0 (compatible; Yahoo! Slurp/3.0; http://help.yahoo.com/help/us/ysearch/slurp)" 0 web.hypersurf.com
72.30.142.234 - - [19/Jun/2009:10:41:02 -0700] "GET /~t290/logs/awstats.t290.browserdetail.html HTTP/1.0" 404 310 /home/users/t/t290/public_html/logs/awstats.t290.browserdetail.html "-" "Mozilla/5.0 (compatible; Yahoo! Slurp/3.0; http://help.yahoo.com/help/us/ysearch/slurp)" 0 web.hypersurf.com
72.30.142.234 - - [19/Jun/2009:11:00:12 -0700] "GET /~t290/logs/access.log.1.gz HTTP/1.0" 200 467369 /home/users/t/t290/public_html/logs/access.log.1.gz "-" "Mozilla/5.0 (compatible; Yahoo! Slurp/3.0; http://help.yahoo.com/help/us/ysearch/slurp)" 1 web.hypersurf.com
72.30.142.234 - - [19/Jun/2009:12:01:43 -0700] "GET /~t290/logs/Jan02.html HTTP/1.0" 200 16186 /home/users/t/t290/public_html/logs/Jan02.html "-" "Mozilla/5.0 (compatible; Yahoo! Slurp/3.0; http://help.yahoo.com/help/us/ysearch/slurp)" 0 web.hypersurf.com
66.249.67.34 - - [19/Jun/2009:13:15:34 -0700] "GET /~t290/twllpicts/island/source/17.htm HTTP/1.1" 200 675 /home/users/t/t290/public_html/twllpicts/island/source/17.htm "-" "Mozilla/5.0 (compatible; Googlebot/2.1; +http://www.google.com/bot.html)" 0 web.hypersurf.com
72.30.142.234 - - [19/Jun/2009:15:51:36 -0700] "GET /~t290/twllpicts/island/source/4.htm HTTP/1.0" 200 645 /home/users/t/t290/public_html/twllpicts/island/source/4.htm "-" "Mozilla/5.0 (compatible; Yahoo! Slurp/3.0; http://help.yahoo.com/help/us/ysearch/slurp)" 0 web.hypersurf.com
83.167.62.182 - - [19/Jun/2009:16:16:16 -0700] "GET /~t290/hisierra/04-natureQ.gif HTTP/1.1" 200 22999 /home/users/t/t290/public_html/hisierra/04-natureQ.gif "http://www.exalead.com/" "Mozilla/5.0 (compatible; Exabot-Images/3.0; +http://www.exabot.com/go/robot)" 0 web.hypersurf.com
66.249.67.34 - - [19/Jun/2009:17:47:10 -0700] "GET /~t290/twllpicts/loonlake1/source/17.htm HTTP/1.1" 200 652 /home/users/t/t290/public_html/twllpicts/loonlake1/source/17.htm "-" "Mozilla/5.0 (compatible; Googlebot/2.1; +http://www.google.com/bot.html)" 0 web.hypersurf.com
66.249.67.116 - - [19/Jun/2009:18:30:38 -0700] "GET /~t290/twllpicts/loonlake1/source/17.htm HTTP/1.1" 200 652 /home/users/t/t290/public_html/twllpicts/loonlake1/source/17.htm "-" "Mozilla/5.0 (compatible; Googlebot/2.1; +http://www.google.com/bot.html)" 0 web.hypersurf.com
72.30.142.234 - - [19/Jun/2009:19:09:15 -0700] "GET /~t290/logs/Dec03.html HTTP/1.0" 200 17202 /home/users/t/t290/public_html/logs/Dec03.html "-" "Mozilla/5.0 (compatible; Yahoo! Slurp/3.0; http://help.yahoo.com/help/us/ysearch/slurp)" 0 web.hypersurf.com
66.249.67.34 - - [19/Jun/2009:19:14:17 -0700] "GET /~t290/twllpicts/island/source/9.htm HTTP/1.1" 200 646 /home/users/t/t290/public_html/twllpicts/island/source/9.htm "-" "Mozilla/5.0 (compatible; Googlebot/2.1; +http://www.google.com/bot.html)" 0 web.hypersurf.com
72.30.142.234 - - [19/Jun/2009:19:39:52 -0700] "GET /~t290/logs/?D=D HTTP/1.0" 200 12360 /home/users/t/t290/public_html/logs/ "-" "Mozilla/5.0 (compatible; Yahoo! Slurp/3.0; http://help.yahoo.com/help/us/ysearch/slurp)" 1 web.hypersurf.com
66.249.67.34 - - [19/Jun/2009:20:11:02 -0700] "GET /~t290/twllpicts/island/ HTTP/1.1" 200 5109 /home/users/t/t290/public_html/twllpicts/island/index.htm "-" "Mozilla/5.0 (compatible; Googlebot/2.1; +http://www.google.com/bot.html)" 0 web.hypersurf.com
72.30.142.234 - - [20/Jun/2009:00:39:01 -0700] "GET /~t290/?D=D HTTP/1.0" 200 885 /home/users/t/t290/public_html/ "-" "Mozilla/5.0 (compatible; Yahoo! Slurp/3.0; http://help.yahoo.com/help/us/ysearch/slurp)" 0 web.hypersurf.com
195.34.78.110 - - [20/Jun/2009:01:35:57 -0700] "GET /~t290//PhpLinkExchange/bits_listings.php?svr_rootP=http://www.unreals.co.cc/idxx.txt?? HTTP/1.1" 404 320 /home/users/t/t290/public_html/PhpLinkExchange "-" "Mozilla/5.0" 0 web.hypersurf.com
195.34.78.110 - - [20/Jun/2009:01:35:57 -0700] "GET /~t290/logs//PhpLinkExchange/bits_listings.php?svr_rootP=http://www.unreals.co.cc/idxx.txt?? HTTP/1.1" 404 325 /home/users/t/t290/public_html/logs//PhpLinkExchange "-" "Mozilla/5.0" 0 web.hypersurf.com
195.34.78.110 - - [20/Jun/2009:01:35:57 -0700] "GET /~t290/logs/access.log//PhpLinkExchange/bits_listings.php?svr_rootP=http://www.unreals.co.cc/idxx.txt?? HTTP/1.1" 404 336 /home/users/t/t290/public_html/logs/access.log "-" "Mozilla/5.0" 0 web.hypersurf.com
65.55.210.47 - - [20/Jun/2009:01:59:59 -0700] "GET /~t290/twllpicts/loonlake1/source/11.htm HTTP/1.1" 304 - /home/users/t/t290/public_html/twllpicts/loonlake1/source/11.htm "-" "msnbot/1.1 (+http://search.msn.com/msnbot.htm)" 0 web.hypersurf.com
66.249.67.34 - - [20/Jun/2009:03:02:48 -0700] "GET /~t290/twllpicts/ HTTP/1.1" 200 1046 /home/users/t/t290/public_html/twllpicts/index.htm "-" "Mozilla/5.0 (compatible; Googlebot/2.1; +http://www.google.com/bot.html)" 0 web.hypersurf.com
66.249.67.34 - - [20/Jun/2009:03:41:24 -0700] "GET /~t290/twllpicts/island/image/island_camp4.jpg HTTP/1.1" 304 - /home/users/t/t290/public_html/twllpicts/island/image/island_camp4.jpg "-" "Googlebot-Image/1.0" 0 web.hypersurf.com
72.30.142.234 - - [20/Jun/2009:05:49:47 -0700] "GET /~t290/logs/Apr03.html HTTP/1.0" 200 20305 /home/users/t/t290/public_html/logs/Apr03.html "-" "Mozilla/5.0 (compatible; Yahoo! Slurp/3.0; http://help.yahoo.com/help/us/ysearch/slurp)" 0 web.hypersurf.com
72.30.142.234 - - [20/Jun/2009:06:57:51 -0700] "GET /~t290/logs/stats-2002/Dec.wwwstats.html.gz HTTP/1.0" 404 310 /home/users/t/t290/public_html/logs/stats-2002 "-" "Mozilla/5.0 (compatible; Yahoo! Slurp/3.0; http://help.yahoo.com/help/us/ysearch/slurp)" 0 web.hypersurf.com
72.30.142.234 - - [20/Jun/2009:10:54:26 -0700] "GET /~t290/?S=A HTTP/1.0" 200 885 /home/users/t/t290/public_html/ "-" "Mozilla/5.0 (compatible; Yahoo! Slurp/3.0; http://help.yahoo.com/help/us/ysearch/slurp)" 0 web.hypersurf.com
72.30.142.234 - - [20/Jun/2009:12:08:28 -0700] "GET /~t290/twllpicts/island/source/7.htm HTTP/1.0" 200 666 /home/users/t/t290/public_html/twllpicts/island/source/7.htm "-" "Mozilla/5.0 (compatible; Yahoo! Slurp/3.0; http://help.yahoo.com/help/us/ysearch/slurp)" 0 web.hypersurf.com
72.30.142.234 - - [20/Jun/2009:12:13:12 -0700] "GET /~t290/ HTTP/1.0" 200 885 /home/users/t/t290/public_html/ "-" "Mozilla/5.0 (compatible; Yahoo! Slurp/3.0; http://help.yahoo.com/help/us/ysearch/slurp)" 0 web.hypersurf.com
72.30.142.234 - - [20/Jun/2009:12:29:37 -0700] "GET /~t290/logs/Sep03.html HTTP/1.0" 200 14949 /home/users/t/t290/public_html/logs/Sep03.html "-" "Mozilla/5.0 (compatible; Yahoo! Slurp/3.0; http://help.yahoo.com/help/us/ysearch/slurp)" 0 web.hypersurf.com
72.30.142.234 - - [20/Jun/2009:15:05:39 -0700] "GET /~t290/logs/May03.html HTTP/1.0" 200 9947 /home/users/t/t290/public_html/logs/May03.html "-" "Mozilla/5.0 (compatible; Yahoo! Slurp/3.0; http://help.yahoo.com/help/us/ysearch/slurp)" 0 web.hypersurf.com
66.249.67.34 - - [20/Jun/2009:15:47:33 -0700] "GET /~t290/twllpicts/loonlake1/source/22.htm HTTP/1.1" 200 646 /home/users/t/t290/public_html/twllpicts/loonlake1/source/22.htm "-" "Mozilla/5.0 (compatible; Googlebot/2.1; +http://www.google.com/bot.html)" 0 web.hypersurf.com
65.55.106.109 - - [20/Jun/2009:15:59:15 -0700] "GET /~t290/twllpicts/island/source/11.htm HTTP/1.1" 200 654 /home/users/t/t290/public_html/twllpicts/island/source/11.htm "-" "msnbot/2.0b (+http://search.msn.com/msnbot.htm)" 0 web.hypersurf.com
72.30.142.234 - - [20/Jun/2009:17:32:26 -0700] "GET /~t290/logs/awstats.t290.keywords.html HTTP/1.0" 404 305 /home/users/t/t290/public_html/logs/awstats.t290.keywords.html "-" "Mozilla/5.0 (compatible; Yahoo! Slurp/3.0; http://help.yahoo.com/help/us/ysearch/slurp)" 0 web.hypersurf.com
66.249.67.116 - - [20/Jun/2009:19:01:58 -0700] "GET /~t290/twllpicts/loonlake2/source/6.htm HTTP/1.1" 200 646 /home/users/t/t290/public_html/twllpicts/loonlake2/source/6.htm "-" "Mozilla/5.0 (compatible; Googlebot/2.1; +http://www.google.com/bot.html)" 0 web.hypersurf.com
72.30.142.234 - - [20/Jun/2009:19:03:21 -0700] "GET /~t290/logs/?M=D HTTP/1.0" 200 12360 /home/users/t/t290/public_html/logs/ "-" "Mozilla/5.0 (compatible; Yahoo! Slurp/3.0; http://help.yahoo.com/help/us/ysearch/slurp)" 0 web.hypersurf.com
66.249.67.116 - - [20/Jun/2009:19:10:34 -0700] "GET /~t290/twllpicts/loonlake1/source/22.htm HTTP/1.1" 200 646 /home/users/t/t290/public_html/twllpicts/loonlake1/source/22.htm "-" "Mozilla/5.0 (compatible; Googlebot/2.1; +http://www.google.com/bot.html)" 0 web.hypersurf.com
65.55.220.196 - - [20/Jun/2009:20:51:56 -0700] "GET /~t290/hisierra/index.html HTTP/1.1" 200 3139 /home/users/t/t290/public_html/hisierra/index.html "-" "WinHttp" 0 web.hypersurf.com
65.55.220.196 - - [20/Jun/2009:20:51:56 -0700] "GET /~t290/hisierra/10-obstacle.mov HTTP/1.1" 200 32768 /home/users/t/t290/public_html/hisierra/10-obstacle.mov "-" "WinHttp" 0 web.hypersurf.com
66.249.67.34 - - [20/Jun/2009:21:19:16 -0700] "GET /~t290/twllpicts/island/source/22.htm HTTP/1.1" 200 594 /home/users/t/t290/public_html/twllpicts/island/source/22.htm "-" "Mozilla/5.0 (compatible; Googlebot/2.1; +http://www.google.com/bot.html)" 0 web.hypersurf.com
66.249.67.34 - - [20/Jun/2009:21:27:50 -0700] "GET /~t290/twllpicts/loonlake2/source/6.htm HTTP/1.1" 200 646 /home/users/t/t290/public_html/twllpicts/loonlake2/source/6.htm "-" "Mozilla/5.0 (compatible; Googlebot/2.1; +http://www.google.com/bot.html)" 0 web.hypersurf.com
66.249.67.34 - - [20/Jun/2009:21:56:23 -0700] "GET /~t290/twllpicts/loonlake1/source/16.htm HTTP/1.1" 200 655 /home/users/t/t290/public_html/twllpicts/loonlake1/source/16.htm "-" "Mozilla/5.0 (compatible; Googlebot/2.1; +http://www.google.com/bot.html)" 0 web.hypersurf.com
66.249.67.116 - - [20/Jun/2009:21:59:04 -0700] "GET /~t290/twllpicts/loonlake2/source/7.htm HTTP/1.1" 200 646 /home/users/t/t290/public_html/twllpicts/loonlake2/source/7.htm "-" "Mozilla/5.0 (compatible; Googlebot/2.1; +http://www.google.com/bot.html)" 0 web.hypersurf.com
72.30.142.234 - - [20/Jun/2009:22:17:15 -0700] "GET /~t290/logs/?M=A HTTP/1.0" 200 12360 /home/users/t/t290/public_html/logs/ "-" "Mozilla/5.0 (compatible; Yahoo! Slurp/3.0; http://help.yahoo.com/help/us/ysearch/slurp)" 0 web.hypersurf.com
72.30.142.234 - - [20/Jun/2009:22:17:19 -0700] "GET /~t290/logs/Jan03.html HTTP/1.0" 200 14819 /home/users/t/t290/public_html/logs/Jan03.html "-" "Mozilla/5.0 (compatible; Yahoo! Slurp/3.0; http://help.yahoo.com/help/us/ysearch/slurp)" 0 web.hypersurf.com
72.30.142.234 - - [20/Jun/2009:22:19:57 -0700] "GET /~t290/logs/access.log.2.gz HTTP/1.0" 304 - /home/users/t/t290/public_html/logs/access.log.2.gz "-" "Mozilla/5.0 (compatible; Yahoo! Slurp/3.0; http://help.yahoo.com/help/us/ysearch/slurp)" 0 web.hypersurf.com
72.30.142.234 - - [20/Jun/2009:22:24:45 -0700] "GET /~t290/logs/access.log HTTP/1.0" 200 283870 /home/users/t/t290/public_html/logs/access.log "-" "Mozilla/5.0 (compatible; Yahoo! Slurp/3.0; http://help.yahoo.com/help/us/ysearch/slurp)" 1 web.hypersurf.com
66.249.67.116 - - [20/Jun/2009:22:25:03 -0700] "GET /~t290/twllpicts/loonlake1/source/21.htm HTTP/1.1" 200 646 /home/users/t/t290/public_html/twllpicts/loonlake1/source/21.htm "-" "Mozilla/5.0 (compatible; Googlebot/2.1; +http://www.google.com/bot.html)" 0 web.hypersurf.com
66.249.67.34 - - [20/Jun/2009:22:30:08 -0700] "GET /~t290/twllpicts/island/source/15.htm HTTP/1.1" 200 645 /home/users/t/t290/public_html/twllpicts/island/source/15.htm "-" "Mozilla/5.0 (compatible; Googlebot/2.1; +http://www.google.com/bot.html)" 0 web.hypersurf.com
72.30.142.125 - - [20/Jun/2009:23:12:37 -0700] "GET /~t290/twllpicts/island/source/19.htm HTTP/1.0" 200 663 /home/users/t/t290/public_html/twllpicts/island/source/19.htm "-" "Mozilla/5.0 (compatible; Yahoo! Slurp/3.0; http://help.yahoo.com/help/us/ysearch/slurp)" 0 web.hypersurf.com
66.249.67.116 - - [20/Jun/2009:23:52:03 -0700] "GET /~t290/twllpicts/loonlake1/source/16.htm HTTP/1.1" 200 655 /home/users/t/t290/public_html/twllpicts/loonlake1/source/16.htm "-" "Mozilla/5.0 (compatible; Googlebot/2.1; +http://www.google.com/bot.html)" 0 web.hypersurf.com
66.249.67.34 - - [20/Jun/2009:23:57:52 -0700] "GET /~t290/twllpicts/island/image/island_sunset3.jpg HTTP/1.1" 304 - /home/users/t/t290/public_html/twllpicts/island/image/island_sunset3.jpg "-" "Googlebot-Image/1.0" 0 web.hypersurf.com
66.249.67.116 - - [21/Jun/2009:00:26:30 -0700] "GET /~t290/twllpicts/loonlake2/source/8.htm HTTP/1.1" 200 646 /home/users/t/t290/public_html/twllpicts/loonlake2/source/8.htm "-" "Mozilla/5.0 (compatible; Googlebot/2.1; +http://www.google.com/bot.html)" 0 web.hypersurf.com
72.30.142.234 - - [21/Jun/2009:00:33:52 -0700] "GET /~t290/logs/Feb02.html HTTP/1.0" 304 - /home/users/t/t290/public_html/logs/Feb02.html "-" "Mozilla/5.0 (compatible; Yahoo! Slurp/3.0; http://help.yahoo.com/help/us/ysearch/slurp)" 0 web.hypersurf.com
66.249.67.116 - - [21/Jun/2009:02:30:35 -0700] "GET /~t290/twllpicts/loonlake1/source/15.htm HTTP/1.1" 200 643 /home/users/t/t290/public_html/twllpicts/loonlake1/source/15.htm "-" "Mozilla/5.0 (compatible; Googlebot/2.1; +http://www.google.com/bot.html)" 0 web.hypersurf.com
66.249.67.116 - - [21/Jun/2009:02:37:32 -0700] "GET /~t290/twllpicts/loonlake2/source/9.htm HTTP/1.1" 200 656 /home/users/t/t290/public_html/twllpicts/loonlake2/source/9.htm "-" "Mozilla/5.0 (compatible; Googlebot/2.1; +http://www.google.com/bot.html)" 0 web.hypersurf.com
72.30.142.125 - - [21/Jun/2009:06:09:13 -0700] "GET /~t290/twllpicts/island/source/19.htm HTTP/1.0" 304 - /home/users/t/t290/public_html/twllpicts/island/source/19.htm "-" "Mozilla/5.0 (compatible; Yahoo! Slurp/3.0; http://help.yahoo.com/help/us/ysearch/slurp)" 0 web.hypersurf.com
65.55.210.44 - - [21/Jun/2009:06:54:00 -0700] "GET /~t290/twllpicts/island/source/17.htm HTTP/1.1" 304 - /home/users/t/t290/public_html/twllpicts/island/source/17.htm "-" "msnbot/1.1 (+http://search.msn.com/msnbot.htm)" 0 web.hypersurf.com
65.55.230.229 - - [21/Jun/2009:07:02:05 -0700] "GET /~t290/twllpicts/loonlake1/source/9.htm HTTP/1.1" 200 650 /home/users/t/t290/public_html/twllpicts/loonlake1/source/9.htm "-" "msnbot-media/1.1 (+http://search.msn.com/msnbot.htm)" 0 web.hypersurf.com
72.30.142.234 - - [21/Jun/2009:08:00:12 -0700] "GET /~t290/logs/current.html HTTP/1.0" 200 17154 /home/users/t/t290/public_html/logs/current.html "-" "Mozilla/5.0 (compatible; Yahoo! Slurp/3.0; http://help.yahoo.com/help/us/ysearch/slurp)" 1 web.hypersurf.com
72.30.142.234 - - [21/Jun/2009:09:32:27 -0700] "GET /~t290/logs/access.log HTTP/1.0" 200 287572 /home/users/t/t290/public_html/logs/access.log "-" "Mozilla/5.0 (compatible; Yahoo! Slurp/3.0; http://help.yahoo.com/help/us/ysearch/slurp)" 1 web.hypersurf.com
72.30.142.234 - - [21/Jun/2009:10:39:27 -0700] "GET /~t290/twllpicts/loonlake1/source/23.htm HTTP/1.0" 200 652 /home/users/t/t290/public_html/twllpicts/loonlake1/source/23.htm "-" "Mozilla/5.0 (compatible; Yahoo! Slurp/3.0; http://help.yahoo.com/help/us/ysearch/slurp)" 0 web.hypersurf.com
72.30.142.234 - - [22/Jun/2009:00:22:49 -0700] "GET /~t290/logs/stats-2001/Dec.wwwstats.html.gz HTTP/1.0" 404 310 /home/users/t/t290/public_html/logs/stats-2001 "-" "Mozilla/5.0 (compatible; Yahoo! Slurp/3.0; http://help.yahoo.com/help/us/ysearch/slurp)" 0 web.hypersurf.com
72.30.142.234 - - [22/Jun/2009:00:23:04 -0700] "GET /~t290/logs/total.html HTTP/1.0" 200 17202 /home/users/t/t290/public_html/logs/total.html "-" "Mozilla/5.0 (compatible; Yahoo! Slurp/3.0; http://help.yahoo.com/help/us/ysearch/slurp)" 0 web.hypersurf.com
72.30.12.110 - - [22/Jun/2009:01:33:00 -0700] "GET /~t290/hisierra/03-horseshoes.mov HTTP/1.0" 200 32768 /home/users/t/t290/public_html/hisierra/03-horseshoes.mov "-" "Mozilla/5.0 (Yahoo-Test/4.0; mailto:vertical-crawl-support@yahoo-inc.com)" 0 web.hypersurf.com
72.30.12.110 - - [22/Jun/2009:01:37:50 -0700] "GET /~t290/hisierra HTTP/1.0" 301 318 /home/users/t/t290/public_html/hisierra "-" "Mozilla/5.0 (Yahoo-Test/4.0; mailto:vertical-crawl-support@yahoo-inc.com)" 0 web.hypersurf.com
72.30.12.110 - - [22/Jun/2009:01:37:50 -0700] "GET /~t290/hisierra/ HTTP/1.0" 200 3139 /home/users/t/t290/public_html/hisierra/index.html "http://www.hypersurf.com/~t290/hisierra#YSc2MAowCg--" "Mozilla/5.0 (Yahoo-Test/4.0; mailto:vertical-crawl-support@yahoo-inc.com)" 0 web.hypersurf.com
65.55.231.72 - - [22/Jun/2009:04:21:20 -0700] "GET /~t290/twllpicts/loonlake1/image/swamped2.jpg HTTP/1.1" 200 63658 /home/users/t/t290/public_html/twllpicts/loonlake1/image/swamped2.jpg "-" "msnbot-media/1.1 (+http://search.msn.com/msnbot.htm)" 0 web.hypersurf.com
72.30.87.95 - - [22/Jun/2009:08:27:12 -0700] "GET /~t290/logs/?D=D HTTP/1.0" 200 12360 /home/users/t/t290/public_html/logs/ "-" "Mozilla/5.0 (compatible; Yahoo! Slurp/3.0; http://help.yahoo.com/help/us/ysearch/slurp)" 0 web.hypersurf.com
72.30.142.234 - - [22/Jun/2009:10:47:15 -0700] "GET /~t290/logs/access.log.0 HTTP/1.0" 304 - /home/users/t/t290/public_html/logs/access.log.0 "-" "Mozilla/5.0 (compatible; Yahoo! Slurp/3.0; http://help.yahoo.com/help/us/ysearch/slurp)" 0 web.hypersurf.com
74.6.8.114 - - [22/Jun/2009:11:19:26 -0700] "GET /~t290/logs/access.log HTTP/1.0" 200 290187 /home/users/t/t290/public_html/logs/access.log "-" "Mozilla/5.0 (compatible; Yahoo! Slurp/3.0; http://help.yahoo.com/help/us/ysearch/slurp)" 1 web.hypersurf.com
72.30.142.98 - - [22/Jun/2009:11:57:36 -0700] "GET /~t290/logs/access.log HTTP/1.0" 200 290441 /home/users/t/t290/public_html/logs/access.log "-" "Mozilla/5.0 (compatible; Yahoo! Slurp/3.0; http://help.yahoo.com/help/us/ysearch/slurp)" 1 web.hypersurf.com
72.30.142.234 - - [22/Jun/2009:13:10:30 -0700] "GET /~t290/logs/Jul02.html HTTP/1.0" 200 15431 /home/users/t/t290/public_html/logs/Jul02.html "-" "Mozilla/5.0 (compatible; Yahoo! Slurp/3.0; http://help.yahoo.com/help/us/ysearch/slurp)" 0 web.hypersurf.com
72.30.79.112 - - [22/Jun/2009:13:43:00 -0700] "GET /~t290/logs/awstats.t290.refererpages.html HTTP/1.0" 404 309 /home/users/t/t290/public_html/logs/awstats.t290.refererpages.html "-" "Mozilla/5.0 (compatible; Yahoo! Slurp/3.0; http://help.yahoo.com/help/us/ysearch/slurp)" 0 web.hypersurf.com
72.30.79.112 - - [22/Jun/2009:14:43:18 -0700] "GET /~t290/twllpicts/loonlake1/source/4.htm HTTP/1.0" 200 640 /home/users/t/t290/public_html/twllpicts/loonlake1/source/4.htm "-" "Mozilla/5.0 (compatible; Yahoo! Slurp/3.0; http://help.yahoo.com/help/us/ysearch/slurp)" 0 web.hypersurf.com
72.30.79.112 - - [22/Jun/2009:15:56:20 -0700] "GET /~t290/logs/access.log.0 HTTP/1.0" 200 7336282 /home/users/t/t290/public_html/logs/access.log.0 "-" "Mozilla/5.0 (compatible; Yahoo! Slurp/3.0; http://help.yahoo.com/help/us/ysearch/slurp)" 9 web.hypersurf.com
72.30.79.112 - - [22/Jun/2009:17:14:31 -0700] "GET /~t290/logs/Jun03.html HTTP/1.0" 200 19572 /home/users/t/t290/public_html/logs/Jun03.html "-" "Mozilla/5.0 (compatible; Yahoo! Slurp/3.0; http://help.yahoo.com/help/us/ysearch/slurp)" 0 web.hypersurf.com
72.30.79.112 - - [22/Jun/2009:18:13:16 -0700] "GET /~t290/logs/access.log.0 HTTP/1.0" 304 - /home/users/t/t290/public_html/logs/access.log.0 "-" "Mozilla/5.0 (compatible; Yahoo! Slurp/3.0; http://help.yahoo.com/help/us/ysearch/slurp)" 0 web.hypersurf.com
72.30.79.112 - - [22/Jun/2009:22:01:43 -0700] "GET /~t290/?M=D HTTP/1.0" 200 885 /home/users/t/t290/public_html/ "-" "Mozilla/5.0 (compatible; Yahoo! Slurp/3.0; http://help.yahoo.com/help/us/ysearch/slurp)" 0 web.hypersurf.com
38.99.44.101 - - [22/Jun/2009:23:36:22 -0700] "GET /~t290/twllpicts/loonlake1/source/25.htm HTTP/1.0" 200 577 /home/users/t/t290/public_html/twllpicts/loonlake1/source/25.htm "-" "Mozilla/5.0 (Twiceler-0.9 http://www.cuil.com/twiceler/robot.html)" 0 web.hypersurf.com
72.30.79.112 - - [23/Jun/2009:00:44:37 -0700] "GET /~t290/twllpicts/loonlake2/source/?S=A HTTP/1.0" 200 2288 /home/users/t/t290/public_html/twllpicts/loonlake2/source/ "-" "Mozilla/5.0 (compatible; Yahoo! Slurp/3.0; http://help.yahoo.com/help/us/ysearch/slurp)" 0 web.hypersurf.com
72.30.79.112 - - [23/Jun/2009:03:01:52 -0700] "GET /~t290/hisierra/ HTTP/1.0" 200 3139 /home/users/t/t290/public_html/hisierra/index.html "-" "Mozilla/5.0 (compatible; Yahoo! Slurp/3.0; http://help.yahoo.com/help/us/ysearch/slurp)" 1 web.hypersurf.com
200.241.55.7 - - [23/Jun/2009:04:00:23 -0700] "GET /~t290/logs/access.log%20%20//PhpLinkExchange/bits_listings.php?svr_rootP=http://webmail.visaotur.com.br/novo/bin/copyright.txt???? HTTP/1.1" 404 338 /home/users/t/t290/public_html/logs/access.log "-" "Mozilla/5.0" 0 web.hypersurf.com
200.241.55.7 - - [23/Jun/2009:04:00:23 -0700] "GET /~t290//PhpLinkExchange/bits_listings.php?svr_rootP=http://webmail.visaotur.com.br/novo/bin/copyright.txt???? HTTP/1.1" 404 320 /home/users/t/t290/public_html/PhpLinkExchange "-" "Mozilla/5.0" 0 web.hypersurf.com
200.241.55.7 - - [23/Jun/2009:04:00:23 -0700] "GET /~t290/logs//PhpLinkExchange/bits_listings.php?svr_rootP=http://webmail.visaotur.com.br/novo/bin/copyright.txt???? HTTP/1.1" 404 325 /home/users/t/t290/public_html/logs//PhpLinkExchange "-" "Mozilla/5.0" 0 web.hypersurf.com
200.241.55.7 - - [23/Jun/2009:04:01:58 -0700] "GET /~t290/logs//PhpLinkExchange/bits_listings.php?svr_rootP=http://webmail.visaotur.com.br/novo/bin/copyright.txt???? HTTP/1.1" 404 325 /home/users/t/t290/public_html/logs//PhpLinkExchange "-" "Mozilla/5.0" 0 web.hypersurf.com
200.241.55.7 - - [23/Jun/2009:04:01:58 -0700] "GET /~t290/logs/access.log//PhpLinkExchange/bits_listings.php?svr_rootP=http://webmail.visaotur.com.br/novo/bin/copyright.txt???? HTTP/1.1" 404 336 /home/users/t/t290/public_html/logs/access.log "-" "Mozilla/5.0" 0 web.hypersurf.com
200.241.55.7 - - [23/Jun/2009:04:01:59 -0700] "GET /~t290//PhpLinkExchange/bits_listings.php?svr_rootP=http://webmail.visaotur.com.br/novo/bin/copyright.txt???? HTTP/1.1" 404 320 /home/users/t/t290/public_html/PhpLinkExchange "-" "Mozilla/5.0" 0 web.hypersurf.com
200.241.55.7 - - [23/Jun/2009:04:14:12 -0700] "GET /~t290/logs/access.log//PhpLinkExchange/bits_listings.php?svr_rootP=http://webmail.visaotur.com.br/novo/bin/copyright.txt???? HTTP/1.1" 404 336 /home/users/t/t290/public_html/logs/access.log "-" "Mozilla/5.0" 0 web.hypersurf.com
200.241.55.7 - - [23/Jun/2009:04:14:12 -0700] "GET /~t290/logs//PhpLinkExchange/bits_listings.php?svr_rootP=http://webmail.visaotur.com.br/novo/bin/copyright.txt???? HTTP/1.1" 404 325 /home/users/t/t290/public_html/logs//PhpLinkExchange "-" "Mozilla/5.0" 0 web.hypersurf.com
200.241.55.7 - - [23/Jun/2009:04:14:12 -0700] "GET /~t290//PhpLinkExchange/bits_listings.php?svr_rootP=http://webmail.visaotur.com.br/novo/bin/copyright.txt???? HTTP/1.1" 404 320 /home/users/t/t290/public_html/PhpLinkExchange "-" "Mozilla/5.0" 0 web.hypersurf.com
66.249.67.34 - - [23/Jun/2009:04:53:49 -0700] "GET /~t290/twllpicts/island/source/6.htm HTTP/1.1" 200 657 /home/users/t/t290/public_html/twllpicts/island/source/6.htm "-" "Mozilla/5.0 (compatible; Googlebot/2.1; +http://www.google.com/bot.html)" 0 web.hypersurf.com
65.55.210.58 - - [23/Jun/2009:05:39:42 -0700] "GET /~t290/hisierra/index.html HTTP/1.1" 304 - /home/users/t/t290/public_html/hisierra/index.html "-" "msnbot/1.1 (+http://search.msn.com/msnbot.htm)" 0 web.hypersurf.com
72.30.79.112 - - [23/Jun/2009:05:51:18 -0700] "GET /~t290/logs/Sep02.html HTTP/1.0" 200 17769 /home/users/t/t290/public_html/logs/Sep02.html "-" "Mozilla/5.0 (compatible; Yahoo! Slurp/3.0; http://help.yahoo.com/help/us/ysearch/slurp)" 0 web.hypersurf.com
208.111.94.201 - - [23/Jun/2009:06:18:37 -0700] "GET /~t290//PhpLinkExchange/bits_listings.php?svr_rootP=http://www.petitbijouonline.com/includes/lib/fatal1.txt???? HTTP/1.1" 404 320 /home/users/t/t290/public_html/PhpLinkExchange "-" "Mozilla/5.0" 0 web.hypersurf.com
208.111.94.201 - - [23/Jun/2009:06:18:37 -0700] "GET /~t290/logs//PhpLinkExchange/bits_listings.php?svr_rootP=http://www.petitbijouonline.com/includes/lib/fatal1.txt???? HTTP/1.1" 404 325 /home/users/t/t290/public_html/logs//PhpLinkExchange "-" "Mozilla/5.0" 0 web.hypersurf.com
208.111.94.201 - - [23/Jun/2009:06:18:40 -0700] "GET /~t290/logs/access.log%20%20//PhpLinkExchange/bits_listings.php?svr_rootP=http://www.petitbijouonline.com/includes/lib/fatal1.txt???? HTTP/1.1" 404 338 /home/users/t/t290/public_html/logs/access.log "-" "Mozilla/5.0" 0 web.hypersurf.com
72.30.79.112 - - [23/Jun/2009:06:19:20 -0700] "GET /~t290/logs/Mar02.html HTTP/1.0" 200 9008 /home/users/t/t290/public_html/logs/Mar02.html "-" "Mozilla/5.0 (compatible; Yahoo! Slurp/3.0; http://help.yahoo.com/help/us/ysearch/slurp)" 0 web.hypersurf.com
72.30.79.112 - - [23/Jun/2009:06:35:13 -0700] "GET /~t290/twllpicts/loonlake2/source/13.htm HTTP/1.0" 200 655 /home/users/t/t290/public_html/twllpicts/loonlake2/source/13.htm "-" "Mozilla/5.0 (compatible; Yahoo! Slurp/3.0; http://help.yahoo.com/help/us/ysearch/slurp)" 0 web.hypersurf.com
208.111.94.201 - - [23/Jun/2009:06:58:00 -0700] "GET /~t290/logs/access.log//PhpLinkExchange/bits_listings.php?svr_rootP=http://www.petitbijouonline.com/includes/lib/fatal1.txt???? HTTP/1.1" 404 336 /home/users/t/t290/public_html/logs/access.log "-" "Mozilla/5.0" 0 web.hypersurf.com
72.30.79.112 - - [23/Jun/2009:07:11:16 -0700] "GET /~t290/?N=D HTTP/1.0" 200 885 /home/users/t/t290/public_html/ "-" "Mozilla/5.0 (compatible; Yahoo! Slurp/3.0; http://help.yahoo.com/help/us/ysearch/slurp)" 0 web.hypersurf.com
65.254.216.47 - - [23/Jun/2009:08:03:22 -0700] "GET /~t290////?_SERVER[DOCUMENT_ROOT]=http://kineticwealth.com///blog/wp-content/plugins/google-ads/lolid1.txt?? HTTP/1.1" 200 905 /home/users/t/t290/public_html/ "-" "Mozilla/5.0" 0 web.hypersurf.com
65.254.216.47 - - [23/Jun/2009:08:03:22 -0700] "GET /~t290/logs////?_SERVER[DOCUMENT_ROOT]=http://kineticwealth.com///blog/wp-content/plugins/google-ads/lolid1.txt?? HTTP/1.1" 200 12400 /home/users/t/t290/public_html/logs/ "-" "Mozilla/5.0" 0 web.hypersurf.com
65.254.216.47 - - [23/Jun/2009:08:03:22 -0700] "GET /~t290/logs/access.log.0////?_SERVER[DOCUMENT_ROOT]=http://kineticwealth.com///blog/wp-content/plugins/google-ads/lolid1.txt?? HTTP/1.1" 404 307 /home/users/t/t290/public_html/logs/access.log.0 "-" "Mozilla/5.0" 0 web.hypersurf.com
65.254.216.47 - - [23/Jun/2009:08:03:25 -0700] "GET /~t290////?_SERVER[DOCUMENT_ROOT]=http://kineticwealth.com///blog/wp-content/plugins/google-ads/lolid1.txt?? HTTP/1.1" 200 905 /home/users/t/t290/public_html/ "-" "Mozilla/5.0" 0 web.hypersurf.com
