208.115.111.73 - - [22/Jan/2012:04:14:19 -0800] "GET /%7Et290/twllpicts/loonlake2/source/8.htm HTTP/1.1" 200 646 /home/users/t/t290/public_html/twllpicts/loonlake2/source/8.htm "-" "Mozilla/5.0 (compatible; Ezooms/1.0; ezooms.bot@gmail.com)" 0 www.hypersurf.com
66.249.67.25 - - [22/Jan/2012:04:29:24 -0800] "GET /~t290/twllpicts/loonlake2/image/catch2.jpg HTTP/1.1" 304 - /home/users/t/t290/public_html/twllpicts/loonlake2/image/catch2.jpg "-" "Googlebot-Image/1.0" 0 www.hypersurf.com
66.249.67.25 - - [22/Jan/2012:05:32:36 -0800] "GET /~t290/logs/Dec02.html HTTP/1.1" 304 - /home/users/t/t290/public_html/logs/Dec02.html "-" "Mozilla/5.0 (compatible; Googlebot/2.1; +http://www.google.com/bot.html)" 0 www.hypersurf.com
208.115.111.73 - - [22/Jan/2012:05:33:51 -0800] "GET /%7Et290/twllpicts/loonlake2/source/8.htm HTTP/1.1" 200 646 /home/users/t/t290/public_html/twllpicts/loonlake2/source/8.htm "-" "Mozilla/5.0 (compatible; Ezooms/1.0; ezooms.bot@gmail.com)" 0 www.hypersurf.com
208.115.113.89 - - [22/Jan/2012:06:27:55 -0800] "GET /%7Et290/twllpicts/loonlake1/source/16.htm HTTP/1.1" 200 655 /home/users/t/t290/public_html/twllpicts/loonlake1/source/16.htm "-" "Mozilla/5.0 (compatible; Ezooms/1.0; ezooms.bot@gmail.com)" 0 www.hypersurf.com
208.115.113.89 - - [22/Jan/2012:06:27:56 -0800] "GET /%7Et290/twllpicts/loonlake1/ HTTP/1.1" 200 5600 /home/users/t/t290/public_html/twllpicts/loonlake1/index.htm "-" "Mozilla/5.0 (compatible; Ezooms/1.0; ezooms.bot@gmail.com)" 0 www.hypersurf.com
66.249.67.25 - - [22/Jan/2012:09:33:44 -0800] "GET /~t290/logs/Oct03.html HTTP/1.1" 304 - /home/users/t/t290/public_html/logs/Oct03.html "-" "Mozilla/5.0 (compatible; Googlebot/2.1; +http://www.google.com/bot.html)" 0 www.hypersurf.com
66.249.67.25 - - [22/Jan/2012:12:08:10 -0800] "GET /~t290/twllpicts/island/ HTTP/1.1" 304 - /home/users/t/t290/public_html/twllpicts/island/index.htm "-" "Mozilla/5.0 (compatible; Googlebot/2.1; +http://www.google.com/bot.html)" 0 www.hypersurf.com
208.115.111.73 - - [22/Jan/2012:12:30:22 -0800] "GET /%7Et290/twllpicts/island/ HTTP/1.1" 200 5109 /home/users/t/t290/public_html/twllpicts/island/index.htm "-" "Mozilla/5.0 (compatible; Ezooms/1.0; ezooms.bot@gmail.com)" 0 www.hypersurf.com
66.249.67.25 - - [22/Jan/2012:14:59:31 -0800] "GET /~t290/twllpicts/loonlake1/ HTTP/1.1" 200 5600 /home/users/t/t290/public_html/twllpicts/loonlake1/index.htm "-" "Mozilla/5.0 (compatible; Googlebot/2.1; +http://www.google.com/bot.html)" 0 www.hypersurf.com
180.76.5.110 - - [22/Jan/2012:16:36:19 -0800] "GET /~t290/twllpicts/loonlake1/ HTTP/1.1" 304 - /home/users/t/t290/public_html/twllpicts/loonlake1/index.htm "-" "Mozilla/5.0 (compatible; Baiduspider/2.0; +http://www.baidu.com/search/spider.html)" 0 www.hypersurf.com
208.115.113.89 - - [22/Jan/2012:18:04:19 -0800] "GET /%7Et290/twllpicts/loonlake1/source/4.htm HTTP/1.1" 200 640 /home/users/t/t290/public_html/twllpicts/loonlake1/source/4.htm "-" "Mozilla/5.0 (compatible; Ezooms/1.0; ezooms.bot@gmail.com)" 0 www.hypersurf.com
66.249.67.25 - - [22/Jan/2012:18:39:36 -0800] "GET /~t290/hisierra/ HTTP/1.1" 304 - /home/users/t/t290/public_html/hisierra/index.html "-" "Mozilla/5.0 (compatible; Googlebot/2.1; +http://www.google.com/bot.html)" 0 www.hypersurf.com
66.249.67.25 - - [22/Jan/2012:18:40:46 -0800] "GET /~t290/logs/Apr03.html HTTP/1.1" 304 - /home/users/t/t290/public_html/logs/Apr03.html "-" "Mozilla/5.0 (compatible; Googlebot/2.1; +http://www.google.com/bot.html)" 0 www.hypersurf.com
66.249.67.25 - - [22/Jan/2012:18:40:49 -0800] "GET /~t290/logs/Jun03.html HTTP/1.1" 304 - /home/users/t/t290/public_html/logs/Jun03.html "-" "Mozilla/5.0 (compatible; Googlebot/2.1; +http://www.google.com/bot.html)" 0 www.hypersurf.com
66.249.67.25 - - [22/Jan/2012:18:56:49 -0800] "GET /~t290/logs/current.html HTTP/1.1" 304 - /home/users/t/t290/public_html/logs/current.html "-" "Mozilla/5.0 (compatible; Googlebot/2.1; +http://www.google.com/bot.html)" 0 www.hypersurf.com
66.249.67.25 - - [22/Jan/2012:18:58:09 -0800] "GET /~t290/logs/ HTTP/1.1" 200 16250 /home/users/t/t290/public_html/logs/ "-" "Mozilla/5.0 (compatible; Googlebot/2.1; +http://www.google.com/bot.html)" 0 www.hypersurf.com
66.249.67.25 - - [22/Jan/2012:19:14:14 -0800] "GET /~t290/logs/Nov03.html HTTP/1.1" 304 - /home/users/t/t290/public_html/logs/Nov03.html "-" "Mozilla/5.0 (compatible; Googlebot/2.1; +http://www.google.com/bot.html)" 0 www.hypersurf.com
66.249.67.25 - - [22/Jan/2012:19:19:37 -0800] "GET /~t290/logs/Jul02.html HTTP/1.1" 304 - /home/users/t/t290/public_html/logs/Jul02.html "-" "Mozilla/5.0 (compatible; Googlebot/2.1; +http://www.google.com/bot.html)" 0 www.hypersurf.com
66.249.67.25 - - [22/Jan/2012:19:55:03 -0800] "GET /~t290/twllpicts/island/preview/main_camp3.jpg HTTP/1.1" 304 - /home/users/t/t290/public_html/twllpicts/island/preview/main_camp3.jpg "-" "Googlebot-Image/1.0" 0 www.hypersurf.com
66.249.67.25 - - [22/Jan/2012:22:28:17 -0800] "GET /~t290/twllpicts/loonlake2/image/sunset1.jpg HTTP/1.1" 304 - /home/users/t/t290/public_html/twllpicts/loonlake2/image/sunset1.jpg "-" "Googlebot-Image/1.0" 0 www.hypersurf.com
66.249.67.25 - - [22/Jan/2012:22:39:30 -0800] "GET /~t290/twllpicts/island/preview/ymca.jpg HTTP/1.1" 304 - /home/users/t/t290/public_html/twllpicts/island/preview/ymca.jpg "-" "Googlebot-Image/1.0" 0 www.hypersurf.com
66.249.67.25 - - [22/Jan/2012:23:05:40 -0800] "GET /~t290/twllpicts/loonlake2/image/catch2.jpg HTTP/1.1" 304 - /home/users/t/t290/public_html/twllpicts/loonlake2/image/catch2.jpg "-" "Googlebot-Image/1.0" 0 www.hypersurf.com
66.249.67.25 - - [22/Jan/2012:23:31:50 -0800] "GET /~t290/twllpicts/island/preview/island_camp4.jpg HTTP/1.1" 304 - /home/users/t/t290/public_html/twllpicts/island/preview/island_camp4.jpg "-" "Googlebot-Image/1.0" 0 www.hypersurf.com
66.249.67.25 - - [22/Jan/2012:23:46:47 -0800] "GET /~t290/twllpicts/loonlake1/image/camp1.jpg HTTP/1.1" 304 - /home/users/t/t290/public_html/twllpicts/loonlake1/image/camp1.jpg "-" "Googlebot-Image/1.0" 0 www.hypersurf.com
66.249.67.25 - - [23/Jan/2012:01:20:15 -0800] "GET /~t290/twllpicts/loonlake1/image/cards4.jpg HTTP/1.1" 304 - /home/users/t/t290/public_html/twllpicts/loonlake1/image/cards4.jpg "-" "Googlebot-Image/1.0" 0 www.hypersurf.com
66.249.67.51 - - [23/Jan/2012:01:46:25 -0800] "GET /~t290/twllpicts/island/image/island_camp3.jpg HTTP/1.1" 304 - /home/users/t/t290/public_html/twllpicts/island/image/island_camp3.jpg "-" "Googlebot-Image/1.0" 0 www.hypersurf.com
46.165.197.141 - - [23/Jan/2012:01:52:36 -0800] "GET /~t290/logs/access.log HTTP/1.0" 200 106281 /home/users/t/t290/public_html/logs/access.log "-" "Mozilla/5.0 (compatible; MJ12bot/v1.4.1; http://www.majestic12.co.uk/bot.php?+)" 0 www.hypersurf.com
46.165.197.141 - - [23/Jan/2012:01:52:39 -0800] "GET /~t290/logs/access.log.0 HTTP/1.0" 200 77740 /home/users/t/t290/public_html/logs/access.log.0 "-" "Mozilla/5.0 (compatible; MJ12bot/v1.4.1; http://www.majestic12.co.uk/bot.php?+)" 1 www.hypersurf.com
66.249.67.51 - - [23/Jan/2012:04:58:57 -0800] "GET /~t290/ HTTP/1.1" 200 897 /home/users/t/t290/public_html/ "-" "Mozilla/5.0 (compatible; Googlebot/2.1; +http://www.google.com/bot.html)" 0 www.hypersurf.com
66.249.67.51 - - [23/Jan/2012:05:15:52 -0800] "GET /~t290/logs/Aug03.html HTTP/1.1" 304 - /home/users/t/t290/public_html/logs/Aug03.html "-" "Mozilla/5.0 (compatible; Googlebot/2.1; +http://www.google.com/bot.html)" 0 www.hypersurf.com
66.249.67.51 - - [23/Jan/2012:05:24:19 -0800] "GET /~t290/logs/Apr02.html HTTP/1.1" 304 - /home/users/t/t290/public_html/logs/Apr02.html "-" "Mozilla/5.0 (compatible; Googlebot/2.1; +http://www.google.com/bot.html)" 0 www.hypersurf.com
66.249.67.51 - - [23/Jan/2012:05:34:27 -0800] "GET /~t290/logs/Mar03.html HTTP/1.1" 304 - /home/users/t/t290/public_html/logs/Mar03.html "-" "Mozilla/5.0 (compatible; Googlebot/2.1; +http://www.google.com/bot.html)" 0 www.hypersurf.com
66.249.67.51 - - [23/Jan/2012:05:56:25 -0800] "GET /~t290/logs/Jan03.html HTTP/1.1" 304 - /home/users/t/t290/public_html/logs/Jan03.html "-" "Mozilla/5.0 (compatible; Googlebot/2.1; +http://www.google.com/bot.html)" 0 www.hypersurf.com
66.249.67.51 - - [23/Jan/2012:05:58:07 -0800] "GET /~t290/logs/current-stats.html HTTP/1.1" 200 444 /home/users/t/t290/public_html/logs/current-stats.html "-" "Mozilla/5.0 (compatible; Googlebot/2.1; +http://www.google.com/bot.html)" 0 www.hypersurf.com
66.249.67.51 - - [23/Jan/2012:06:06:34 -0800] "GET /~t290/logs/Mar02.html HTTP/1.1" 304 - /home/users/t/t290/public_html/logs/Mar02.html "-" "Mozilla/5.0 (compatible; Googlebot/2.1; +http://www.google.com/bot.html)" 0 www.hypersurf.com
66.249.67.51 - - [23/Jan/2012:06:08:15 -0800] "GET /~t290/logs/Jul03.html HTTP/1.1" 304 - /home/users/t/t290/public_html/logs/Jul03.html "-" "Mozilla/5.0 (compatible; Googlebot/2.1; +http://www.google.com/bot.html)" 0 www.hypersurf.com
66.249.67.51 - - [23/Jan/2012:10:03:07 -0800] "GET /~t290/logs/May03.html HTTP/1.1" 304 - /home/users/t/t290/public_html/logs/May03.html "-" "Mozilla/5.0 (compatible; Googlebot/2.1; +http://www.google.com/bot.html)" 0 www.hypersurf.com
66.249.67.51 - - [23/Jan/2012:10:36:55 -0800] "GET /~t290/logs/Oct02.html HTTP/1.1" 304 - /home/users/t/t290/public_html/logs/Oct02.html "-" "Mozilla/5.0 (compatible; Googlebot/2.1; +http://www.google.com/bot.html)" 0 www.hypersurf.com
66.249.67.51 - - [23/Jan/2012:10:41:59 -0800] "GET /~t290/logs/Sep02.html HTTP/1.1" 304 - /home/users/t/t290/public_html/logs/Sep02.html "-" "Mozilla/5.0 (compatible; Googlebot/2.1; +http://www.google.com/bot.html)" 0 www.hypersurf.com
66.249.67.51 - - [23/Jan/2012:11:15:47 -0800] "GET /~t290/logs/Sep03.html HTTP/1.1" 304 - /home/users/t/t290/public_html/logs/Sep03.html "-" "Mozilla/5.0 (compatible; Googlebot/2.1; +http://www.google.com/bot.html)" 0 www.hypersurf.com
66.249.67.51 - - [23/Jan/2012:11:22:32 -0800] "GET /~t290/logs/total.html HTTP/1.1" 304 - /home/users/t/t290/public_html/logs/total.html "-" "Mozilla/5.0 (compatible; Googlebot/2.1; +http://www.google.com/bot.html)" 0 www.hypersurf.com
66.249.67.51 - - [23/Jan/2012:12:04:47 -0800] "GET /~t290/twllpicts/island/source/1.htm HTTP/1.1" 200 607 /home/users/t/t290/public_html/twllpicts/island/source/1.htm "-" "Mozilla/5.0 (compatible; Googlebot/2.1; +http://www.google.com/bot.html)" 0 www.hypersurf.com
208.115.113.89 - - [23/Jan/2012:14:06:56 -0800] "GET /%7Et290/twllpicts/loonlake2/source/3.htm HTTP/1.1" 200 643 /home/users/t/t290/public_html/twllpicts/loonlake2/source/3.htm "-" "Mozilla/5.0 (compatible; Ezooms/1.0; ezooms.bot@gmail.com)" 0 www.hypersurf.com
66.249.67.51 - - [23/Jan/2012:15:23:40 -0800] "GET /~t290/logs/t290.log.bak HTTP/1.1" 200 99874 /home/users/t/t290/public_html/logs/t290.log.bak "-" "Mozilla/5.0 (compatible; Googlebot/2.1; +http://www.google.com/bot.html)" 0 www.hypersurf.com
208.115.113.89 - - [23/Jan/2012:19:11:55 -0800] "GET /%7Et290/twllpicts/loonlake2/source/12.htm HTTP/1.1" 200 655 /home/users/t/t290/public_html/twllpicts/loonlake2/source/12.htm "-" "Mozilla/5.0 (compatible; Ezooms/1.0; ezooms.bot@gmail.com)" 0 www.hypersurf.com
208.115.113.89 - - [23/Jan/2012:21:04:30 -0800] "GET /%7Et290/twllpicts/loonlake2/source/12.htm HTTP/1.1" 200 655 /home/users/t/t290/public_html/twllpicts/loonlake2/source/12.htm "-" "Mozilla/5.0 (compatible; Ezooms/1.0; ezooms.bot@gmail.com)" 0 www.hypersurf.com
91.225.123.20 - - [23/Jan/2012:23:58:16 -0800] "GET /%7Et290/logs/access.log HTTP/1.0" 200 111142 /home/users/t/t290/public_html/logs/access.log "http://www.hypersurf.com/%7Et290/logs/access.log" "Mozilla/4.0 (compatible; MSIE 6.0; Windows NT 5.1) Netscape/8.0.4" 3 www.hypersurf.com
66.249.67.51 - - [24/Jan/2012:17:42:08 -0800] "GET /~t290/twllpicts/loonlake2/preview/sunset2.jpg HTTP/1.1" 304 - /home/users/t/t290/public_html/twllpicts/loonlake2/preview/sunset2.jpg "-" "Googlebot-Image/1.0" 1 www.hypersurf.com
180.76.5.93 - - [25/Jan/2012:04:37:15 -0800] "GET /~t290/twllpicts/island/source/21.htm HTTP/1.1" 200 648 /home/users/t/t290/public_html/twllpicts/island/source/21.htm "-" "Mozilla/5.0 (compatible; Baiduspider/2.0; +http://www.baidu.com/search/spider.html)" 0 www.hypersurf.com
66.249.67.51 - - [25/Jan/2012:23:45:10 -0800] "GET /~t290/twllpicts/loonlake1/preview/view5.jpg HTTP/1.1" 304 - /home/users/t/t290/public_html/twllpicts/loonlake1/preview/view5.jpg "-" "Googlebot-Image/1.0" 0 www.hypersurf.com
66.249.67.51 - - [26/Jan/2012:04:10:18 -0800] "GET /~t290/twllpicts/island/preview/jump3.jpg HTTP/1.1" 304 - /home/users/t/t290/public_html/twllpicts/island/preview/jump3.jpg "-" "Googlebot-Image/1.0" 0 www.hypersurf.com
208.115.111.73 - - [26/Jan/2012:06:16:18 -0800] "GET /%7Et290/twllpicts/island/source/20.htm HTTP/1.1" 200 669 /home/users/t/t290/public_html/twllpicts/island/source/20.htm "-" "Mozilla/5.0 (compatible; Ezooms/1.0; ezooms.bot@gmail.com)" 0 www.hypersurf.com
180.76.5.88 - - [26/Jan/2012:08:51:22 -0800] "GET /~t290/twllpicts/loonlake1/index.htm HTTP/1.1" 200 5600 /home/users/t/t290/public_html/twllpicts/loonlake1/index.htm "-" "Mozilla/5.0 (compatible; Baiduspider/2.0; +http://www.baidu.com/search/spider.html)" 0 www.hypersurf.com
180.76.5.168 - - [26/Jan/2012:08:51:22 -0800] "GET /~t290/twllpicts/loonlake1/ HTTP/1.1" 200 5600 /home/users/t/t290/public_html/twllpicts/loonlake1/index.htm "-" "Mozilla/5.0 (compatible; Baiduspider/2.0; +http://www.baidu.com/search/spider.html)" 0 www.hypersurf.com
208.115.111.73 - - [26/Jan/2012:17:31:24 -0800] "GET /%7Et290/twllpicts/island/source/15.htm HTTP/1.1" 200 645 /home/users/t/t290/public_html/twllpicts/island/source/15.htm "-" "Mozilla/5.0 (compatible; Ezooms/1.0; ezooms.bot@gmail.com)" 0 www.hypersurf.com
66.249.67.51 - - [26/Jan/2012:20:57:10 -0800] "GET /~t290/twllpicts/loonlake1/preview/prep_time.jpg HTTP/1.1" 304 - /home/users/t/t290/public_html/twllpicts/loonlake1/preview/prep_time.jpg "-" "Googlebot-Image/1.0" 0 www.hypersurf.com
208.115.113.89 - - [26/Jan/2012:23:17:32 -0800] "GET /%7Et290/twllpicts/island/source/12.htm HTTP/1.1" 200 669 /home/users/t/t290/public_html/twllpicts/island/source/12.htm "-" "Mozilla/5.0 (compatible; Ezooms/1.0; ezooms.bot@gmail.com)" 0 www.hypersurf.com
208.115.111.73 - - [27/Jan/2012:01:32:08 -0800] "GET /%7Et290/twllpicts/island/source/2.htm HTTP/1.1" 200 651 /home/users/t/t290/public_html/twllpicts/island/source/2.htm "-" "Mozilla/5.0 (compatible; Ezooms/1.0; ezooms.bot@gmail.com)" 0 www.hypersurf.com
208.115.113.89 - - [27/Jan/2012:03:22:17 -0800] "GET /%7Et290/twllpicts/island/source/14.htm HTTP/1.1" 200 681 /home/users/t/t290/public_html/twllpicts/island/source/14.htm "-" "Mozilla/5.0 (compatible; Ezooms/1.0; ezooms.bot@gmail.com)" 0 www.hypersurf.com
207.46.13.115 - - [27/Jan/2012:11:55:14 -0800] "GET /~t290/twllpicts/loonlake2/source/5.htm HTTP/1.1" 304 - /home/users/t/t290/public_html/twllpicts/loonlake2/source/5.htm "-" "Mozilla/5.0 (compatible; bingbot/2.0; +http://www.bing.com/bingbot.htm)" 0 www.hypersurf.com
66.249.67.51 - - [27/Jan/2012:15:05:50 -0800] "GET /~t290/twllpicts/island/source/12.htm HTTP/1.1" 200 669 /home/users/t/t290/public_html/twllpicts/island/source/12.htm "-" "Mozilla/5.0 (compatible; Googlebot/2.1; +http://www.google.com/bot.html)" 0 www.hypersurf.com
66.249.67.51 - - [27/Jan/2012:15:06:14 -0800] "GET /~t290/twllpicts/loonlake2/source/2.htm HTTP/1.1" 200 691 /home/users/t/t290/public_html/twllpicts/loonlake2/source/2.htm "-" "Mozilla/5.0 (compatible; Googlebot/2.1; +http://www.google.com/bot.html)" 0 www.hypersurf.com
66.249.67.51 - - [27/Jan/2012:15:06:17 -0800] "GET /~t290/twllpicts/island/source/4.htm HTTP/1.1" 200 645 /home/users/t/t290/public_html/twllpicts/island/source/4.htm "-" "Mozilla/5.0 (compatible; Googlebot/2.1; +http://www.google.com/bot.html)" 0 www.hypersurf.com
66.249.67.51 - - [27/Jan/2012:16:36:08 -0800] "GET /~t290/twllpicts/loonlake2/ HTTP/1.1" 304 - /home/users/t/t290/public_html/twllpicts/loonlake2/index.htm "-" "Mozilla/5.0 (compatible; Googlebot/2.1; +http://www.google.com/bot.html)" 0 www.hypersurf.com
66.249.67.51 - - [27/Jan/2012:20:06:45 -0800] "GET /~t290/twllpicts/island/source/5.htm HTTP/1.1" 200 645 /home/users/t/t290/public_html/twllpicts/island/source/5.htm "-" "Mozilla/5.0 (compatible; Googlebot/2.1; +http://www.google.com/bot.html)" 0 www.hypersurf.com
207.46.13.115 - - [27/Jan/2012:20:24:14 -0800] "GET /~t290/hisierra/index.html HTTP/1.1" 304 - /home/users/t/t290/public_html/hisierra/index.html "-" "Mozilla/5.0 (compatible; bingbot/2.0; +http://www.bing.com/bingbot.htm)" 0 www.hypersurf.com
66.249.67.51 - - [27/Jan/2012:20:36:32 -0800] "GET /~t290/twllpicts/loonlake2/source/4.htm HTTP/1.1" 304 - /home/users/t/t290/public_html/twllpicts/loonlake2/source/4.htm "-" "Mozilla/5.0 (compatible; Googlebot/2.1; +http://www.google.com/bot.html)" 0 www.hypersurf.com
207.46.13.115 - - [28/Jan/2012:04:08:44 -0800] "GET /~t290/hisierra/index.html HTTP/1.1" 304 - /home/users/t/t290/public_html/hisierra/index.html "-" "Mozilla/5.0 (compatible; bingbot/2.0; +http://www.bing.com/bingbot.htm)" 0 www.hypersurf.com
95.108.158.236 - - [28/Jan/2012:08:03:21 -0800] "GET /~t290/twllpicts/island/image/island_camp4.jpg HTTP/1.1" 200 87296 /home/users/t/t290/public_html/twllpicts/island/image/island_camp4.jpg "-" "Mozilla/5.0 (compatible; YandexImages/3.0; +http://yandex.com/bots)" 1 www.hypersurf.com
188.143.233.6 - - [28/Jan/2012:14:55:33 -0800] "GET /%7Et290/logs/access.log HTTP/1.0" 200 117092 /home/users/t/t290/public_html/logs/access.log "http://thewinterprofit.com" "Mozilla/4.0 (compatible; MSIE 6.0; Windows NT 5.0; APC; .NET CLR 1.0.3705; .NET CLR 1.1.4322; .NET CLR 2.0.50215; InfoPath.1)" 1 www.hypersurf.com
173.242.125.191 - - [29/Jan/2012:01:39:12 -0800] "GET /~t290/logs/Apr02.html HTTP/1.0" 200 18561 /home/users/t/t290/public_html/logs/Apr02.html "-" "Mozilla/5.0 (compatible; MJ12bot/v1.4.1; http://www.majestic12.co.uk/bot.php?+)" 0 www.hypersurf.com
173.242.125.191 - - [29/Jan/2012:01:39:14 -0800] "GET /~t290/logs/Feb02.html HTTP/1.0" 200 11523 /home/users/t/t290/public_html/logs/Feb02.html "-" "Mozilla/5.0 (compatible; MJ12bot/v1.4.1; http://www.majestic12.co.uk/bot.php?+)" 0 www.hypersurf.com
173.242.125.191 - - [29/Jan/2012:01:39:15 -0800] "GET /~t290/logs/Jan02.html HTTP/1.0" 200 16186 /home/users/t/t290/public_html/logs/Jan02.html "-" "Mozilla/5.0 (compatible; MJ12bot/v1.4.1; http://www.majestic12.co.uk/bot.php?+)" 0 www.hypersurf.com
180.76.5.87 - - [29/Jan/2012:04:27:28 -0800] "GET /~t290/twllpicts/island/source/3.htm HTTP/1.1" 200 884 /home/users/t/t290/public_html/twllpicts/island/source/3.htm "-" "Mozilla/5.0 (compatible; Baiduspider/2.0; +http://www.baidu.com/search/spider.html)" 0 www.hypersurf.com
31.23.230.65 - - [29/Jan/2012:07:20:19 -0800] "GET /%7Et290/logs/access.log HTTP/1.0" 200 118440 /home/users/t/t290/public_html/logs/access.log "http://www.hypersurf.com/%7Et290/logs/access.log" "Mozilla/4.0 (compatible; MSIE 6.0; America Online Browser 1.1; rev1.2; Windows NT 5.1; SV1; .NET CLR 1.1.4322)" 11 www.hypersurf.com
66.249.67.51 - - [29/Jan/2012:08:13:42 -0800] "GET /~t290/ HTTP/1.1" 200 897 /home/users/t/t290/public_html/ "-" "Mozilla/5.0 (compatible; Googlebot/2.1; +http://www.google.com/bot.html)" 0 www.hypersurf.com
66.249.67.51 - - [29/Jan/2012:09:14:51 -0800] "GET /~t290/hisierra/ HTTP/1.1" 304 - /home/users/t/t290/public_html/hisierra/index.html "-" "Mozilla/5.0 (compatible; Googlebot/2.1; +http://www.google.com/bot.html)" 0 www.hypersurf.com
66.249.67.51 - - [29/Jan/2012:11:59:14 -0800] "GET /~t290/twllpicts/island/ HTTP/1.1" 304 - /home/users/t/t290/public_html/twllpicts/island/index.htm "-" "Mozilla/5.0 (compatible; Googlebot/2.1; +http://www.google.com/bot.html)" 0 www.hypersurf.com
66.249.67.51 - - [29/Jan/2012:13:19:35 -0800] "GET /~t290/twllpicts/loonlake1/ HTTP/1.1" 304 - /home/users/t/t290/public_html/twllpicts/loonlake1/index.htm "-" "Mozilla/5.0 (compatible; Googlebot/2.1; +http://www.google.com/bot.html)" 0 www.hypersurf.com
208.115.111.73 - - [29/Jan/2012:14:10:33 -0800] "GET /%7Et290/twllpicts/ HTTP/1.1" 200 1046 /home/users/t/t290/public_html/twllpicts/index.htm "-" "Mozilla/5.0 (compatible; Ezooms/1.0; ezooms.bot@gmail.com)" 0 www.hypersurf.com
180.76.6.230 - - [29/Jan/2012:18:13:38 -0800] "GET /~t290/twllpicts/island/source/14.htm HTTP/1.1" 200 681 /home/users/t/t290/public_html/twllpicts/island/source/14.htm "-" "Mozilla/5.0 (compatible; Baiduspider/2.0; +http://www.baidu.com/search/spider.html)" 0 www.hypersurf.com
74.125.16.159 - - [30/Jan/2012:00:17:48 -0800] "GET /~t290/logs/Aug03.html HTTP/1.1" 200 12524 /home/users/t/t290/public_html/logs/Aug03.html "http://www.google.com/search" "Mozilla/5.0 (X11; Linux x86_64) AppleWebKit/534.51 (KHTML, like Gecko; Google Web Preview) Chrome/12.0.742 Safari/534.51" 0 www.hypersurf.com
74.125.16.154 - - [30/Jan/2012:00:18:24 -0800] "GET /~t290/logs/Jun03.html HTTP/1.1" 200 19572 /home/users/t/t290/public_html/logs/Jun03.html "http://www.google.com/search" "Mozilla/5.0 (X11; Linux x86_64) AppleWebKit/534.51 (KHTML, like Gecko; Google Web Preview) Chrome/12.0.742 Safari/534.51" 0 www.hypersurf.com
2.95.22.134 - - [31/Jan/2012:04:09:44 -0800] "GET /%7Et290/logs/access.log HTTP/1.0" 200 120854 /home/users/t/t290/public_html/logs/access.log "http://www.hypersurf.com/%7Et290/logs/access.log" "Mozilla/4.0 (compatible; MSIE 6.0; Windows NT 5.1; SV1)" 2 www.hypersurf.com
65.52.110.143 - - [31/Jan/2012:10:08:12 -0800] "GET /~t290/twllpicts/island/source/8.htm HTTP/1.1" 304 - /home/users/t/t290/public_html/twllpicts/island/source/8.htm "-" "Mozilla/5.0 (compatible; bingbot/2.0; +http://www.bing.com/bingbot.htm)" 0 www.hypersurf.com