87.229.45.28 - - [01/Aug/2010:17:23:18 -0700] "POST /~t290/logs/access.log%20%20/contact.php HTTP/1.1" 404 315 /home/users/t/t290/public_html/logs/access.log "-" "MaMa CaSpEr" 0 www.hypersurf.com
94.199.48.47 - - [01/Aug/2010:17:25:24 -0700] "POST /~t290/logs/contact.php HTTP/1.1" 404 302 /home/users/t/t290/public_html/logs/contact.php "-" "MaMa CyBer" 0 www.hypersurf.com
94.199.48.47 - - [01/Aug/2010:17:25:24 -0700] "POST /~t290/contact.php HTTP/1.1" 404 297 /home/users/t/t290/public_html/contact.php "-" "MaMa CyBer" 0 www.hypersurf.com
94.199.48.47 - - [01/Aug/2010:17:25:24 -0700] "POST /~t290/logs/access.log/contact.php HTTP/1.1" 404 313 /home/users/t/t290/public_html/logs/access.log "-" "MaMa CyBer" 0 www.hypersurf.com
211.169.249.251 - - [01/Aug/2010:17:34:55 -0700] "POST /~t290//contact.php HTTP/1.1" 404 298 /home/users/t/t290/public_html/contact.php "-" "Mozilla/5.0 (Windows; U; Windows NT 5.1; en-US; rv:1.9.0.6) Gecko/2009011913 Firefox/3.0.6" 0 www.hypersurf.com
211.169.249.251 - - [01/Aug/2010:17:34:55 -0700] "POST /~t290/logs/access.log%20%20//contact.php HTTP/1.1" 404 316 /home/users/t/t290/public_html/logs/access.log "-" "Mozilla/5.0 (Windows; U; Windows NT 5.1; en-US; rv:1.9.0.6) Gecko/2009011913 Firefox/3.0.6" 0 www.hypersurf.com
211.169.249.251 - - [01/Aug/2010:17:34:55 -0700] "POST /~t290/logs//contact.php HTTP/1.1" 404 303 /home/users/t/t290/public_html/logs//contact.php "-" "Mozilla/5.0 (Windows; U; Windows NT 5.1; en-US; rv:1.9.0.6) Gecko/2009011913 Firefox/3.0.6" 0 www.hypersurf.com
114.108.176.9 - - [01/Aug/2010:17:35:48 -0700] "GET /~t290/logs/access.log/?option=com_myblog&Itemid=12&task=../../../../../../../../../../../../../../../proc/self/environ%00 HTTP/1.1" 404 302 /home/users/t/t290/public_html/logs/access.log "-" "libwww-perl/5.79" 0 www.hypersurf.com
114.108.176.9 - - [01/Aug/2010:17:35:49 -0700] "GET /~t290/logs/?option=com_myblog&Itemid=12&task=../../../../../../../../../../../../../../../proc/self/environ%00 HTTP/1.1" 200 14129 /home/users/t/t290/public_html/logs/ "-" "libwww-perl/5.79" 0 www.hypersurf.com
114.108.176.9 - - [01/Aug/2010:17:39:01 -0700] "GET /~t290/logs/access.log/?option=com_myblog&Itemid=12&task=../../../../../../../../../../../../../../../proc/self/environ%00 HTTP/1.1" 404 302 /home/users/t/t290/public_html/logs/access.log "-" "libwww-perl/5.79" 0 www.hypersurf.com
114.108.176.9 - - [01/Aug/2010:17:39:02 -0700] "GET /~t290/logs/?option=com_myblog&Itemid=12&task=../../../../../../../../../../../../../../../proc/self/environ%00 HTTP/1.1" 200 14129 /home/users/t/t290/public_html/logs/ "-" "libwww-perl/5.79" 0 www.hypersurf.com
66.36.164.33 - - [01/Aug/2010:17:41:33 -0700] "POST /~t290/logs/access.log/contact.php HTTP/1.1" 404 313 /home/users/t/t290/public_html/logs/access.log "-" "MaMa CaSpEr" 0 www.hypersurf.com
66.36.164.33 - - [01/Aug/2010:17:41:33 -0700] "POST /~t290/contact.php HTTP/1.1" 404 297 /home/users/t/t290/public_html/contact.php "-" "MaMa CaSpEr" 0 www.hypersurf.com
66.36.164.33 - - [01/Aug/2010:17:41:33 -0700] "POST /~t290/logs/contact.php HTTP/1.1" 404 302 /home/users/t/t290/public_html/logs/contact.php "-" "MaMa CaSpEr" 0 www.hypersurf.com
207.46.199.248 - - [01/Aug/2010:17:46:43 -0700] "GET /~t290/twllpicts/island/image/island_sunset1.jpg HTTP/1.1" 200 45139 /home/users/t/t290/public_html/twllpicts/island/image/island_sunset1.jpg "-" "msnbot-media/1.1 (+http://search.msn.com/msnbot.htm)" 0 www.hypersurf.com
114.108.176.9 - - [01/Aug/2010:17:49:08 -0700] "GET /~t290/logs/access.log/?option=com_myblog&Itemid=12&task=../../../../../../../../../../../../../../../proc/self/environ%00 HTTP/1.1" 404 302 /home/users/t/t290/public_html/logs/access.log "-" "libwww-perl/5.79" 0 www.hypersurf.com
114.108.176.9 - - [01/Aug/2010:17:49:09 -0700] "GET /~t290/logs/?option=com_myblog&Itemid=12&task=../../../../../../../../../../../../../../../proc/self/environ%00 HTTP/1.1" 200 14129 /home/users/t/t290/public_html/logs/ "-" "libwww-perl/5.79" 0 www.hypersurf.com
195.6.89.214 - - [01/Aug/2010:18:05:53 -0700] "POST /~t290/logs/contact.php HTTP/1.1" 404 302 /home/users/t/t290/public_html/logs/contact.php "-" "Mozilla/5.0 (Windows; U; Windows NT 5.1; en-US; rv:1.9.0.6) Gecko/2009011913 Firefox/3.0.6" 0 www.hypersurf.com
195.6.89.214 - - [01/Aug/2010:18:05:56 -0700] "POST /~t290/contact.php HTTP/1.1" 404 297 /home/users/t/t290/public_html/contact.php "-" "Mozilla/5.0 (Windows; U; Windows NT 5.1; en-US; rv:1.9.0.6) Gecko/2009011913 Firefox/3.0.6" 0 www.hypersurf.com
195.6.89.214 - - [01/Aug/2010:18:05:59 -0700] "POST /~t290/logs/access.log/contact.php HTTP/1.1" 404 313 /home/users/t/t290/public_html/logs/access.log "-" "Mozilla/5.0 (Windows; U; Windows NT 5.1; en-US; rv:1.9.0.6) Gecko/2009011913 Firefox/3.0.6" 0 www.hypersurf.com
160.79.111.49 - - [01/Aug/2010:18:06:33 -0700] "POST /~t290/contact.php HTTP/1.1" 404 297 /home/users/t/t290/public_html/contact.php "-" "Mozilla/5.0 (Windows; U; Windows NT 5.1; en-US; rv:1.9.0.6) Gecko/2009011913 Firefox/3.0.6" 0 www.hypersurf.com
160.79.111.49 - - [01/Aug/2010:18:06:33 -0700] "POST /~t290/logs/access.log/contact.php HTTP/1.1" 404 313 /home/users/t/t290/public_html/logs/access.log "-" "Mozilla/5.0 (Windows; U; Windows NT 5.1; en-US; rv:1.9.0.6) Gecko/2009011913 Firefox/3.0.6" 0 www.hypersurf.com
160.79.111.49 - - [01/Aug/2010:18:06:33 -0700] "POST /~t290/logs/contact.php HTTP/1.1" 404 302 /home/users/t/t290/public_html/logs/contact.php "-" "Mozilla/5.0 (Windows; U; Windows NT 5.1; en-US; rv:1.9.0.6) Gecko/2009011913 Firefox/3.0.6" 0 www.hypersurf.com
218.234.23.94 - - [01/Aug/2010:18:16:10 -0700] "GET /~t290/logs//components/com_sitemap/sitemap.xml.php?mosConfig_absolute_path=http://razi.teo.ir/images/maghale/id1.txt?? HTTP/1.1" 404 330 /home/users/t/t290/public_html/logs//components "-" "Mozilla/5.0" 0 www.hypersurf.com
218.234.23.94 - - [01/Aug/2010:18:16:10 -0700] "GET /~t290/logs/access.log.0%20%20//components/com_sitemap/sitemap.xml.php?mosConfig_absolute_path=http://razi.teo.ir/images/maghale/id1.txt?? HTTP/1.1" 404 345 /home/users/t/t290/public_html/logs/access.log.0 "-" "Mozilla/5.0" 0 www.hypersurf.com
218.234.23.94 - - [01/Aug/2010:18:16:10 -0700] "GET /~t290//components/com_sitemap/sitemap.xml.php?mosConfig_absolute_path=http://razi.teo.ir/images/maghale/id1.txt?? HTTP/1.1" 404 325 /home/users/t/t290/public_html/components "-" "Mozilla/5.0" 0 www.hypersurf.com
66.36.164.33 - - [01/Aug/2010:18:16:22 -0700] "POST /~t290/contact.php HTTP/1.1" 404 297 /home/users/t/t290/public_html/contact.php "-" "MaMa CaSpEr" 0 www.hypersurf.com
66.36.164.33 - - [01/Aug/2010:18:16:22 -0700] "POST /~t290/logs/access.log/contact.php HTTP/1.1" 404 313 /home/users/t/t290/public_html/logs/access.log "-" "MaMa CaSpEr" 0 www.hypersurf.com
66.36.164.33 - - [01/Aug/2010:18:16:22 -0700] "POST /~t290/logs/contact.php HTTP/1.1" 404 302 /home/users/t/t290/public_html/logs/contact.php "-" "MaMa CaSpEr" 0 www.hypersurf.com
218.234.23.94 - - [01/Aug/2010:18:16:36 -0700] "GET /~t290/logs/access.log%20%20//components/com_sitemap/sitemap.xml.php?mosConfig_absolute_path=http://razi.teo.ir/images/maghale/id1.txt?? HTTP/1.1" 404 343 /home/users/t/t290/public_html/logs/access.log "-" "Mozilla/5.0" 0 www.hypersurf.com
66.36.164.33 - - [01/Aug/2010:18:17:43 -0700] "POST /~t290/logs/contact.php HTTP/1.1" 404 302 /home/users/t/t290/public_html/logs/contact.php "-" "MaMa CaSpEr" 0 www.hypersurf.com
66.36.164.33 - - [01/Aug/2010:18:17:43 -0700] "POST /~t290/logs/access.log%20%20/contact.php HTTP/1.1" 404 315 /home/users/t/t290/public_html/logs/access.log "-" "MaMa CaSpEr" 0 www.hypersurf.com
66.36.164.33 - - [01/Aug/2010:18:17:43 -0700] "POST /~t290/contact.php HTTP/1.1" 404 297 /home/users/t/t290/public_html/contact.php "-" "MaMa CaSpEr" 0 www.hypersurf.com
218.234.23.94 - - [01/Aug/2010:18:22:07 -0700] "GET /~t290/logs//components/com_sitemap/sitemap.xml.php?mosConfig_absolute_path=http://razi.teo.ir/images/maghale/id1.txt?? HTTP/1.1" 404 330 /home/users/t/t290/public_html/logs//components "-" "Mozilla/5.0" 0 www.hypersurf.com
218.234.23.94 - - [01/Aug/2010:18:22:07 -0700] "GET /~t290//components/com_sitemap/sitemap.xml.php?mosConfig_absolute_path=http://razi.teo.ir/images/maghale/id1.txt?? HTTP/1.1" 404 325 /home/users/t/t290/public_html/components "-" "Mozilla/5.0" 0 www.hypersurf.com
218.234.23.94 - - [01/Aug/2010:18:22:07 -0700] "GET /~t290/logs/access.log.0%20%20//components/com_sitemap/sitemap.xml.php?mosConfig_absolute_path=http://razi.teo.ir/images/maghale/id1.txt?? HTTP/1.1" 404 345 /home/users/t/t290/public_html/logs/access.log.0 "-" "Mozilla/5.0" 0 www.hypersurf.com
218.234.23.94 - - [01/Aug/2010:18:22:36 -0700] "GET /~t290/logs/access.log%20%20//components/com_sitemap/sitemap.xml.php?mosConfig_absolute_path=http://razi.teo.ir/images/maghale/id1.txt?? HTTP/1.1" 404 343 /home/users/t/t290/public_html/logs/access.log "-" "Mozilla/5.0" 0 www.hypersurf.com
89.249.88.225 - - [01/Aug/2010:18:37:03 -0700] "POST /~t290/contact.php HTTP/1.1" 404 297 /home/users/t/t290/public_html/contact.php "-" "MaMa CaSpEr" 0 www.hypersurf.com
89.249.88.225 - - [01/Aug/2010:18:37:03 -0700] "POST /~t290/logs/contact.php HTTP/1.1" 404 302 /home/users/t/t290/public_html/logs/contact.php "-" "MaMa CaSpEr" 0 www.hypersurf.com
89.249.88.225 - - [01/Aug/2010:18:37:03 -0700] "POST /~t290/logs/access.log/contact.php HTTP/1.1" 404 313 /home/users/t/t290/public_html/logs/access.log "-" "MaMa CaSpEr" 0 www.hypersurf.com
204.10.104.1 - - [01/Aug/2010:18:43:23 -0700] "POST /~t290/logs/access.log%20%20/contact.php HTTP/1.1" 404 315 /home/users/t/t290/public_html/logs/access.log "-" "MaMa CaSpEr" 0 www.hypersurf.com
204.10.104.1 - - [01/Aug/2010:18:43:23 -0700] "POST /~t290/logs/contact.php HTTP/1.1" 404 302 /home/users/t/t290/public_html/logs/contact.php "-" "MaMa CaSpEr" 0 www.hypersurf.com
204.10.104.1 - - [01/Aug/2010:18:43:23 -0700] "POST /~t290/contact.php HTTP/1.1" 404 297 /home/users/t/t290/public_html/contact.php "-" "MaMa CaSpEr" 0 www.hypersurf.com
74.54.41.18 - - [01/Aug/2010:19:09:51 -0700] "POST /~t290/logs/contact.php HTTP/1.1" 404 302 /home/users/t/t290/public_html/logs/contact.php "-" "Mozilla/5.0 (Windows; U; Windows NT 5.1; en-US; rv:1.9.0.6) Gecko/2009011913 Firefox/3.0.6" 0 www.hypersurf.com
74.54.41.18 - - [01/Aug/2010:19:09:51 -0700] "POST /~t290/logs/access.log/contact.php HTTP/1.1" 404 313 /home/users/t/t290/public_html/logs/access.log "-" "Mozilla/5.0 (Windows; U; Windows NT 5.1; en-US; rv:1.9.0.6) Gecko/2009011913 Firefox/3.0.6" 0 www.hypersurf.com
74.54.41.18 - - [01/Aug/2010:19:09:51 -0700] "POST /~t290/contact.php HTTP/1.1" 404 297 /home/users/t/t290/public_html/contact.php "-" "Mozilla/5.0 (Windows; U; Windows NT 5.1; en-US; rv:1.9.0.6) Gecko/2009011913 Firefox/3.0.6" 0 www.hypersurf.com
91.103.220.165 - - [01/Aug/2010:19:14:29 -0700] "POST /~t290/contact.php HTTP/1.1" 404 297 /home/users/t/t290/public_html/contact.php "-" "Mozilla/5.0 (Windows; U; Windows NT 5.1; en-US; rv:1.9.0.6) Gecko/2009011913 Firefox/3.0.6" 0 www.hypersurf.com
91.103.220.165 - - [01/Aug/2010:19:14:29 -0700] "POST /~t290/logs/contact.php HTTP/1.1" 404 302 /home/users/t/t290/public_html/logs/contact.php "-" "Mozilla/5.0 (Windows; U; Windows NT 5.1; en-US; rv:1.9.0.6) Gecko/2009011913 Firefox/3.0.6" 0 www.hypersurf.com
91.103.220.165 - - [01/Aug/2010:19:14:29 -0700] "POST /~t290/logs/access.log/contact.php HTTP/1.1" 404 313 /home/users/t/t290/public_html/logs/access.log "-" "Mozilla/5.0 (Windows; U; Windows NT 5.1; en-US; rv:1.9.0.6) Gecko/2009011913 Firefox/3.0.6" 0 www.hypersurf.com
93.114.41.85 - - [01/Aug/2010:19:27:42 -0700] "POST /~t290/logs//contact.php HTTP/1.1" 404 303 /home/users/t/t290/public_html/logs//contact.php "-" "Mozilla/5.0 (Windows; U; Windows NT 5.1; en-US; rv:1.9.0.6) Gecko/2009011913 Firefox/3.0.6" 0 www.hypersurf.com
93.114.41.85 - - [01/Aug/2010:19:27:42 -0700] "POST /~t290//contact.php HTTP/1.1" 404 298 /home/users/t/t290/public_html/contact.php "-" "Mozilla/5.0 (Windows; U; Windows NT 5.1; en-US; rv:1.9.0.6) Gecko/2009011913 Firefox/3.0.6" 0 www.hypersurf.com
93.114.41.85 - - [01/Aug/2010:19:27:42 -0700] "POST /~t290/logs/access.log//contact.php HTTP/1.1" 404 314 /home/users/t/t290/public_html/logs/access.log "-" "Mozilla/5.0 (Windows; U; Windows NT 5.1; en-US; rv:1.9.0.6) Gecko/2009011913 Firefox/3.0.6" 0 www.hypersurf.com
204.10.104.1 - - [01/Aug/2010:19:28:02 -0700] "POST /~t290/logs/access.log%20%20/contact.php HTTP/1.1" 404 315 /home/users/t/t290/public_html/logs/access.log "-" "MaMa CaSpEr" 0 www.hypersurf.com
204.10.104.1 - - [01/Aug/2010:19:28:02 -0700] "POST /~t290/contact.php HTTP/1.1" 404 297 /home/users/t/t290/public_html/contact.php "-" "MaMa CaSpEr" 0 www.hypersurf.com
203.147.62.92 - - [01/Aug/2010:19:28:20 -0700] "GET /~t290/components/com_moofaq/includes/file_includer.php?gzip=0&file=http://www.irishtoothache.com/id1.txt????? HTTP/1.1" 404 334 /home/users/t/t290/public_html/components "-" "Mozilla/5.0" 0 www.hypersurf.com
203.147.62.92 - - [01/Aug/2010:19:28:20 -0700] "GET /~t290/logs/components/com_moofaq/includes/file_includer.php?gzip=0&file=http://www.irishtoothache.com/id1.txt????? HTTP/1.1" 404 339 /home/users/t/t290/public_html/logs/components "-" "Mozilla/5.0" 0 www.hypersurf.com
203.147.62.92 - - [01/Aug/2010:19:28:20 -0700] "GET /~t290/logs/access.log%20%20/components/com_moofaq/includes/file_includer.php?gzip=0&file=http://www.irishtoothache.com/id1.txt????? HTTP/1.1" 404 352 /home/users/t/t290/public_html/logs/access.log "-" "Mozilla/5.0" 0 www.hypersurf.com
203.147.62.92 - - [01/Aug/2010:19:28:44 -0700] "GET /~t290/logs/access.log%20%20/components/com_moofaq/includes/file_includer.php?gzip=0&file=http://www.irishtoothache.com/id1.txt????? HTTP/1.1" 404 352 /home/users/t/t290/public_html/logs/access.log "-" "Mozilla/5.0" 0 www.hypersurf.com
203.147.62.92 - - [01/Aug/2010:19:28:46 -0700] "GET /~t290/components/com_moofaq/includes/file_includer.php?gzip=0&file=http://www.irishtoothache.com/id1.txt????? HTTP/1.1" 404 334 /home/users/t/t290/public_html/components "-" "Mozilla/5.0" 0 www.hypersurf.com
203.147.62.92 - - [01/Aug/2010:19:28:46 -0700] "GET /~t290/logs/components/com_moofaq/includes/file_includer.php?gzip=0&file=http://www.irishtoothache.com/id1.txt????? HTTP/1.1" 404 339 /home/users/t/t290/public_html/logs/components "-" "Mozilla/5.0" 0 www.hypersurf.com
203.147.62.92 - - [01/Aug/2010:19:29:15 -0700] "GET /~t290/logs/access.log.0%20%20/components/com_moofaq/includes/file_includer.php?gzip=0&file=http://www.irishtoothache.com/id1.txt????? HTTP/1.1" 404 354 /home/users/t/t290/public_html/logs/access.log.0 "-" "Mozilla/5.0" 0 www.hypersurf.com
203.147.62.92 - - [01/Aug/2010:19:29:36 -0700] "GET /~t290/logs/access.log.0%20%20/components/com_moofaq/includes/file_includer.php?gzip=0&file=http://www.irishtoothache.com/id1.txt????? HTTP/1.1" 404 354 /home/users/t/t290/public_html/logs/access.log.0 "-" "Mozilla/5.0" 0 www.hypersurf.com
93.114.41.85 - - [01/Aug/2010:19:30:48 -0700] "POST /~t290//contact.php HTTP/1.1" 404 298 /home/users/t/t290/public_html/contact.php "-" "Mozilla/5.0 (Windows; U; Windows NT 5.1; en-US; rv:1.9.0.6) Gecko/2009011913 Firefox/3.0.6" 0 www.hypersurf.com
93.114.41.85 - - [01/Aug/2010:19:30:48 -0700] "POST /~t290/logs//contact.php HTTP/1.1" 404 303 /home/users/t/t290/public_html/logs//contact.php "-" "Mozilla/5.0 (Windows; U; Windows NT 5.1; en-US; rv:1.9.0.6) Gecko/2009011913 Firefox/3.0.6" 0 www.hypersurf.com
93.114.41.85 - - [01/Aug/2010:19:30:48 -0700] "POST /~t290/logs/access.log//contact.php HTTP/1.1" 404 314 /home/users/t/t290/public_html/logs/access.log "-" "Mozilla/5.0 (Windows; U; Windows NT 5.1; en-US; rv:1.9.0.6) Gecko/2009011913 Firefox/3.0.6" 0 www.hypersurf.com
74.54.41.18 - - [01/Aug/2010:19:31:12 -0700] "POST /~t290/logs/contact.php HTTP/1.1" 404 302 /home/users/t/t290/public_html/logs/contact.php "-" "Mozilla/5.0 (Windows; U; Windows NT 5.1; en-US; rv:1.9.0.6) Gecko/2009011913 Firefox/3.0.6" 0 www.hypersurf.com
74.54.41.18 - - [01/Aug/2010:19:31:12 -0700] "POST /~t290/logs/access.log/contact.php HTTP/1.1" 404 313 /home/users/t/t290/public_html/logs/access.log "-" "Mozilla/5.0 (Windows; U; Windows NT 5.1; en-US; rv:1.9.0.6) Gecko/2009011913 Firefox/3.0.6" 0 www.hypersurf.com /home/users/t/t290/public_html/contact.php74.54.41.18 - - [01/Aug/2010:19:31:12 -0700] "POST /~t290/contact.php HTTP/1.1" 404 297 /home/users/t/t290/public_html/contact.php "-" "Mozilla/5.0 (Windo
203.147.62.92 - - [01/Aug/2010:19:31:54 -0700] "GET /~t290/components/com_moofaq/includes/file_includer.php?gzip=0&file=http://www.irishtoothache.com/id1.txt????? HTTP/1.1" 404 334 /home/users/t/t290/public_html/components "-" "Mozilla/5.0" 0 www.hypersurf.com
203.147.62.92 - - [01/Aug/2010:19:31:54 -0700] "GET /~t290/logs/components/com_moofaq/includes/file_includer.php?gzip=0&file=http://www.irishtoothache.com/id1.txt????? HTTP/1.1" 404 339 /home/users/t/t290/public_html/logs/components "-" "Mozilla/5.0" 0 www.hypersurf.com
203.147.62.92 - - [01/Aug/2010:19:31:54 -0700] "GET /~t290/logs/access.log%20%20/components/com_moofaq/includes/file_includer.php?gzip=0&file=http://www.irishtoothache.com/id1.txt????? HTTP/1.1" 404 352 /home/users/t/t290/public_html/logs/access.log "-" "Mozilla/5.0" 0 www.hypersurf.com
81.208.34.38 - - [01/Aug/2010:19:32:29 -0700] "GET /~t290/components/com_moofaq/includes/file_includer.php?gzip=0&file=http://www.projectmoneygenerator.com/css/us/id1.txt???? HTTP/1.1" 404 334 /home/users/t/t290/public_html/components "-" "Mozilla/5.0" 0 www.hypersurf.com
81.208.34.38 - - [01/Aug/2010:19:32:29 -0700] "GET /~t290/logs/components/com_moofaq/includes/file_includer.php?gzip=0&file=http://www.projectmoneygenerator.com/css/us/id1.txt???? HTTP/1.1" 404 339 /home/users/t/t290/public_html/logs/components "-" "Mozilla/5.0" 0 www.hypersurf.com
81.208.34.38 - - [01/Aug/2010:19:32:38 -0700] "GET /~t290/logs/access.log/components/com_moofaq/includes/file_includer.php?gzip=0&file=http://www.projectmoneygenerator.com/css/us/id1.txt???? HTTP/1.1" 404 350 /home/users/t/t290/public_html/logs/access.log "-" "Mozilla/5.0" 0 www.hypersurf.com
203.147.62.92 - - [01/Aug/2010:19:33:10 -0700] "GET /~t290/logs/access.log.0%20%20/components/com_moofaq/includes/file_includer.php?gzip=0&file=http://www.irishtoothache.com/id1.txt????? HTTP/1.1" 404 354 /home/users/t/t290/public_html/logs/access.log.0 "-" "Mozilla/5.0" 0 www.hypersurf.com
81.208.34.38 - - [01/Aug/2010:19:34:42 -0700] "GET /~t290/components/com_moofaq/includes/file_includer.php?gzip=0&file=http://www.projectmoneygenerator.com/css/us/id1.txt???? HTTP/1.1" 404 334 /home/users/t/t290/public_html/components "-" "Mozilla/5.0" 0 www.hypersurf.com
81.208.34.38 - - [01/Aug/2010:19:34:42 -0700] "GET /~t290/logs/components/com_moofaq/includes/file_includer.php?gzip=0&file=http://www.projectmoneygenerator.com/css/us/id1.txt???? HTTP/1.1" 404 339 /home/users/t/t290/public_html/logs/components "-" "Mozilla/5.0" 0 www.hypersurf.com
81.208.34.38 - - [01/Aug/2010:19:34:42 -0700] "GET /~t290/logs/access.log%20%20/components/com_moofaq/includes/file_includer.php?gzip=0&file=http://www.projectmoneygenerator.com/css/us/id1.txt???? HTTP/1.1" 404 352 /home/users/t/t290/public_html/logs/access.log "-" "Mozilla/5.0" 0 www.hypersurf.com
81.208.34.38 - - [01/Aug/2010:19:35:32 -0700] "GET /~t290/logs/access.log.0%20%20/components/com_moofaq/includes/file_includer.php?gzip=0&file=http://www.projectmoneygenerator.com/css/us/id1.txt???? HTTP/1.1" 404 354 /home/users/t/t290/public_html/logs/access.log.0 "-" "Mozilla/5.0" 0 www.hypersurf.com
203.147.62.92 - - [01/Aug/2010:19:36:57 -0700] "GET /~t290/components/com_moofaq/includes/file_includer.php?gzip=0&file=http://www.irishtoothache.com/id1.txt????? HTTP/1.1" 404 334 /home/users/t/t290/public_html/components "-" "Mozilla/5.0" 0 www.hypersurf.com
203.147.62.92 - - [01/Aug/2010:19:36:58 -0700] "GET /~t290/logs/access.log%20%20/components/com_moofaq/includes/file_includer.php?gzip=0&file=http://www.irishtoothache.com/id1.txt????? HTTP/1.1" 404 352 /home/users/t/t290/public_html/logs/access.log "-" "Mozilla/5.0" 0 www.hypersurf.com
203.147.62.92 - - [01/Aug/2010:19:36:59 -0700] "GET /~t290/logs/components/com_moofaq/includes/file_includer.php?gzip=0&file=http://www.irishtoothache.com/id1.txt????? HTTP/1.1" 404 339 /home/users/t/t290/public_html/logs/components "-" "Mozilla/5.0" 0 www.hypersurf.com
203.147.62.92 - - [01/Aug/2010:19:37:54 -0700] "GET /~t290/logs/access.log.0%20%20/components/com_moofaq/includes/file_includer.php?gzip=0&file=http://www.irishtoothache.com/id1.txt????? HTTP/1.1" 404 354 /home/users/t/t290/public_html/logs/access.log.0 "-" "Mozilla/5.0" 0 www.hypersurf.com
81.208.34.38 - - [01/Aug/2010:19:39:00 -0700] "GET /~t290/logs/access.log%20%20/components/com_moofaq/includes/file_includer.php?gzip=0&file=http://www.projectmoneygenerator.com/css/us/id1.txt???? HTTP/1.1" 404 352 /home/users/t/t290/public_html/logs/access.log "-" "Mozilla/5.0" 0 www.hypersurf.com
66.98.224.33 - - [01/Aug/2010:19:39:02 -0700] "GET /~t290/logs//include/bbs.lib.inc.php?site_path=http://indotransdata.fileave.com/RFI/osyid.txt???? HTTP/1.1" 404 315 /home/users/t/t290/public_html/logs//include "-" "libwww-perl/5.65" 0 www.hypersurf.com
66.98.224.33 - - [01/Aug/2010:19:39:02 -0700] "GET /~t290/logs/access.log%20//include/bbs.lib.inc.php?site_path=http://indotransdata.fileave.com/RFI/osyid.txt???? HTTP/1.1" 404 327 /home/users/t/t290/public_html/logs/access.log "-" "libwww-perl/5.65" 0 www.hypersurf.com
81.208.34.38 - - [01/Aug/2010:19:39:48 -0700] "GET /~t290/logs/access.log.0%20%20/components/com_moofaq/includes/file_includer.php?gzip=0&file=http://www.projectmoneygenerator.com/css/us/id1.txt???? HTTP/1.1" 404 354 /home/users/t/t290/public_html/logs/access.log.0 "-" "Mozilla/5.0" 0 www.hypersurf.com
93.125.99.2 - - [01/Aug/2010:19:40:18 -0700] "GET /~t290/logs/access.log%20//include/bbs.lib.inc.php?site_path=http://indotransdata.fileave.com/RFI/osyid.txt???? HTTP/1.1" 404 327 /home/users/t/t290/public_html/logs/access.log "-" "libwww-perl/5.810" 0 www.hypersurf.com
93.125.99.2 - - [01/Aug/2010:19:40:18 -0700] "GET /~t290/logs//include/bbs.lib.inc.php?site_path=http://indotransdata.fileave.com/RFI/osyid.txt???? HTTP/1.1" 404 315 /home/users/t/t290/public_html/logs//include "-" "libwww-perl/5.810" 0 www.hypersurf.com
93.232.220.79 - - [01/Aug/2010:19:40:36 -0700] "GET /~t290/logs/access.log%20//include/bbs.lib.inc.php?site_path=http://indotransdata.fileave.com/RFI/osyid.txt???? HTTP/1.1" 404 327 /home/users/t/t290/public_html/logs/access.log "-" "libwww-perl/5.808" 0 www.hypersurf.com
93.232.220.79 - - [01/Aug/2010:19:40:36 -0700] "GET /~t290/logs//include/bbs.lib.inc.php?site_path=http://indotransdata.fileave.com/RFI/osyid.txt???? HTTP/1.1" 404 315 /home/users/t/t290/public_html/logs//include "-" "libwww-perl/5.808" 0 www.hypersurf.com
93.114.41.85 - - [01/Aug/2010:19:43:17 -0700] "POST /~t290//contact.php HTTP/1.1" 404 298 /home/users/t/t290/public_html/contact.php "-" "Mozilla/5.0 (Windows; U; Windows NT 5.1; en-US; rv:1.9.0.6) Gecko/2009011913 Firefox/3.0.6" 0 www.hypersurf.com
93.114.41.85 - - [01/Aug/2010:19:43:17 -0700] "POST /~t290/logs/access.log//contact.php HTTP/1.1" 404 314 /home/users/t/t290/public_html/logs/access.log "-" "Mozilla/5.0 (Windows; U; Windows NT 5.1; en-US; rv:1.9.0.6) Gecko/2009011913 Firefox/3.0.6" 0 www.hypersurf.com
93.114.41.85 - - [01/Aug/2010:19:43:17 -0700] "POST /~t290/logs//contact.php HTTP/1.1" 404 303 /home/users/t/t290/public_html/logs//contact.php "-" "Mozilla/5.0 (Windows; U; Windows NT 5.1; en-US; rv:1.9.0.6) Gecko/2009011913 Firefox/3.0.6" 0 www.hypersurf.com
66.98.224.33 - - [01/Aug/2010:19:45:14 -0700] "GET /~t290/logs/access.log//include/bbs.lib.inc.php?site_path=http://indotransdata.fileave.com/RFI/osyid.txt???? HTTP/1.1" 404 326 /home/users/t/t290/public_html/logs/access.log "-" "libwww-perl/5.65" 0 www.hypersurf.com
93.125.99.2 - - [01/Aug/2010:19:45:19 -0700] "GET /~t290/logs/access.log//include/bbs.lib.inc.php?site_path=http://indotransdata.fileave.com/RFI/osyid.txt???? HTTP/1.1" 404 326 /home/users/t/t290/public_html/logs/access.log "-" "libwww-perl/5.810" 0 www.hypersurf.com
93.114.41.85 - - [01/Aug/2010:19:45:21 -0700] "POST /~t290/logs//contact.php HTTP/1.1" 404 303 /home/users/t/t290/public_html/logs//contact.php "-" "Mozilla/5.0 (Windows; U; Windows NT 5.1; en-US; rv:1.9.0.6) Gecko/2009011913 Firefox/3.0.6" 0 www.hypersurf.com
93.114.41.85 - - [01/Aug/2010:19:45:21 -0700] "POST /~t290//contact.php HTTP/1.1" 404 298 /home/users/t/t290/public_html/contact.php "-" "Mozilla/5.0 (Windows; U; Windows NT 5.1; en-US; rv:1.9.0.6) Gecko/2009011913 Firefox/3.0.6" 0 www.hypersurf.com
93.114.41.85 - - [01/Aug/2010:19:45:21 -0700] "POST /~t290/logs/access.log//contact.php HTTP/1.1" 404 314 /home/users/t/t290/public_html/logs/access.log "-" "Mozilla/5.0 (Windows; U; Windows NT 5.1; en-US; rv:1.9.0.6) Gecko/2009011913 Firefox/3.0.6" 0 www.hypersurf.com
93.232.220.79 - - [01/Aug/2010:19:45:24 -0700] "GET /~t290/logs/access.log//include/bbs.lib.inc.php?site_path=http://indotransdata.fileave.com/RFI/osyid.txt???? HTTP/1.1" 404 326 /home/users/t/t290/public_html/logs/access.log "-" "libwww-perl/5.808" 0 www.hypersurf.com
72.1.114.141 - - [01/Aug/2010:19:47:38 -0700] "GET /~t290/bbs/write_update.php//write_update.php?board_skin_path=http://caged-steel.com/media/catalog/product/b/a/pid?? HTTP/1.1" 404 324 /home/users/t/t290/public_html/bbs "-" "Mozilla/5.0" 0 www.hypersurf.com
72.1.114.141 - - [01/Aug/2010:19:47:38 -0700] "GET /~t290/logs/access.log/bbs/write_update.php//write_update.php?board_skin_path=http://caged-steel.com/media/catalog/product/b/a/pid?? HTTP/1.1" 404 340 /home/users/t/t290/public_html/logs/access.log "-" "Mozilla/5.0" 0 www.hypersurf.com
72.1.114.141 - - [01/Aug/2010:19:47:38 -0700] "GET /~t290/logs/bbs/write_update.php//write_update.php?board_skin_path=http://caged-steel.com/media/catalog/product/b/a/pid?? HTTP/1.1" 404 329 /home/users/t/t290/public_html/logs/bbs "-" "Mozilla/5.0" 0 www.hypersurf.com
72.1.114.141 - - [01/Aug/2010:19:47:52 -0700] "GET /~t290/logs/access.log.0/bbs/write_update.php//write_update.php?board_skin_path=http://caged-steel.com/media/catalog/product/b/a/pid?? HTTP/1.1" 404 342 /home/users/t/t290/public_html/logs/access.log.0 "-" "Mozilla/5.0" 0 www.hypersurf.com
72.1.114.141 - - [01/Aug/2010:19:48:39 -0700] "GET /~t290/bbs/write_update.php//write_update.php?board_skin_path=http://caged-steel.com/media/catalog/product/b/a/pid?? HTTP/1.1" 404 324 /home/users/t/t290/public_html/bbs "-" "Mozilla/5.0" 0 www.hypersurf.com
72.1.114.141 - - [01/Aug/2010:19:48:39 -0700] "GET /~t290/logs/access.log%20%20/bbs/write_update.php//write_update.php?board_skin_path=http://caged-steel.com/media/catalog/product/b/a/pid?? HTTP/1.1" 404 342 /home/users/t/t290/public_html/logs/access.log "-" "Mozilla/5.0" 0 www.hypersurf.com
72.1.114.141 - - [01/Aug/2010:19:48:39 -0700] "GET /~t290/logs/bbs/write_update.php//write_update.php?board_skin_path=http://caged-steel.com/media/catalog/product/b/a/pid?? HTTP/1.1" 404 329 /home/users/t/t290/public_html/logs/bbs "-" "Mozilla/5.0" 0 www.hypersurf.com
72.1.114.141 - - [01/Aug/2010:19:49:29 -0700] "GET /~t290/logs/access.log.0%20%20/bbs/write_update.php//write_update.php?board_skin_path=http://caged-steel.com/media/catalog/product/b/a/pid?? HTTP/1.1" 404 344 /home/users/t/t290/public_html/logs/access.log.0 "-" "Mozilla/5.0" 0 www.hypersurf.com
67.195.115.170 - - [01/Aug/2010:19:49:31 -0700] "GET /~t290/logs/stats-2002/Sep.wwwstats.html.gz HTTP/1.0" 404 310 /home/users/t/t290/public_html/logs/stats-2002 "-" "Mozilla/5.0 (compatible; Yahoo! Slurp/3.0; http://help.yahoo.com/help/us/ysearch/slurp)" 0 www.hypersurf.com
93.125.99.2 - - [01/Aug/2010:19:49:41 -0700] "GET /~t290//board/write_comment_update.php/?board_skin_path=http://razi.teo.ir/images/maghale/id1.txt????? HTTP/1.1" 404 318 /home/users/t/t290/public_html/board "-" "Mozilla/5.0" 0 www.hypersurf.com
93.125.99.2 - - [01/Aug/2010:19:49:41 -0700] "GET /~t290/logs//board/write_comment_update.php/?board_skin_path=http://razi.teo.ir/images/maghale/id1.txt????? HTTP/1.1" 404 323 /home/users/t/t290/public_html/logs//board "-" "Mozilla/5.0" 0 www.hypersurf.com
93.125.99.2 - - [01/Aug/2010:19:49:41 -0700] "GET /~t290/logs/access.log%20%20//board/write_comment_update.php/?board_skin_path=http://razi.teo.ir/images/maghale/id1.txt????? HTTP/1.1" 404 336 /home/users/t/t290/public_html/logs/access.log "-" "Mozilla/5.0" 0 www.hypersurf.com
218.234.23.94 - - [01/Aug/2010:19:50:33 -0700] "GET /~t290/components/com_moofaq/includes/file_includer.php?gzip=0&file=http://www.joodsmaastricht.nl/Ckrid1.txt?? HTTP/1.1" 404 334 /home/users/t/t290/public_html/components "-" "MaMa CaSpEr" 0 www.hypersurf.com
218.234.23.94 - - [01/Aug/2010:19:50:33 -0700] "GET /~t290/logs/access.log%20%20/components/com_moofaq/includes/file_includer.php?gzip=0&file=http://www.joodsmaastricht.nl/Ckrid1.txt?? HTTP/1.1" 404 352 /home/users/t/t290/public_html/logs/access.log "-" "MaMa CaSpEr" 0 www.hypersurf.com
218.234.23.94 - - [01/Aug/2010:19:50:33 -0700] "GET /~t290/logs/components/com_moofaq/includes/file_includer.php?gzip=0&file=http://www.joodsmaastricht.nl/Ckrid1.txt?? HTTP/1.1" 404 339 /home/users/t/t290/public_html/logs/components "-" "MaMa CaSpEr" 0 www.hypersurf.com
218.234.23.94 - - [01/Aug/2010:19:50:33 -0700] "GET /~t290/components/com_moofaq/includes/file_includer.php?gzip=0&file=%7Cecho%20%22casper%22;echo%20%22kae%22;%7C HTTP/1.1" 404 334 /home/users/t/t290/public_html/components "-" "MaMa CaSpEr" 0 www.hypersurf.com
218.234.23.94 - - [01/Aug/2010:19:50:33 -0700] "GET /~t290/logs/components/com_moofaq/includes/file_includer.php?gzip=0&file=%7Cecho%20%22casper%22;echo%20%22kae%22;%7C HTTP/1.1" 404 339 /home/users/t/t290/public_html/logs/components "-" "MaMa CaSpEr" 0 www.hypersurf.com
218.234.23.94 - - [01/Aug/2010:19:50:33 -0700] "GET /~t290/logs/access.log%20%20/components/com_moofaq/includes/file_includer.php?gzip=0&file=%7Cecho%20%22casper%22;echo%20%22kae%22;%7C HTTP/1.1" 404 352 /home/users/t/t290/public_html/logs/access.log "-" "MaMa CaSpEr" 0 www.hypersurf.com
218.234.23.94 - - [01/Aug/2010:19:51:20 -0700] "GET /~t290/logs/access.log.0%20%20/components/com_moofaq/includes/file_includer.php?gzip=0&file=http://www.joodsmaastricht.nl/Ckrid1.txt?? HTTP/1.1" 404 354 /home/users/t/t290/public_html/logs/access.log.0 "-" "MaMa CaSpEr" 0 www.hypersurf.com
218.234.23.94 - - [01/Aug/2010:19:51:20 -0700] "GET /~t290/logs/access.log.0%20%20/components/com_moofaq/includes/file_includer.php?gzip=0&file=%7Cecho%20%22casper%22;echo%20%22kae%22;%7C HTTP/1.1" 404 354 /home/users/t/t290/public_html/logs/access.log.0 "-" "MaMa CaSpEr" 0 www.hypersurf.com
93.232.220.79 - - [01/Aug/2010:19:51:37 -0700] "GET /~t290/logs//board/write_comment_update.php/?board_skin_path=http://razi.teo.ir/images/maghale/id1.txt????? HTTP/1.1" 404 323 /home/users/t/t290/public_html/logs//board "-" "Mozilla/5.0" 0 www.hypersurf.com
93.232.220.79 - - [01/Aug/2010:19:51:37 -0700] "GET /~t290//board/write_comment_update.php/?board_skin_path=http://razi.teo.ir/images/maghale/id1.txt????? HTTP/1.1" 404 318 /home/users/t/t290/public_html/board "-" "Mozilla/5.0" 0 www.hypersurf.com
93.232.220.79 - - [01/Aug/2010:19:51:37 -0700] "GET /~t290/logs/access.log%20%20//board/write_comment_update.php/?board_skin_path=http://razi.teo.ir/images/maghale/id1.txt????? HTTP/1.1" 404 336 /home/users/t/t290/public_html/logs/access.log "-" "Mozilla/5.0" 0 www.hypersurf.com
66.98.224.33 - - [01/Aug/2010:19:53:48 -0700] "GET /~t290//board/write_comment_update.php/?board_skin_path=http://razi.teo.ir/images/maghale/id1.txt????? HTTP/1.1" 404 318 /home/users/t/t290/public_html/board "-" "Mozilla/5.0" 0 www.hypersurf.com
66.98.224.33 - - [01/Aug/2010:19:53:48 -0700] "GET /~t290/logs/access.log%20%20//board/write_comment_update.php/?board_skin_path=http://razi.teo.ir/images/maghale/id1.txt????? HTTP/1.1" 404 336 /home/users/t/t290/public_html/logs/access.log "-" "Mozilla/5.0" 0 www.hypersurf.com
66.98.224.33 - - [01/Aug/2010:19:53:48 -0700] "GET /~t290/logs//board/write_comment_update.php/?board_skin_path=http://razi.teo.ir/images/maghale/id1.txt????? HTTP/1.1" 404 323 /home/users/t/t290/public_html/logs//board "-" "Mozilla/5.0" 0 www.hypersurf.com
203.147.62.92 - - [01/Aug/2010:19:54:43 -0700] "GET /~t290/components/com_moofaq/includes/file_includer.php?gzip=0&file=http://www.irishtoothache.com/id1.txt????? HTTP/1.1" 404 334 /home/users/t/t290/public_html/components "-" "Mozilla/5.0" 0 www.hypersurf.com
203.147.62.92 - - [01/Aug/2010:19:54:43 -0700] "GET /~t290/logs/components/com_moofaq/includes/file_includer.php?gzip=0&file=http://www.irishtoothache.com/id1.txt????? HTTP/1.1" 404 339 /home/users/t/t290/public_html/logs/components "-" "Mozilla/5.0" 0 www.hypersurf.com /home/users/h/hyper/public_html/components203.147.62.92 - - [01/Aug/2010:19:54:43 -0700] "GET /components/com_moofaq/includes/file_includer.php?gzip=0&file=http://www.irishtoothache.com/id1.txt
203.147.62.92 - - [01/Aug/2010:19:54:46 -0700] "GET /~t290/logs/access.log%20%20/components/com_moofaq/includes/file_includer.php?gzip=0&file=http://www.irishtoothache.com/id1.txt????? HTTP/1.1" 404 352 /home/users/t/t290/public_html/logs/access.log "-" "Mozilla/5.0" 0 www.hypersurf.com
203.147.62.92 - - [01/Aug/2010:19:54:48 -0700] "GET /~t290/components/com_moofaq/includes/file_includer.php?gzip=0&file=http://www.irishtoothache.com/id1.txt????? HTTP/1.1" 404 334 /home/users/t/t290/public_html/components "-" "Mozilla/5.0" 0 www.hypersurf.com
203.147.62.92 - - [01/Aug/2010:19:54:48 -0700] "GET /~t290/logs/components/com_moofaq/includes/file_includer.php?gzip=0&file=http://www.irishtoothache.com/id1.txt????? HTTP/1.1" 404 339 /home/users/t/t290/public_html/logs/components "-" "Mozilla/5.0" 0 www.hypersurf.com
203.147.62.92 - - [01/Aug/2010:19:54:49 -0700] "GET /~t290/logs/access.log%20%20/components/com_moofaq/includes/file_includer.php?gzip=0&file=http://www.irishtoothache.com/id1.txt????? HTTP/1.1" 404 352 /home/users/t/t290/public_html/logs/access.log "-" "Mozilla/5.0" 0 www.hypersurf.com
203.147.62.92 - - [01/Aug/2010:19:55:37 -0700] "GET /~t290/logs/access.log.0%20%20/components/com_moofaq/includes/file_includer.php?gzip=0&file=http://www.irishtoothache.com/id1.txt????? HTTP/1.1" 404 354 /home/users/t/t290/public_html/logs/access.log.0 "-" "Mozilla/5.0" 0 www.hypersurf.com
203.147.62.92 - - [01/Aug/2010:19:55:39 -0700] "GET /~t290/logs/access.log.0%20%20/components/com_moofaq/includes/file_includer.php?gzip=0&file=http://www.irishtoothache.com/id1.txt????? HTTP/1.1" 404 354 /home/users/t/t290/public_html/logs/access.log.0 "-" "Mozilla/5.0" 0 www.hypersurf.com
218.234.23.94 - - [01/Aug/2010:19:56:02 -0700] "GET /~t290/logs/access.log/components/com_moofaq/includes/file_includer.php?gzip=0&file=http://www.joodsmaastricht.nl/Ckrid1.txt?? HTTP/1.1" 404 350 /home/users/t/t290/public_html/logs/access.log "-" "MaMa CaSpEr" 0 www.hypersurf.com
218.234.23.94 - - [01/Aug/2010:19:56:03 -0700] "GET /~t290/logs/access.log/components/com_moofaq/includes/file_includer.php?gzip=0&file=%7Cecho%20%22casper%22;echo%20%22kae%22;%7C HTTP/1.1" 404 350 /home/users/t/t290/public_html/logs/access.log "-" "MaMa CaSpEr" 0 www.hypersurf.com
218.234.23.94 - - [01/Aug/2010:19:56:50 -0700] "GET /~t290/logs/access.log.0/components/com_moofaq/includes/file_includer.php?gzip=0&file=http://www.joodsmaastricht.nl/Ckrid1.txt?? HTTP/1.1" 404 352 /home/users/t/t290/public_html/logs/access.log.0 "-" "MaMa CaSpEr" 0 www.hypersurf.com
218.234.23.94 - - [01/Aug/2010:19:56:51 -0700] "GET /~t290/logs/access.log.0/components/com_moofaq/includes/file_includer.php?gzip=0&file=%7Cecho%20%22casper%22;echo%20%22kae%22;%7C HTTP/1.1" 404 352 /home/users/t/t290/public_html/logs/access.log.0 "-" "MaMa CaSpEr" 0 www.hypersurf.com
208.115.208.167 - - [01/Aug/2010:20:01:47 -0700] "GET /~t290/logs/components/com_moofaq/includes/file_includer.php?gzip=0&file=http://www.africamissionsna.org//sc/e.txt??? HTTP/1.1" 404 339 /home/users/t/t290/public_html/logs/components "-" "kmccrew Bot Search" 0 www.hypersurf.com
208.115.208.167 - - [01/Aug/2010:20:01:51 -0700] "GET /~t290/logs/access.log%20%20/components/com_moofaq/includes/file_includer.php?gzip=0&file=http://www.africamissionsna.org//sc/e.txt??? HTTP/1.1" 404 352 /home/users/t/t290/public_html/logs/access.log "-" "kmccrew Bot Search" 0 www.hypersurf.com
208.115.208.167 - - [01/Aug/2010:20:01:52 -0700] "GET /~t290/components/com_moofaq/includes/file_includer.php?gzip=0&file=http://www.africamissionsna.org//sc/e.txt??? HTTP/1.1" 404 334 /home/users/t/t290/public_html/components "-" "kmccrew Bot Search" 0 www.hypersurf.com
218.234.23.94 - - [01/Aug/2010:20:02:44 -0700] "GET /~t290/logs/access.log%20%20/components/com_moofaq/includes/file_includer.php?gzip=0&file=http://www.irishtoothache.com/id1.txt????? HTTP/1.1" 404 352 /home/users/t/t290/public_html/logs/access.log "-" "Mozilla/5.0" 0 www.hypersurf.com
218.234.23.94 - - [01/Aug/2010:20:02:44 -0700] "GET /~t290/components/com_moofaq/includes/file_includer.php?gzip=0&file=http://www.irishtoothache.com/id1.txt????? HTTP/1.1" 404 334 /home/users/t/t290/public_html/components "-" "Mozilla/5.0" 0 www.hypersurf.com
218.234.23.94 - - [01/Aug/2010:20:02:44 -0700] "GET /~t290/logs/components/com_moofaq/includes/file_includer.php?gzip=0&file=http://www.irishtoothache.com/id1.txt????? HTTP/1.1" 404 339 /home/users/t/t290/public_html/logs/components "-" "Mozilla/5.0" 0 www.hypersurf.com
208.115.208.167 - - [01/Aug/2010:20:02:56 -0700] "GET /~t290/logs/access.log.0%20%20/components/com_moofaq/includes/file_includer.php?gzip=0&file=http://www.africamissionsna.org//sc/e.txt??? HTTP/1.1" 404 354 /home/users/t/t290/public_html/logs/access.log.0 "-" "kmccrew Bot Search" 0 www.hypersurf.com
218.234.23.94 - - [01/Aug/2010:20:03:06 -0700] "GET /~t290/logs/access.log.0%20%20/components/com_moofaq/includes/file_includer.php?gzip=0&file=http://www.irishtoothache.com/id1.txt????? HTTP/1.1" 404 354 /home/users/t/t290/public_html/logs/access.log.0 "-" "Mozilla/5.0" 0 www.hypersurf.com
222.236.47.182 - - [01/Aug/2010:20:06:53 -0700] "GET /~t290/logs/technote7/skin_shop/standard/2_view_body/body_default.php?2_view_body_dir=http://phamsight.com/docs/images/head?? HTTP/1.1" 404 348 /home/users/t/t290/public_html/logs/technote7 "-" "Mozilla/5.0" 0 www.hypersurf.com
222.236.47.182 - - [01/Aug/2010:20:06:53 -0700] "GET /~t290/technote7/skin_shop/standard/2_view_body/body_default.php?2_view_body_dir=http://phamsight.com/docs/images/head?? HTTP/1.1" 404 343 /home/users/t/t290/public_html/technote7 "-" "Mozilla/5.0" 0 www.hypersurf.com
222.236.47.182 - - [01/Aug/2010:20:06:53 -0700] "GET /~t290/logs/access.log.0%20%20/technote7/skin_shop/standard/2_view_body/body_default.php?2_view_body_dir=http://phamsight.com/docs/images/head?? HTTP/1.1" 404 363 /home/users/t/t290/public_html/logs/access.log.0 "-" "Mozilla/5.0" 0 www.hypersurf.com
222.236.47.182 - - [01/Aug/2010:20:07:20 -0700] "GET /~t290/logs/access.log%20%20/technote7/skin_shop/standard/2_view_body/body_default.php?2_view_body_dir=http://phamsight.com/docs/images/head?? HTTP/1.1" 404 361 /home/users/t/t290/public_html/logs/access.log "-" "Mozilla/5.0" 0 www.hypersurf.com
93.232.220.79 - - [01/Aug/2010:20:07:29 -0700] "GET /~t290/logs/access.log//board/write_comment_update.php/?board_skin_path=http://razi.teo.ir/images/maghale/id1.txt????? HTTP/1.1" 404 334 /home/users/t/t290/public_html/logs/access.log "-" "Mozilla/5.0" 0 www.hypersurf.com
203.147.62.92 - - [01/Aug/2010:20:10:08 -0700] "GET /~t290/logs//components/com_moofaq/includes/file_includer.php?gzip=0&file=http://www.irishtoothache.com/id1.txt????? HTTP/1.1" 404 340 /home/users/t/t290/public_html/logs//components "-" "Mozilla/5.0" 0 www.hypersurf.com
203.147.62.92 - - [01/Aug/2010:20:10:08 -0700] "GET /~t290//components/com_moofaq/includes/file_includer.php?gzip=0&file=http://www.irishtoothache.com/id1.txt????? HTTP/1.1" 404 335 /home/users/t/t290/public_html/components "-" "Mozilla/5.0" 0 www.hypersurf.com
203.147.62.92 - - [01/Aug/2010:20:10:08 -0700] "GET /~t290/logs/access.log%20%20//components/com_moofaq/includes/file_includer.php?gzip=0&file=http://www.irishtoothache.com/id1.txt????? HTTP/1.1" 404 353 /home/users/t/t290/public_html/logs/access.log "-" "Mozilla/5.0" 0 www.hypersurf.com
203.147.62.92 - - [01/Aug/2010:20:10:14 -0700] "GET /~t290//components/com_moofaq/includes/file_includer.php?gzip=0&file=http://www.irishtoothache.com/id1.txt????? HTTP/1.1" 404 335 /home/users/t/t290/public_html/components "-" "Mozilla/5.0" 0 www.hypersurf.com
203.147.62.92 - - [01/Aug/2010:20:10:15 -0700] "GET /~t290/logs/access.log%20%20//components/com_moofaq/includes/file_includer.php?gzip=0&file=http://www.irishtoothache.com/id1.txt????? HTTP/1.1" 404 353 /home/users/t/t290/public_html/logs/access.log "-" "Mozilla/5.0" 0 www.hypersurf.com
203.147.62.92 - - [01/Aug/2010:20:10:15 -0700] "GET /~t290/logs//components/com_moofaq/includes/file_includer.php?gzip=0&file=http://www.irishtoothache.com/id1.txt????? HTTP/1.1" 404 340 /home/users/t/t290/public_html/logs//components "-" "Mozilla/5.0" 0 www.hypersurf.com
222.236.47.182 - - [01/Aug/2010:20:10:16 -0700] "GET /~t290/technote7/skin_shop/standard/2_view_body/body_default.php?2_view_body_dir=http://phamsight.com/docs/images/head?? HTTP/1.1" 404 343 /home/users/t/t290/public_html/technote7 "-" "Mozilla/5.0" 0 www.hypersurf.com
222.236.47.182 - - [01/Aug/2010:20:10:56 -0700] "GET /~t290/logs/access.log.0%20%20/technote7/skin_shop/standard/2_view_body/body_default.php?2_view_body_dir=http://phamsight.com/docs/images/head?? HTTP/1.1" 404 363 /home/users/t/t290/public_html/logs/access.log.0 "-" "Mozilla/5.0" 0 www.hypersurf.com
222.236.47.182 - - [01/Aug/2010:20:10:56 -0700] "GET /~t290/logs/technote7/skin_shop/standard/2_view_body/body_default.php?2_view_body_dir=http://phamsight.com/docs/images/head?? HTTP/1.1" 404 348 /home/users/t/t290/public_html/logs/technote7 "-" "Mozilla/5.0" 0 www.hypersurf.com
203.147.62.92 - - [01/Aug/2010:20:10:58 -0700] "GET /~t290/logs/access.log.0%20%20//components/com_moofaq/includes/file_includer.php?gzip=0&file=http://www.irishtoothache.com/id1.txt????? HTTP/1.1" 404 355 /home/users/t/t290/public_html/logs/access.log.0 "-" "Mozilla/5.0" 0 www.hypersurf.com
222.236.47.182 - - [01/Aug/2010:20:11:21 -0700] "GET /~t290/logs/access.log%20%20/technote7/skin_shop/standard/2_view_body/body_default.php?2_view_body_dir=http://phamsight.com/docs/images/head?? HTTP/1.1" 404 361 /home/users/t/t290/public_html/logs/access.log "-" "Mozilla/5.0" 0 www.hypersurf.com
203.147.62.92 - - [01/Aug/2010:20:11:28 -0700] "GET /~t290/logs/access.log.0%20%20//components/com_moofaq/includes/file_includer.php?gzip=0&file=http://www.irishtoothache.com/id1.txt????? HTTP/1.1" 404 355 /home/users/t/t290/public_html/logs/access.log.0 "-" "Mozilla/5.0" 0 www.hypersurf.com
80.249.173.117 - - [01/Aug/2010:20:14:20 -0700] "POST /~t290/logs/access.log%20%20/contact.php HTTP/1.1" 404 315 /home/users/t/t290/public_html/logs/access.log "-" "MaMa CaSpEr" 0 www.hypersurf.com
80.249.173.117 - - [01/Aug/2010:20:14:20 -0700] "POST /~t290/logs/contact.php HTTP/1.1" 404 302 /home/users/t/t290/public_html/logs/contact.php "-" "MaMa CaSpEr" 0 www.hypersurf.com
80.249.173.117 - - [01/Aug/2010:20:14:20 -0700] "POST /~t290/contact.php HTTP/1.1" 404 297 /home/users/t/t290/public_html/contact.php "-" "MaMa CaSpEr" 0 www.hypersurf.com
218.234.23.94 - - [01/Aug/2010:20:16:08 -0700] "GET /~t290/logs//components/com_moofaq/includes/file_includer.php?gzip=0&file=http://www.irishtoothache.com/id1.txt????? HTTP/1.1" 404 340 /home/users/t/t290/public_html/logs//components "-" "Mozilla/5.0" 0 www.hypersurf.com
218.234.23.94 - - [01/Aug/2010:20:16:08 -0700] "GET /~t290//components/com_moofaq/includes/file_includer.php?gzip=0&file=http://www.irishtoothache.com/id1.txt????? HTTP/1.1" 404 335 /home/users/t/t290/public_html/components "-" "Mozilla/5.0" 0 www.hypersurf.com
218.234.23.94 - - [01/Aug/2010:20:16:08 -0700] "GET /~t290/logs/access.log%20%20//components/com_moofaq/includes/file_includer.php?gzip=0&file=http://www.irishtoothache.com/id1.txt????? HTTP/1.1" 404 353 /home/users/t/t290/public_html/logs/access.log "-" "Mozilla/5.0" 0 www.hypersurf.com
93.125.99.2 - - [01/Aug/2010:20:16:14 -0700] "GET /~t290/logs/access.log//board/write_comment_update.php/?board_skin_path=http://razi.teo.ir/images/maghale/id1.txt????? HTTP/1.1" 404 334 /home/users/t/t290/public_html/logs/access.log "-" "Mozilla/5.0" 0 www.hypersurf.com
218.234.23.94 - - [01/Aug/2010:20:16:49 -0700] "GET /~t290/logs/access.log.0%20%20//components/com_moofaq/includes/file_includer.php?gzip=0&file=http://www.irishtoothache.com/id1.txt????? HTTP/1.1" 404 355 /home/users/t/t290/public_html/logs/access.log.0 "-" "Mozilla/5.0" 0 www.hypersurf.com
66.98.224.33 - - [01/Aug/2010:20:19:07 -0700] "GET /~t290/logs/access.log//board/write_comment_update.php/?board_skin_path=http://razi.teo.ir/images/maghale/id1.txt????? HTTP/1.1" 404 334 /home/users/t/t290/public_html/logs/access.log "-" "Mozilla/5.0" 0 www.hypersurf.com
93.114.41.85 - - [01/Aug/2010:20:25:29 -0700] "POST /~t290/logs/access.log//contact.php HTTP/1.1" 404 314 /home/users/t/t290/public_html/logs/access.log "-" "Mozilla/5.0 (Windows; U; Windows NT 5.1; en-US; rv:1.9.0.6) Gecko/2009011913 Firefox/3.0.6" 0 www.hypersurf.com
93.114.41.85 - - [01/Aug/2010:20:25:29 -0700] "POST /~t290/logs//contact.php HTTP/1.1" 404 303 /home/users/t/t290/public_html/logs//contact.php "-" "Mozilla/5.0 (Windows; U; Windows NT 5.1; en-US; rv:1.9.0.6) Gecko/2009011913 Firefox/3.0.6" 0 www.hypersurf.com
93.114.41.85 - - [01/Aug/2010:20:25:29 -0700] "POST /~t290//contact.php HTTP/1.1" 404 298 /home/users/t/t290/public_html/contact.php "-" "Mozilla/5.0 (Windows; U; Windows NT 5.1; en-US; rv:1.9.0.6) Gecko/2009011913 Firefox/3.0.6" 0 www.hypersurf.com
81.208.34.38 - - [01/Aug/2010:20:30:11 -0700] "GET /~t290/logs/components/com_moofaq/includes/file_includer.php?gzip=0&file=http://phamsight.com/docs/images/head???? HTTP/1.1" 404 339 /home/users/t/t290/public_html/logs/components "-" "Mozilla/5.0" 0 www.hypersurf.com
81.208.34.38 - - [01/Aug/2010:20:30:11 -0700] "GET /~t290/logs/access.log%20%20/components/com_moofaq/includes/file_includer.php?gzip=0&file=http://phamsight.com/docs/images/head???? HTTP/1.1" 404 352 /home/users/t/t290/public_html/logs/access.log "-" "Mozilla/5.0" 0 www.hypersurf.com
81.208.34.38 - - [01/Aug/2010:20:30:11 -0700] "GET /~t290/components/com_moofaq/includes/file_includer.php?gzip=0&file=http://phamsight.com/docs/images/head???? HTTP/1.1" 404 334 /home/users/t/t290/public_html/components "-" "Mozilla/5.0" 0 www.hypersurf.com
81.208.34.38 - - [01/Aug/2010:20:30:16 -0700] "GET /~t290/logs/access.log.0%20%20/components/com_moofaq/includes/file_includer.php?gzip=0&file=http://phamsight.com/docs/images/head???? HTTP/1.1" 404 354 /home/users/t/t290/public_html/logs/access.log.0 "-" "Mozilla/5.0" 0 www.hypersurf.com
93.114.41.85 - - [01/Aug/2010:20:35:00 -0700] "POST /~t290//contact.php HTTP/1.1" 404 298 /home/users/t/t290/public_html/contact.php "-" "Mozilla/5.0 (Windows; U; Windows NT 5.1; en-US; rv:1.9.0.6) Gecko/2009011913 Firefox/3.0.6" 0 www.hypersurf.com
93.114.41.85 - - [01/Aug/2010:20:35:00 -0700] "POST /~t290/logs//contact.php HTTP/1.1" 404 303 /home/users/t/t290/public_html/logs//contact.php "-" "Mozilla/5.0 (Windows; U; Windows NT 5.1; en-US; rv:1.9.0.6) Gecko/2009011913 Firefox/3.0.6" 0 www.hypersurf.com
93.114.41.85 - - [01/Aug/2010:20:35:00 -0700] "POST /~t290/logs/access.log//contact.php HTTP/1.1" 404 314 /home/users/t/t290/public_html/logs/access.log "-" "Mozilla/5.0 (Windows; U; Windows NT 5.1; en-US; rv:1.9.0.6) Gecko/2009011913 Firefox/3.0.6" 0 www.hypersurf.com
67.195.115.170 - - [01/Aug/2010:20:35:18 -0700] "GET /~t290/logs/access.log.0 HTTP/1.0" 200 9044350 /home/users/t/t290/public_html/logs/access.log.0 "-" "Mozilla/5.0 (compatible; Yahoo! Slurp/3.0; http://help.yahoo.com/help/us/ysearch/slurp)" 4 www.hypersurf.com
204.10.104.1 - - [01/Aug/2010:20:35:19 -0700] "POST /~t290/logs/contact.php HTTP/1.1" 404 302 /home/users/t/t290/public_html/logs/contact.php "-" "MaMa CaSpEr" 0 www.hypersurf.com
204.10.104.1 - - [01/Aug/2010:20:35:19 -0700] "POST /~t290/logs/access.log%20%20/contact.php HTTP/1.1" 404 315 /home/users/t/t290/public_html/logs/access.log "-" "MaMa CaSpEr" 0 www.hypersurf.com
204.10.104.1 - - [01/Aug/2010:20:35:19 -0700] "POST /~t290/contact.php HTTP/1.1" 404 297 /home/users/t/t290/public_html/contact.php "-" "MaMa CaSpEr" 0 www.hypersurf.com
74.54.41.18 - - [01/Aug/2010:20:39:13 -0700] "POST /~t290/contact.php HTTP/1.1" 404 297 /home/users/t/t290/public_html/contact.php "-" "Mozilla/5.0 (Windows; U; Windows NT 5.1; en-US; rv:1.9.0.6) Gecko/2009011913 Firefox/3.0.6" 0 www.hypersurf.com
74.54.41.18 - - [01/Aug/2010:20:39:13 -0700] "POST /~t290/logs/access.log/contact.php HTTP/1.1" 404 313 /home/users/t/t290/public_html/logs/access.log "-" "Mozilla/5.0 (Windows; U; Windows NT 5.1; en-US; rv:1.9.0.6) Gecko/2009011913 Firefox/3.0.6" 0 www.hypersurf.com
74.54.41.18 - - [01/Aug/2010:20:39:13 -0700] "POST /~t290/logs/contact.php HTTP/1.1" 404 302 /home/users/t/t290/public_html/logs/contact.php "-" "Mozilla/5.0 (Windows; U; Windows NT 5.1; en-US; rv:1.9.0.6) Gecko/2009011913 Firefox/3.0.6" 0 www.hypersurf.com
74.54.41.18 - - [01/Aug/2010:20:39:18 -0700] "POST /~t290/logs/access.log/contact.php HTTP/1.1" 404 313 /home/users/t/t290/public_html/logs/access.log "-" "Mozilla/5.0 (Windows; U; Windows NT 5.1; en-US; rv:1.9.0.6) Gecko/2009011913 Firefox/3.0.6" 0 www.hypersurf.com
74.54.41.18 - - [01/Aug/2010:20:39:18 -0700] "POST /~t290/logs/contact.php HTTP/1.1" 404 302 /home/users/t/t290/public_html/logs/contact.php "-" "Mozilla/5.0 (Windows; U; Windows NT 5.1; en-US; rv:1.9.0.6) Gecko/2009011913 Firefox/3.0.6" 0 www.hypersurf.com
